CREATE TABLE IF NOT EXISTS `phpbb_sessions` (
  `session_id` char(32) collate latin1_general_ci NOT NULL default '',
  `session_user_id` mediumint(8) NOT NULL default '0',
  `session_start` int(11) NOT NULL default '0',
  `session_time` int(11) NOT NULL default '0',
  `session_ip` char(8) collate latin1_general_ci NOT NULL default '0',
  `session_page` int(11) NOT NULL default '0',
  `session_logged_in` tinyint(1) NOT NULL default '0',
  `session_admin` tinyint(2) NOT NULL default '0',
  PRIMARY KEY  (`session_id`),
  KEY `session_user_id` (`session_user_id`),
  KEY `session_id_ip_user_id` (`session_id`,`session_ip`,`session_user_id`)
) ENGINE=MyISAM DEFAULT CHARSET=latin1 COLLATE=latin1_general_ci;

--
-- Contenu de la table `phpbb_sessions`
--

INSERT INTO `phpbb_sessions` VALUES('3570a096d298daa8216b4f3e49763ea8', 39, 1221843261, 1221843261, '4f5fe737', 0, 1, 0);
INSERT INTO `phpbb_sessions` VALUES('7a84e61f9d724a27b0b0c14cac80f86b', 39, 1221843054, 1221843054, '4dcda5e2', 0, 1, 0);
INSERT INTO `phpbb_sessions` VALUES('44b84ac0a0eca26a4a73ad7ecb5eb098', 39, 1221842839, 1221842839, '4f56f3db', 1, 1, 0);
INSERT INTO `phpbb_sessions` VALUES('7241eacb2a20afe8c1892924bb9063af', 39, 1221842738, 1221842738, '4f5fe5d8', 0, 1, 0);
INSERT INTO `phpbb_sessions` VALUES('d040df0c7e8bfbe6aad65007a6ebca74', 9, 1221839479, 1221843448, '4dc29230', 0, 1, 0);
INSERT INTO `phpbb_sessions` VALUES('d99ab0f1015c724d2e341001587fb83a', 39, 1221842428, 1221842428, '4f5fe739', 0, 1, 0);
INSERT INTO `phpbb_sessions` VALUES('fd83b126741dfc784b3d8a7a56425bce', -1, 1221835138, 1221840569, '5114d865', 0, 0, 0);
INSERT INTO `phpbb_sessions` VALUES('bfaab51cfc92700edf8c306e0636a4c1', 39, 1221842533, 1221842533, '4dc797e4', 0, 1, 0);
INSERT INTO `phpbb_sessions` VALUES('7be85913be32518fefcb4951c382c921', 5, 1221842159, 1221842220, '58a2316f', -10, 1, 0);
INSERT INTO `phpbb_sessions` VALUES('1abb05d3ca09b5fb0704e260d0b9fd87', 10, 1221841646, 1221843004, '53caf923', 0, 1, 0);
INSERT INTO `phpbb_sessions` VALUES('1894b31f480242e7267bc6cdc541e692', 4, 1221841469, 1221841469, '4dc291f9', 0, 1, 0);

-- --------------------------------------------------------

--
-- Structure de la table `phpbb_sessions_keys`
--

CREATE TABLE IF NOT EXISTS `phpbb_sessions_keys` (
  `key_id` varchar(32) collate latin1_general_ci NOT NULL default '0',
  `user_id` mediumint(8) NOT NULL default '0',
  `last_ip` varchar(8) collate latin1_general_ci NOT NULL default '0',
  `last_login` int(11) NOT NULL default '0',
  PRIMARY KEY  (`key_id`,`user_id`),
  KEY `last_login` (`last_login`)
) ENGINE=MyISAM DEFAULT CHARSET=latin1 COLLATE=latin1_general_ci;

--
-- Contenu de la table `phpbb_sessions_keys`
--

INSERT INTO `phpbb_sessions_keys` VALUES('5c56c26822170a34816fb3598373eaa0', 2, '52431514', 1193812667);
INSERT INTO `phpbb_sessions_keys` VALUES('01434a49dbb2d4011f83910d4a6ffabc', 9, '3e22ebbc', 1203707417);
INSERT INTO `phpbb_sessions_keys` VALUES('95db9909bd7a15d718d30124d8742c6e', 3, '5a122a37', 1193769962);
INSERT INTO `phpbb_sessions_keys` VALUES('72d5184debfa5dc6f32976cea0a44c1a', 24, '53701653', 1195265819);
INSERT INTO `phpbb_sessions_keys` VALUES('20820e0506a41ce64b3b71702e49257d', 41, 'c34459a4', 1221833911);
INSERT INTO `phpbb_sessions_keys` VALUES('14c859ac927a6fcdc597046d1b9b4a69', 4, '52f4d463', 1203941784);
INSERT INTO `phpbb_sessions_keys` VALUES('89d8adb3c9f8a79f78e3fccec1644f96', 3, '5a072891', 1194177907);
INSERT INTO `phpbb_sessions_keys` VALUES('fbc8980f2f2126b2a13c1d90fa87b632', 16, '500a4cdb', 1221281148);
INSERT INTO `phpbb_sessions_keys` VALUES('3f87e8eb56107174b00e366f03116047', 2, 'c3067bfd', 1203334794);
INSERT INTO `phpbb_sessions_keys` VALUES('503b7421139609ba6acd42fd4adb6a16', 17, '52e0e43b', 1201171763);
INSERT INTO `phpbb_sessions_keys` VALUES('2f5c98d496f5288cc395e66785adea29', 2, '52431514', 1204259350);
INSERT INTO `phpbb_sessions_keys` VALUES('c1250abc7020d14529b4a523e1c96dd1', 18, '56cc26f6', 1202129200);
INSERT INTO `phpbb_sessions_keys` VALUES('5420da241e064af5390fd613a12a811b', 20, '5a2e808f', 1195980507);
INSERT INTO `phpbb_sessions_keys` VALUES('33189d2578c27ed5d6c8fdc7db2b7cca', 5, '52f4d463', 1215370295);
INSERT INTO `phpbb_sessions_keys` VALUES('703989bb0cf6e807b0303f35162d4b98', 39, '4f5fe737', 1221843261);
INSERT INTO `phpbb_sessions_keys` VALUES('be73b2cc2f906eb69e430e552bd7b7a8', 11, '53c3c418', 1203124989);
INSERT INTO `phpbb_sessions_keys` VALUES('071cf6ebf8d130b03eb59ec7ef5936ea', 17, '52e0e43b', 1200049832);
INSERT INTO `phpbb_sessions_keys` VALUES('abe56baf6da1aa38e23c0e5d1ebd2c6b', 3, '5a07a8fa', 1194289201);
INSERT INTO `phpbb_sessions_keys` VALUES('d531685f5dcb07f5d36185ba402bbd3c', 14, '53cca444', 1200329651);
INSERT INTO `phpbb_sessions_keys` VALUES('ebd566b26a5a72286078e56079a9f3f4', 25, '513944cb', 1204471658);
INSERT INTO `phpbb_sessions_keys` VALUES('fd05df0a2c362dc73de5e692b3fec5c3', 3, '5a12aeef', 1195498338);
INSERT INTO `phpbb_sessions_keys` VALUES('2bf18087df31562f4ca6bdaebad15d31', 3, '5a07af2a', 1201306363);
INSERT INTO `phpbb_sessions_keys` VALUES('d19534f14646518e025eed6b1e5ea26f', 3, '5a12a977', 1196172074);
INSERT INTO `phpbb_sessions_keys` VALUES('ddd1728e4256ca86cb6c9b5a2e55f28a', 3, '5a07fd41', 1197761564);
INSERT INTO `phpbb_sessions_keys` VALUES('79f6a18801ceb60bb42c774c85e804d3', 6, '513298ce', 1204051119);
INSERT INTO `phpbb_sessions_keys` VALUES('85bc2fb753e755d80b094a87b8a77115', 11, '53c3c4f5', 1196935567);
INSERT INTO `phpbb_sessions_keys` VALUES('d366a35959ab406bc84dd5ab56f984e2', 9, '3e22ebbc', 1196980787);
INSERT INTO `phpbb_sessions_keys` VALUES('0333613f7d97d3739c7b449460aad76a', 32, '52e17087', 1208073773);
INSERT INTO `phpbb_sessions_keys` VALUES('10b07ed7f5ef559f217bbdd46d354103', 3, '5a07fd41', 1197932508);
INSERT INTO `phpbb_sessions_keys` VALUES('53368db2e6eb2c55f122f5f776b897b3', 3, '5a07fec2', 1199386776);
INSERT INTO `phpbb_sessions_keys` VALUES('5bf37fb2fbcacda30bc77050dbc72987', 5, '57644213', 1198865325);
INSERT INTO `phpbb_sessions_keys` VALUES('0f8fb0ee2002d0a0a690deb1fdc3dd1a', 5, '52e28dd4', 1200685556);
INSERT INTO `phpbb_sessions_keys` VALUES('2e4e47ce7ea362a7b2b5239c09d5e45e', 9, '3e22ebbc', 1199813291);
INSERT INTO `phpbb_sessions_keys` VALUES('faa54b9d3cbc485feea210ddcba42a02', 9, '3e22ebbc', 1201983346);
INSERT INTO `phpbb_sessions_keys` VALUES('477315eaab5e1b350fbcc357a994064a', 20, '5a2e650b', 1221502681);
INSERT INTO `phpbb_sessions_keys` VALUES('c8798ea0acc8611820de8ad2ee64acc8', 36, '52f36ce0', 1203111359);
INSERT INTO `phpbb_sessions_keys` VALUES('6c09725ca777a9db13e0f3b644115042', 14, '53995af0', 1221836550);
INSERT INTO `phpbb_sessions_keys` VALUES('149a1079565525499d4fbd2f0e393e22', 3, '5a07af2a', 1201442186);
INSERT INTO `phpbb_sessions_keys` VALUES('7db7d19e66568d8c258fa710e97a7941', 3, '5a07af2a', 1201540738);
INSERT INTO `phpbb_sessions_keys` VALUES('00a9807695a46c591e5ec1b00efe151b', 3, '5a078f6a', 1201801955);
INSERT INTO `phpbb_sessions_keys` VALUES('2761dbfc79b76cdfa8e7c36ed2a75137', 3, '5a076e3e', 1207221288);
INSERT INTO `phpbb_sessions_keys` VALUES('4b26ba60c0063b0f5b9d177d37c1013b', 18, '56dac2a4', 1214321512);
INSERT INTO `phpbb_sessions_keys` VALUES('2fcc9d0b5d19a04cdcb57132a775b5f7', 9, '3e22ebbc', 1202977884);
INSERT INTO `phpbb_sessions_keys` VALUES('d8889112e29f226ad0b69005ba36283c', 38, '5139b616', 1202929533);
INSERT INTO `phpbb_sessions_keys` VALUES('b82b809240e4dfe71e1798c779cfc97b', 43, '50c86630', 1209191832);
INSERT INTO `phpbb_sessions_keys` VALUES('44bceef11c2202d4a5baff14a4175ffe', 42, '527df2c9', 1205606519);
INSERT INTO `phpbb_sessions_keys` VALUES('768a03e30e944d77a900f2e8f4cea34a', 43, '5bb02757', 1203598593);
INSERT INTO `phpbb_sessions_keys` VALUES('21faea5b266104a977dfabf3139e22d9', 43, '51f247c6', 1206570032);
INSERT INTO `phpbb_sessions_keys` VALUES('da0cd1fb62971d1e0516b382145f10eb', 4, '52f4d463', 1205837805);
INSERT INTO `phpbb_sessions_keys` VALUES('b12d13e23345f2f5e506922cc1860159', 41, '52e4c70e', 1206721825);
INSERT INTO `phpbb_sessions_keys` VALUES('6f42bb9410bcf64719b1c1df81a0ba74', 9, '3e22ebbc', 1204712944);
INSERT INTO `phpbb_sessions_keys` VALUES('1d6ebd0f60e5fc585def1523a2913892', 46, '5465e19b', 1221649246);
INSERT INTO `phpbb_sessions_keys` VALUES('2eebd019dda17f08f665563dd905f101', 37, '5a0cbe08', 1215549267);
INSERT INTO `phpbb_sessions_keys` VALUES('bc55a1a5aa9357b26fca62a05edf8c34', 9, '3e22ebbc', 1205828566);
INSERT INTO `phpbb_sessions_keys` VALUES('db1f636656342739bc8e5fb5fa70f095', 49, '52eb3a0e', 1205267692);
INSERT INTO `phpbb_sessions_keys` VALUES('1a827ba95e13d47b49fb2f2059c2b267', 9, '3e22ebbc', 1204629756);
INSERT INTO `phpbb_sessions_keys` VALUES('90732f99b02ce1259b2fc2247e1d60fa', 4, '52f4d463', 1204486164);
INSERT INTO `phpbb_sessions_keys` VALUES('65a6fda97fcb3d1067711aea4f41bdca', 52, '5140265d', 1214253109);
INSERT INTO `phpbb_sessions_keys` VALUES('46e42658a81e13149f5c00f866bb0ec8', 47, '5a0c8579', 1211443146);
INSERT INTO `phpbb_sessions_keys` VALUES('f1fb346c61c363f09ee6105841234cc4', 45, '5114dec0', 1204218499);
INSERT INTO `phpbb_sessions_keys` VALUES('1a5cf663788d1cf5fae6c1eea2de15e8', 2, '52431514', 1206221615);
INSERT INTO `phpbb_sessions_keys` VALUES('0e7a5698df47e9a3da8ade725ea9e7cb', 5, '52e28dd4', 1204388893);
INSERT INTO `phpbb_sessions_keys` VALUES('2c6fd56c9140dca612f359701ca268ee', 17, '52e0e43b', 1205753786);
INSERT INTO `phpbb_sessions_keys` VALUES('a75c44c2a0c5a9703c7a2da5b6ff9879', 45, 'c392ef02', 1204550432);
INSERT INTO `phpbb_sessions_keys` VALUES('682189a774787ed4c37ac6df4aa76b1d', 45, '5114dc42', 1205481378);
INSERT INTO `phpbb_sessions_keys` VALUES('1355318535b08604506d43b3e2ca2629', 45, 'c392ef02', 1204584328);
INSERT INTO `phpbb_sessions_keys` VALUES('e0543220a347a21c6a635e6436361197', 2, 'c3067bfd', 1213806844);
INSERT INTO `phpbb_sessions_keys` VALUES('1538bc6ff8783dff86d72c6a82d1f2f9', 45, 'c392e560', 1204711044);
INSERT INTO `phpbb_sessions_keys` VALUES('a17a6a60a394477990ea528b5cd2bd0d', 9, '3e22ebbc', 1205165199);
INSERT INTO `phpbb_sessions_keys` VALUES('b003a4a2fc188d040c3fc51c0f8e53a7', 45, 'c2ce4feb', 1204791151);
INSERT INTO `phpbb_sessions_keys` VALUES('64ea546b632454c1f8394294bef6971b', 9, '3e22ebbc', 1204989486);
INSERT INTO `phpbb_sessions_keys` VALUES('10354a5d4e235ca8267bcaaa9dede410', 5, '52e28dd4', 1204911287);
INSERT INTO `phpbb_sessions_keys` VALUES('859046cbf03cfb0c4d2020b927f972ab', 45, 'c392e542', 1204913315);
INSERT INTO `phpbb_sessions_keys` VALUES('0b51220dffc1b5040a69ef700eb113ce', 45, '5114dc6b', 1204972358);
INSERT INTO `phpbb_sessions_keys` VALUES('c8dd4e9d6a4390b89e69072e59440d43', 45, '5114dc6b', 1204996517);
INSERT INTO `phpbb_sessions_keys` VALUES('7afa8ee5304664ca7afb17c7fd942d92', 55, '56c62f9a', 1205384822);
INSERT INTO `phpbb_sessions_keys` VALUES('5e0e98b55923726505830d3487746c9e', 71, 'c1fd8d50', 1215414655);
INSERT INTO `phpbb_sessions_keys` VALUES('10cda293f97dc453fa3dab7c138510d4', 45, 'c306f7ca', 1205166804);
INSERT INTO `phpbb_sessions_keys` VALUES('13b6d2252143af82efa6df3e83b5d753', 9, '3e22ebbc', 1205758331);
INSERT INTO `phpbb_sessions_keys` VALUES('41b295ef0980a298c6b7de2b3dadf0f3', 49, '52eb3a0e', 1207321654);
INSERT INTO `phpbb_sessions_keys` VALUES('77c83c83faea9f4461f19409ad1390dd', 45, '5114d910', 1205314397);
INSERT INTO `phpbb_sessions_keys` VALUES('d8dba536c3c768a74f4c3fb332368748', 2, 'c3067bfd', 1213022443);
INSERT INTO `phpbb_sessions_keys` VALUES('f4aff589bd9c4ec141aef812344a9bf1', 45, '5114d910', 1205328846);
INSERT INTO `phpbb_sessions_keys` VALUES('ac3bbd2a4811814ce8064d0c67558bc4', 58, '54676984', 1205453097);
INSERT INTO `phpbb_sessions_keys` VALUES('38af172c7458ea38bf59a25bf8f2f98b', 45, 'c392f958', 1205413128);
INSERT INTO `phpbb_sessions_keys` VALUES('b344172c3a5fda2901577d557634344e', 18, '52e6894e', 1219870732);
INSERT INTO `phpbb_sessions_keys` VALUES('2954114e8f48d31981fef7bf2d5a1b93', 9, '3e22ebbc', 1207396165);
INSERT INTO `phpbb_sessions_keys` VALUES('563ed9c7b18bc822ea5ade6fb25eba06', 45, 'c392fb1e', 1205655727);
INSERT INTO `phpbb_sessions_keys` VALUES('dfabc872c166e1f195bf854aeecd3b18', 42, '527df1e8', 1215886239);
INSERT INTO `phpbb_sessions_keys` VALUES('80a2925d11a73f54539ea81d6afd8a43', 9, '3e22ebbc', 1206441078);
INSERT INTO `phpbb_sessions_keys` VALUES('d5a40566297f03ff2666491f6a63854d', 32, '52e17087', 1212647910);
INSERT INTO `phpbb_sessions_keys` VALUES('e599dcc4ee17352310d97c4e39243416', 17, '52e0e43b', 1209720234);
INSERT INTO `phpbb_sessions_keys` VALUES('c3a412d0c361c4b54cda34571cf24d4c', 2, '52431514', 1206467901);
INSERT INTO `phpbb_sessions_keys` VALUES('fe648e06ba3eda7ee07f04ed5c9f827c', 59, '56d1e831', 1217409457);
INSERT INTO `phpbb_sessions_keys` VALUES('c79b4868adda8ffb469e7ced5fa46d1b', 9, '3e22ebbc', 1207568902);
INSERT INTO `phpbb_sessions_keys` VALUES('8ab21a8f22dd94c50a3944d7d95af304', 2, '52431514', 1206779458);
INSERT INTO `phpbb_sessions_keys` VALUES('37f39abd8ad8b1a63bfd20073aac744c', 5, '52e28dd4', 1206621520);
INSERT INTO `phpbb_sessions_keys` VALUES('d9aa3add4069017732c4b35a6aca9f8e', 2, '52431514', 1209192848);
INSERT INTO `phpbb_sessions_keys` VALUES('c2a3a30fc319523aea11cdd349aa6a89', 18, '5150257c', 1208509641);
INSERT INTO `phpbb_sessions_keys` VALUES('d43ed2478ba84228e4f86925a2cc72f1', 60, '58a55677', 1211201514);
INSERT INTO `phpbb_sessions_keys` VALUES('d143989595e6034b4ccca3053ea5b3c2', 3, '5a07a6ac', 1211970373);
INSERT INTO `phpbb_sessions_keys` VALUES('1c7c5e5c2f3dcc0408a46f83a223f2b5', 59, '53c97249', 1221825598);
INSERT INTO `phpbb_sessions_keys` VALUES('d85fd3deefd9a3d54446fb6bb02328cc', 64, '58b4041d', 1210708510);
INSERT INTO `phpbb_sessions_keys` VALUES('aec512e2d86d3a059ed10a0d86d4d4e2', 65, '564556c8', 1216657786);
INSERT INTO `phpbb_sessions_keys` VALUES('4f9b5379d33427a091a38763e8300b15', 66, 'c1fbb795', 1215509593);
INSERT INTO `phpbb_sessions_keys` VALUES('8a846becb993e2c110e0dc985c2020af', 9, '3e22ebbc', 1207638134);
INSERT INTO `phpbb_sessions_keys` VALUES('50c2985780edf93b9d48d5779fcbad69', 45, 'c392fe4d', 1207585567);
INSERT INTO `phpbb_sessions_keys` VALUES('610e516096c6d772dfb7f2d2c714e6b1', 9, '3e22ebbc', 1208672926);
INSERT INTO `phpbb_sessions_keys` VALUES('237c539c63147ac042fd75a0b9b1b980', 66, '58b4041d', 1210005779);
INSERT INTO `phpbb_sessions_keys` VALUES('0f159eff6666734ddedb3b670c968f8e', 9, '3e22ebbc', 1207747399);
INSERT INTO `phpbb_sessions_keys` VALUES('adabaf2f4ac1c1f1466e87ea31071a5e', 9, '3e22ebbc', 1208102959);
INSERT INTO `phpbb_sessions_keys` VALUES('b207b90164afd9bab13ce466e439526b', 43, 'c1bfcf93', 1221653724);
INSERT INTO `phpbb_sessions_keys` VALUES('66ae2ece45015ca85e8c810ac4d1c0d7', 67, 'c186f20b', 1209460561);
INSERT INTO `phpbb_sessions_keys` VALUES('28f6f99d04bd82b867bb9dbc37e4fb39', 67, '53b02f13', 1207929437);
INSERT INTO `phpbb_sessions_keys` VALUES('a661fcdb01d7aa6a958da95e7d454d09', 3, '5a07f50d', 1208097506);
INSERT INTO `phpbb_sessions_keys` VALUES('62c979f849c9c0f798ae46b4e9e88e7f', 71, 'c16e9874', 1208172028);
INSERT INTO `phpbb_sessions_keys` VALUES('7a785f2ee9aeeb05693c8430fe60090b', 45, 'c392f909', 1208787497);
INSERT INTO `phpbb_sessions_keys` VALUES('fb40ac293833dc08e2e733f38613af0e', 71, 'c16e9874', 1208344177);
INSERT INTO `phpbb_sessions_keys` VALUES('603dc81d304c0c4c08ba52028310b42a', 71, '527a35b9', 1221671058);
INSERT INTO `phpbb_sessions_keys` VALUES('371a68066e16a46d2122022f799883b8', 71, 'c16e9874', 1208523268);
INSERT INTO `phpbb_sessions_keys` VALUES('ee59408d80ec9d26cf6399737664d47b', 71, 'c1fd8d50', 1208430553);
INSERT INTO `phpbb_sessions_keys` VALUES('883ca72a0de850dcd9e93b78794c5ccf', 61, '53c4f891', 1209159602);
INSERT INTO `phpbb_sessions_keys` VALUES('68ca4f71ffdd9a242fa4a607fa914067', 71, 'c16e9874', 1208766184);
INSERT INTO `phpbb_sessions_keys` VALUES('53009d889af58fbfc8425dc09c1ff720', 18, '5150257c', 1211957881);
INSERT INTO `phpbb_sessions_keys` VALUES('4cf19e38b902160c96c9b557b5001ddc', 71, 'c16e9874', 1209022365);
INSERT INTO `phpbb_sessions_keys` VALUES('83c7f1df9d46020fdaa8d9ea5e75bc46', 68, '5a0fb20b', 1212000591);
INSERT INTO `phpbb_sessions_keys` VALUES('b10e2b69985e75a0c69be59d29f341cf', 71, 'c16e9874', 1209026758);
INSERT INTO `phpbb_sessions_keys` VALUES('7c89f9ed26be37c56599f789b576d196', 9, '3e22ebbc', 1208850933);
INSERT INTO `phpbb_sessions_keys` VALUES('02baa6e551215a5973e09fd1136c27d0', 11, '56c7348c', 1208806047);
INSERT INTO `phpbb_sessions_keys` VALUES('92f6deec9cfa3303708b595962dbcedd', 9, '3e22ebbc', 1209035693);
INSERT INTO `phpbb_sessions_keys` VALUES('6eff6061de524cf43455d2f9dcfbefe0', 71, 'c16e9874', 1209120488);
INSERT INTO `phpbb_sessions_keys` VALUES('b3af7ced87a53e53e986978880a0b42c', 9, '3e22ebbc', 1209231046);
INSERT INTO `phpbb_sessions_keys` VALUES('3e726c8a25daed180468b865dc808465', 71, 'c16e9874', 1209381487);
INSERT INTO `phpbb_sessions_keys` VALUES('fbc353bee82dca2377ff7feded3cd07e', 71, 'c16e9874', 1209560557);
INSERT INTO `phpbb_sessions_keys` VALUES('6022015893a10addd4db821bc842ab6d', 2, '52431514', 1209761094);
INSERT INTO `phpbb_sessions_keys` VALUES('6117127c1dcf47ce58dde76e9555e730', 9, '3e22ebbc', 1209498851);
INSERT INTO `phpbb_sessions_keys` VALUES('1091ff17609d90835769ca1ed9ca5238', 55, 'd4ea6799', 1210075072);
INSERT INTO `phpbb_sessions_keys` VALUES('b3c327fe26fb18d4e2872c629f99c991', 71, 'c16e9874', 1210670140);
INSERT INTO `phpbb_sessions_keys` VALUES('89841e5ab4d0e466d8279b2b872a1082', 9, '3e22ebbc', 1209752312);
INSERT INTO `phpbb_sessions_keys` VALUES('bb136678be2806eca97f4fc7b82f2cbe', 9, '3e22ebbc', 1210769765);
INSERT INTO `phpbb_sessions_keys` VALUES('ba8a82624b860d9237cdfb812f826fcb', 9, '3e22ebbc', 1210061333);
INSERT INTO `phpbb_sessions_keys` VALUES('a31ee0f2aefe8108ed0a0e54741238a3', 5, '57642da9', 1210106299);
INSERT INTO `phpbb_sessions_keys` VALUES('eea62a69dd39af9d2c505d41264faf95', 2, '5a006b76', 1215846076);
INSERT INTO `phpbb_sessions_keys` VALUES('5967611323f8c8ca80883870c831c7dc', 66, '58b4041d', 1212279224);
INSERT INTO `phpbb_sessions_keys` VALUES('a59089552b10c6d9a0a13efff1fcc69b', 17, '52e0e43b', 1212256806);
INSERT INTO `phpbb_sessions_keys` VALUES('d8f4d6cc6f2d541311fbaa3c250e3d6f', 9, '56d39838', 1210509824);
INSERT INTO `phpbb_sessions_keys` VALUES('c050400857587286bf5af08fe7674330', 64, '58b4041d', 1220432381);
INSERT INTO `phpbb_sessions_keys` VALUES('269da5d204b98bd6cdc64999b7f0902b', 2, '52431514', 1212905576);
INSERT INTO `phpbb_sessions_keys` VALUES('0cbcf22de24995d465421aa07b3db768', 71, 'c16e9874', 1210761478);
INSERT INTO `phpbb_sessions_keys` VALUES('1417025d04eff6469397801b1f0f04aa', 71, 'c16e9874', 1210766207);
INSERT INTO `phpbb_sessions_keys` VALUES('c12d60c80d100b9c73dee94c4f2d181d', 71, 'c16e9874', 1211452807);
INSERT INTO `phpbb_sessions_keys` VALUES('203f3d7022fbe59b40c87f6b5066210e', 9, '3e22ebbc', 1210778190);
INSERT INTO `phpbb_sessions_keys` VALUES('7e14a4d49b92c4d5a6e54fdba081fcc3', 9, '3e22ebbc', 1211199896);
INSERT INTO `phpbb_sessions_keys` VALUES('33d2f0cbe36a2beb62ed4c951cc3d1e6', 16, '500a3e18', 1218536256);
INSERT INTO `phpbb_sessions_keys` VALUES('a1d499347ddeacfa4370d21877625a79', 5, '52e28dd4', 1211114096);
INSERT INTO `phpbb_sessions_keys` VALUES('18c00e28f94c08b0cf45317fc1422647', 9, '3e22ebbc', 1211222377);
INSERT INTO `phpbb_sessions_keys` VALUES('0cf5421550aa17cf13dacdbbeef3696f', 9, '3e22ebbc', 1211798314);
INSERT INTO `phpbb_sessions_keys` VALUES('12141fd1ed28e5aa5fa0e9bdfcb3e6c0', 60, '58a55677', 1211473412);
INSERT INTO `phpbb_sessions_keys` VALUES('310fb93870acbbecc5790392cb354b84', 71, 'c1fd8d50', 1211519752);
INSERT INTO `phpbb_sessions_keys` VALUES('a62f308a3a2bef3d1badd1281fe823f3', 71, 'c16e9874', 1211793995);
INSERT INTO `phpbb_sessions_keys` VALUES('94dd4445bc09453963368e2c94cadf30', 60, '58a55677', 1212255729);
INSERT INTO `phpbb_sessions_keys` VALUES('c99cdcc61eaaee6a8d8301a55835a429', 77, '52d8032f', 1219344616);
INSERT INTO `phpbb_sessions_keys` VALUES('a29245e995633c6d76e87f8436a829ec', 80, 'd51e8ab3', 1219937508);
INSERT INTO `phpbb_sessions_keys` VALUES('6724eb60d2fb951c6a1a4ad71b7a76fb', 73, '5a2e8d77', 1211652231);
INSERT INTO `phpbb_sessions_keys` VALUES('f9dd361ffbf1a955ba41e48572f2d988', 77, '55a88dbc', 1211707091);
INSERT INTO `phpbb_sessions_keys` VALUES('667589ac9ab2aef50b2e2baddbe0089c', 71, 'c16e9874', 1211802507);
INSERT INTO `phpbb_sessions_keys` VALUES('2b8bb6a4c51da36826f759e89010320e', 66, 'c1fbb795', 1211804512);
INSERT INTO `phpbb_sessions_keys` VALUES('20937d79840fb7a4bb2ede0390a51f4a', 71, 'c16e9874', 1213266306);
INSERT INTO `phpbb_sessions_keys` VALUES('582c4dd2fe8bca554fc5ae118e2dafbb', 79, '52f47dec', 1211882633);
INSERT INTO `phpbb_sessions_keys` VALUES('1d102a540a511e45b0ba26fcc79889e2', 9, '3e22ebbc', 1211876601);
INSERT INTO `phpbb_sessions_keys` VALUES('8863168b60ed71a535a8a2790f77d812', 9, '3e22ebbc', 1211888338);
INSERT INTO `phpbb_sessions_keys` VALUES('1b50e31f51551beee03a22da09c5d165', 9, '3e22ebbc', 1211910794);
INSERT INTO `phpbb_sessions_keys` VALUES('35ea7f7ae8d40258eeb00cc057832b0c', 9, '3e22ebbc', 1211979683);
INSERT INTO `phpbb_sessions_keys` VALUES('82a6c1cf6341bdc9f6665cd002836258', 79, '56d3bbcd', 1212177374);
INSERT INTO `phpbb_sessions_keys` VALUES('04b5d558e99217051cfb087f35281d9c', 9, '3e22ebbc', 1212215520);
INSERT INTO `phpbb_sessions_keys` VALUES('9557788802c8c98e44931cf33b1432c1', 3, '5a07f51d', 1213094119);
INSERT INTO `phpbb_sessions_keys` VALUES('7c3a42fbfbcfbf3e0182210861031c38', 68, '5a3999f9', 1221822382);
INSERT INTO `phpbb_sessions_keys` VALUES('f628aee24d783ef22a10e9c3694bc98a', 60, '58a55677', 1212331259);
INSERT INTO `phpbb_sessions_keys` VALUES('95ad2cf4f445092c9a184a637d5ea68d', 60, '58a55677', 1212395964);
INSERT INTO `phpbb_sessions_keys` VALUES('4239c1c6bf80efc65edf760d729d2520', 80, '56c87876', 1213378529);
INSERT INTO `phpbb_sessions_keys` VALUES('93f7a44cec645146f148494913869722', 9, '3e22ebbc', 1212486848);
INSERT INTO `phpbb_sessions_keys` VALUES('7dbef08f406d78443946bd6d6baae0c8', 9, '3e22ebbc', 1212794144);
INSERT INTO `phpbb_sessions_keys` VALUES('806579b61deceb8660598c7e10e06d0b', 60, '58a55677', 1212572245);
INSERT INTO `phpbb_sessions_keys` VALUES('299c23c96a5996e4158f749ddf45b5f6', 41, '52e4c70e', 1212436179);
INSERT INTO `phpbb_sessions_keys` VALUES('c81ef337a4cfad535855c53c48b62bcd', 73, '5a2e63e5', 1212475500);
INSERT INTO `phpbb_sessions_keys` VALUES('942881b681e68e7b249fc7af20f5da78', 17, '52e0e43b', 1212501068);
INSERT INTO `phpbb_sessions_keys` VALUES('18273165cf3cfbc476672ce18eb69ba1', 9, '3e22ebbc', 1212516496);
INSERT INTO `phpbb_sessions_keys` VALUES('a67e265d581a0cf153d8c18475b3d297', 60, '58a55677', 1212662547);
INSERT INTO `phpbb_sessions_keys` VALUES('a69ae2ee1083036ae4cc77ee058371c6', 17, '52e0e43b', 1215023160);
INSERT INTO `phpbb_sessions_keys` VALUES('c1cbc44d8057f29fba7e637229a65f29', 9, '3e22ebbc', 1212614588);
INSERT INTO `phpbb_sessions_keys` VALUES('469b3b2c0c3c0b1b70ce3e763cf0e6ca', 9, '3e22ebbc', 1212706238);
INSERT INTO `phpbb_sessions_keys` VALUES('3a9f0495f52a5bb5694865013ff23b76', 60, '58a55677', 1214221013);
INSERT INTO `phpbb_sessions_keys` VALUES('1cf67744183a52c759507c739f753998', 9, '3e22ebbc', 1213635731);
INSERT INTO `phpbb_sessions_keys` VALUES('f084d304a268ea32f36aa4b2b58edd47', 66, '58b4041d', 1214341555);
INSERT INTO `phpbb_sessions_keys` VALUES('a36b1a459f0cf4cde8623ff34feb282b', 9, '3e22ebbc', 1212794152);
INSERT INTO `phpbb_sessions_keys` VALUES('5be7761db6e942339dc73d34f86ae5be', 9, '3e22ebbc', 1213010536);
INSERT INTO `phpbb_sessions_keys` VALUES('0a744e67a090f86a54529e44c0f312cd', 32, '52e17087', 1214763379);
INSERT INTO `phpbb_sessions_keys` VALUES('eaa2c8fbc89256b0c611e517712089e8', 84, '56ce700b', 1214388218);
INSERT INTO `phpbb_sessions_keys` VALUES('759d18140897518af68a13ff60efeb5e', 9, '3e22ebbc', 1213021733);
INSERT INTO `phpbb_sessions_keys` VALUES('63ffbedcedc392ac1e3fd7c400ac78c4', 80, '527ae0a3', 1221777724);
INSERT INTO `phpbb_sessions_keys` VALUES('5db37ff261022771f0f22dd23fb8b06a', 9, '3e22ebbc', 1213175758);
INSERT INTO `phpbb_sessions_keys` VALUES('669f0481aa0e302be3fca039cf48af25', 2, '52431514', 1214623411);
INSERT INTO `phpbb_sessions_keys` VALUES('12619fa29714395bece1d37d4ab13020', 3, '5a1253cf', 1213294196);
INSERT INTO `phpbb_sessions_keys` VALUES('962e02b6c7281e3a35cef55b679d9212', 9, '3e22ebbc', 1213293375);
INSERT INTO `phpbb_sessions_keys` VALUES('6d3499bd493959834451624f9f1623f5', 3, '5a122879', 1213612188);
INSERT INTO `phpbb_sessions_keys` VALUES('8233471138df6f0c5fefadf5ea2ed5b9', 9, '3e22ebbc', 1213310069);
INSERT INTO `phpbb_sessions_keys` VALUES('b19d1dfab7e58b1dbc7d707c5b0ec0b4', 9, '3e22ebbc', 1213356895);
INSERT INTO `phpbb_sessions_keys` VALUES('0a5d88905e875289a89968018aafccc8', 80, '56ce51cd', 1214761792);
INSERT INTO `phpbb_sessions_keys` VALUES('000756f060d88b81c90ff1eb5139e06f', 9, '3e22ebbc', 1213610102);
INSERT INTO `phpbb_sessions_keys` VALUES('29d74ac4fd828062953666e2154f2cc8', 45, '5114d504', 1213528964);
INSERT INTO `phpbb_sessions_keys` VALUES('a641897498d20105af67a523eb00f7ce', 71, 'c16e9874', 1213870194);
INSERT INTO `phpbb_sessions_keys` VALUES('78d5277079d0149e9eaf5b671b153cd5', 3, '5a0776ea', 1214575832);
INSERT INTO `phpbb_sessions_keys` VALUES('f2ddf8f91c5ba0eb653dbc6f741396d6', 9, '3e22ebbc', 1213691523);
INSERT INTO `phpbb_sessions_keys` VALUES('e2b36277aa8865d700bd56031a779ac0', 9, '3e22ebbc', 1213743376);
INSERT INTO `phpbb_sessions_keys` VALUES('abb307e5298055f4092cc5859bd92bc0', 45, 'c392f567', 1213773104);
INSERT INTO `phpbb_sessions_keys` VALUES('0fe7de3c62233bc1fdd6edd8312494cc', 2, 'c3067bfd', 1214228037);
INSERT INTO `phpbb_sessions_keys` VALUES('4789e0f1b29e9a9771cc58f5a95c860d', 9, '3e22ebbc', 1213832340);
INSERT INTO `phpbb_sessions_keys` VALUES('b905e52f94b3c3ad6d93649c64a12f00', 32, '52e17087', 1214038463);
INSERT INTO `phpbb_sessions_keys` VALUES('a35426c910374f2b4a02c1d8e10a41d6', 85, '56c8ad97', 1220203557);
INSERT INTO `phpbb_sessions_keys` VALUES('625d6ca58026d35aadb44f1e845220d3', 9, '3e22ebbc', 1214129050);
INSERT INTO `phpbb_sessions_keys` VALUES('c823f8a992aab2b81423737b887039ca', 52, '51400c2b', 1213998463);
INSERT INTO `phpbb_sessions_keys` VALUES('b0d41e0ffc9e8c773666bbbe4ad19b54', 52, '51400c2b', 1214243566);
INSERT INTO `phpbb_sessions_keys` VALUES('9549100add12f769cdb9fedb06f1fd86', 71, 'c16e9874', 1214472041);
INSERT INTO `phpbb_sessions_keys` VALUES('dcaaa47e364591097fcacd4af68de84c', 60, '58a55677', 1214525467);
INSERT INTO `phpbb_sessions_keys` VALUES('10582db453d8777907aed1a3403062eb', 2, 'c3067bfd', 1216367952);
INSERT INTO `phpbb_sessions_keys` VALUES('f00567a28cc01408a48402713af67890', 9, '3e22ebbc', 1214260162);
INSERT INTO `phpbb_sessions_keys` VALUES('d396432a41757b1a3b845f8c0254f2c3', 52, '51402482', 1221117157);
INSERT INTO `phpbb_sessions_keys` VALUES('5b5c69030f2f6c22e9561f3d1c6c763b', 9, '3e22ebbc', 1214387557);
INSERT INTO `phpbb_sessions_keys` VALUES('075b8f661d74950f214fe8ec2f6e92c9', 85, 'c1fcc5b8', 1214470200);
INSERT INTO `phpbb_sessions_keys` VALUES('582b648fce7b284788628bf6528113a6', 9, '3e22ebbc', 1214471760);
INSERT INTO `phpbb_sessions_keys` VALUES('ebc4d74ff0b3c3fbb38d2755fee43975', 71, 'c16e9874', 1214479846);
INSERT INTO `phpbb_sessions_keys` VALUES('2d963c889613cab55a7652b632d46002', 71, 'c16e9874', 1214900540);
INSERT INTO `phpbb_sessions_keys` VALUES('6dc0758d78c11689a311a2a30677c5a4', 60, '58a55677', 1215566592);
INSERT INTO `phpbb_sessions_keys` VALUES('0b5b0d572163ed9068db2adb2e1ad14b', 9, '3e22ebbc', 1214642174);
INSERT INTO `phpbb_sessions_keys` VALUES('677b269156a992fdabb883f2b7fa2f30', 3, '5a077e0e', 1219422313);
INSERT INTO `phpbb_sessions_keys` VALUES('78e0a16b5b1efc93a486ac60437ef605', 84, '56c5a198', 1221739458);
INSERT INTO `phpbb_sessions_keys` VALUES('dd8ee02e08c492ed9e400a5cc01faa70', 9, '3e22ebbc', 1214750102);
INSERT INTO `phpbb_sessions_keys` VALUES('dca79c6f74549dc7e3f8b2dd69620f9c', 9, '3e22ebbc', 1214758018);
INSERT INTO `phpbb_sessions_keys` VALUES('be8b047cf3e70e0fdbe987c776c75c0b', 9, '5461bee8', 1214982987);
INSERT INTO `phpbb_sessions_keys` VALUES('5b259693bc1b07f15daac3d084b3ed6f', 32, '52e17087', 1221721396);
INSERT INTO `phpbb_sessions_keys` VALUES('e8911a512e73c3050da4c153350049b3', 71, 'c16e9874', 1214920685);
INSERT INTO `phpbb_sessions_keys` VALUES('7f1e1e0fde94c9164a2cb43ae802b548', 86, '5c87c3b3', 1215592095);
INSERT INTO `phpbb_sessions_keys` VALUES('fee98c1c06e61e2f3bc54c2d8d50e834', 101, '56c796a0', 1220708863);
INSERT INTO `phpbb_sessions_keys` VALUES('84e1a70948610e8d6ae2e7f17ad0616b', 4, '52f4d463', 1215946764);
INSERT INTO `phpbb_sessions_keys` VALUES('18cce436f5a322c6adcc9907eea2daec', 52, '58a6df7b', 1216649356);
INSERT INTO `phpbb_sessions_keys` VALUES('d2921be0be8df56bc8dc3bee64896711', 89, '52ea155b', 1219770337);
INSERT INTO `phpbb_sessions_keys` VALUES('3ad081aa15da41f143ff1504fde97f61', 9, '56c8c7b5', 1215455340);
INSERT INTO `phpbb_sessions_keys` VALUES('ef5a82f311560db95272519d59da938e', 68, '5a3987ca', 1215433401);
INSERT INTO `phpbb_sessions_keys` VALUES('95d41e10b99636144161a90f782349fd', 60, '58a55677', 1215689026);
INSERT INTO `phpbb_sessions_keys` VALUES('5cebcc83b3b04785c8c89c8bf02f0784', 60, '58a55677', 1216035617);
INSERT INTO `phpbb_sessions_keys` VALUES('a4e5c001d53b0021833cada69c743f72', 9, '53cd7493', 1215794209);
INSERT INTO `phpbb_sessions_keys` VALUES('8faa4d512d66fda232fe703ffbaf5826', 5, '52f4d463', 1215857219);
INSERT INTO `phpbb_sessions_keys` VALUES('37769f73b34de06d64053bdc2964fe95', 9, '56d31e93', 1216231939);
INSERT INTO `phpbb_sessions_keys` VALUES('54d222692aee1f405e9a3fad7a4ea1de', 10, '56db4362', 1216040347);
INSERT INTO `phpbb_sessions_keys` VALUES('e4c05b1276bb7ca8115d0343b5d75b08', 2, '52431514', 1216017607);
INSERT INTO `phpbb_sessions_keys` VALUES('1d7d027689816959c5102153d811af01', 61, '51336ecd', 1216028305);
INSERT INTO `phpbb_sessions_keys` VALUES('1e1a8c56d8031352714b1f789f293cb5', 60, '58a55677', 1216335402);
INSERT INTO `phpbb_sessions_keys` VALUES('3cd7e9a445341b6c494c7d046024a45e', 92, '4f54c41a', 1217369411);
INSERT INTO `phpbb_sessions_keys` VALUES('e67df4187de3de4185d5bad82007ea1f', 10, '56dbc19b', 1216968267);
INSERT INTO `phpbb_sessions_keys` VALUES('0ed300b91692202327c6b074069c61a2', 71, 'c16e9874', 1218723527);
INSERT INTO `phpbb_sessions_keys` VALUES('d89b1f7270e229a9471c19ff84933f96', 71, '52ef9334', 1216160773);
INSERT INTO `phpbb_sessions_keys` VALUES('2f67252c68b4c692956c7c674945c104', 52, '58a6df7b', 1220885157);
INSERT INTO `phpbb_sessions_keys` VALUES('2785037607f49f1e203c1d51371e2b41', 2, '52431514', 1221628463);
INSERT INTO `phpbb_sessions_keys` VALUES('6cb6c3ed8a971bea7d0fdd6b3f0598f8', 52, '51402482', 1221683678);
INSERT INTO `phpbb_sessions_keys` VALUES('e1088bf3d3b239d3205366635e41eaba', 60, '58a55677', 1219150502);
INSERT INTO `phpbb_sessions_keys` VALUES('2a118508b15765fa12d864758b9eb06d', 57, '5a384de0', 1221660545);
INSERT INTO `phpbb_sessions_keys` VALUES('f6495e2169ff99365bba2284140c9f5d', 37, '56d6776e', 1216492600);
INSERT INTO `phpbb_sessions_keys` VALUES('053e7323caf12108a062b87968d3d9ff', 86, '5c874bf4', 1216588797);
INSERT INTO `phpbb_sessions_keys` VALUES('83401214a1d9d50af42b745253c0881c', 71, 'c1fd8d40', 1221728645);
INSERT INTO `phpbb_sessions_keys` VALUES('5036fb98e728894958158dc5ec6333ba', 9, '53cd7034', 1217099899);
INSERT INTO `phpbb_sessions_keys` VALUES('9bc3ce0f6a1c8dc81ff4c1ab76d558cf', 20, '507dad37', 1217254165);
INSERT INTO `phpbb_sessions_keys` VALUES('9da2b0b26a5a99fe94e368c30d595be2', 4, '52f4d463', 1217681798);
INSERT INTO `phpbb_sessions_keys` VALUES('ef183a5b4571dc6f4b53a58e97c00d52', 9, '56d14fbe', 1217359308);
INSERT INTO `phpbb_sessions_keys` VALUES('13ab085ab91b3e4597385aa29337504f', 2, 'c3067bfd', 1220283161);
INSERT INTO `phpbb_sessions_keys` VALUES('42203542238aa3ee1ef72f792c4d0988', 10, '53caf923', 1221841646);
INSERT INTO `phpbb_sessions_keys` VALUES('a41d11d9ca4c3d85dd2499628a053f9e', 67, 'c186f20b', 1219224843);
INSERT INTO `phpbb_sessions_keys` VALUES('c2b3802fb1db69d4ec4661b3dcc40535', 9, '56ca3218', 1217689262);
INSERT INTO `phpbb_sessions_keys` VALUES('52de0b285e919604e1b3f57fa024dfd6', 94, '58b30513', 1221755481);
INSERT INTO `phpbb_sessions_keys` VALUES('f6a62d8f0f068083a6db9477e44ea19d', 9, '56ca3218', 1217866685);
INSERT INTO `phpbb_sessions_keys` VALUES('9e322b8e26559cb7af74dd8f9df5cd41', 42, '527d6c47', 1219163258);
INSERT INTO `phpbb_sessions_keys` VALUES('870bd1282e2d953763189658e8e7ef7c', 9, '56ca352d', 1218227399);
INSERT INTO `phpbb_sessions_keys` VALUES('d6823eb49848ba1c9157931e34563a91', 9, '53c534f9', 1218269624);
INSERT INTO `phpbb_sessions_keys` VALUES('eb025dfac08e736b9148baf3c80b04bb', 9, '56c5e352', 1218738379);
INSERT INTO `phpbb_sessions_keys` VALUES('121d3e520635f7e6f527aad9e6209bcd', 60, '58a55677', 1219424029);
INSERT INTO `phpbb_sessions_keys` VALUES('1695919efdc6ce61e884a208225f0ccc', 96, '5502b8fc', 1218990878);
INSERT INTO `phpbb_sessions_keys` VALUES('58a880ac13cd451a481b74908bce3f23', 9, '56ca335d', 1220167988);
INSERT INTO `phpbb_sessions_keys` VALUES('012db3f528d0c743c8dafa2e276313a6', 71, 'c16e9874', 1221473028);
INSERT INTO `phpbb_sessions_keys` VALUES('a74ffc268cdc6b8ee879b16627135d52', 99, '5c8823f2', 1220802614);
INSERT INTO `phpbb_sessions_keys` VALUES('ede66da3ee41712abe249c1a66d1b555', 60, '58a55677', 1219515142);
INSERT INTO `phpbb_sessions_keys` VALUES('3baf171929d9ec11a37e0b8df6a0b4b6', 3, '5a12ada2', 1219429269);
INSERT INTO `phpbb_sessions_keys` VALUES('eaaacc857b09e9e8ac6d32d6df804164', 3, '5a12ada2', 1219443497);
INSERT INTO `phpbb_sessions_keys` VALUES('406c5c70fc2af84879eab4b12d871562', 3, '5a07e091', 1219503940);
INSERT INTO `phpbb_sessions_keys` VALUES('215e1722c98d9169ba9e7877d3014f0c', 3, '5a07e091', 1219514798);
INSERT INTO `phpbb_sessions_keys` VALUES('4b95dc6a4edf932a938bff1d57a2b3d1', 9, '4dc29230', 1221501217);
INSERT INTO `phpbb_sessions_keys` VALUES('9174c0c36fb15d66b013dbfff05f406b', 9, '56d31bf9', 1221377847);
INSERT INTO `phpbb_sessions_keys` VALUES('fab483cf0f52315789e3ae41829e098f', 60, '58a55677', 1221488525);
INSERT INTO `phpbb_sessions_keys` VALUES('1690510c26b89a2c7abddfa5a6f663ed', 3, '5a077a5b', 1221834621);
INSERT INTO `phpbb_sessions_keys` VALUES('4c2add5e8bfe9980dd1148309f9e8344', 80, 'd51e8ab3', 1220022978);
INSERT INTO `phpbb_sessions_keys` VALUES('013d57b54609f532cda49b937b990e86', 2, 'c3067bfd', 1221833212);
INSERT INTO `phpbb_sessions_keys` VALUES('9cc19fd0a18d64bd864ae09438cc0c83', 9, '56d1ca72', 1220377967);
INSERT INTO `phpbb_sessions_keys` VALUES('83cf7a1704ac9e172596abded648fc4a', 64, '58b4041d', 1221830375);
INSERT INTO `phpbb_sessions_keys` VALUES('45e398f03cb03f535239e23d30c2d940', 9, '53cdf4aa', 1220444554);
INSERT INTO `phpbb_sessions_keys` VALUES('3d92b15d6e97a5b05cba6d9d77445758', 66, 'c1fbb795', 1220546003);
INSERT INTO `phpbb_sessions_keys` VALUES('6523ed2d66a8c2e7e5734aae632fb316', 66, '58b4041d', 1220559429);
INSERT INTO `phpbb_sessions_keys` VALUES('a4c7b3d3baf77d519eb604ab5a4a3881', 80, '51fcd579', 1221822460);
INSERT INTO `phpbb_sessions_keys` VALUES('c22774087ce84b235b10bfa6760a1cb3', 9, '56d398c4', 1220811811);
INSERT INTO `phpbb_sessions_keys` VALUES('b5d921f0e1c786c87315cbc27ead6d7c', 41, '52e4c70e', 1221761838);
INSERT INTO `phpbb_sessions_keys` VALUES('7dac04b68ccaf3ef86ac00e03bba1334', 61, '5133fe46', 1221477235);
INSERT INTO `phpbb_sessions_keys` VALUES('6269db660903557bbb7cd048eabb7a1f', 9, '56d31bf9', 1221254842);
INSERT INTO `phpbb_sessions_keys` VALUES('2b6a7249d397df41d3f2c81ce78bafe8', 4, '4dc291f9', 1221841469);
INSERT INTO `phpbb_sessions_keys` VALUES('ed1b74e9eedbe2dfc26197ac65cc0e28', 5, '58a2316f', 1221842159);
INSERT INTO `phpbb_sessions_keys` VALUES('3dba2d54e0d8ee5aeae3a9d1eff6d6bd', 25, 'c3725a83', 1221752730);
INSERT INTO `phpbb_sessions_keys` VALUES('d95b9660fe6257d15ea004102b39f1f7', 60, '58a55677', 1221655391);
INSERT INTO `phpbb_sessions_keys` VALUES('fd1665de3d6e189c9d670c70d2ad6662', 9, '4dc29230', 1221839479);
INSERT INTO `phpbb_sessions_keys` VALUES('c3588302e49c196d20237ba3c09e8ed5', 71, 'c16e9874', 1221721464);

-- --------------------------------------------------------

--
-- Structure de la table `phpbb_smilies`
--

CREATE TABLE IF NOT EXISTS `phpbb_smilies` (
  `smilies_id` smallint(5) unsigned NOT NULL auto_increment,
  `code` varchar(50) collate latin1_general_ci default NULL,
  `smile_url` varchar(100) collate latin1_general_ci default NULL,
  `emoticon` varchar(75) collate latin1_general_ci default NULL,
  PRIMARY KEY  (`smilies_id`)
) ENGINE=MyISAM  DEFAULT CHARSET=latin1 COLLATE=latin1_general_ci AUTO_INCREMENT=43 ;

--
-- Contenu de la table `phpbb_smilies`
--

INSERT INTO `phpbb_smilies` VALUES(1, ':D', 'icon_biggrin.gif', 'Very Happy');
INSERT INTO `phpbb_smilies` VALUES(2, ':-D', 'icon_biggrin.gif', 'Very Happy');
INSERT INTO `phpbb_smilies` VALUES(3, ':grin:', 'icon_biggrin.gif', 'Very Happy');
INSERT INTO `phpbb_smilies` VALUES(4, ':)', 'icon_smile.gif', 'Smile');
INSERT INTO `phpbb_smilies` VALUES(5, ':-)', 'icon_smile.gif', 'Smile');
INSERT INTO `phpbb_smilies` VALUES(6, ':smile:', 'icon_smile.gif', 'Smile');
INSERT INTO `phpbb_smilies` VALUES(7, ':(', 'icon_sad.gif', 'Sad');
INSERT INTO `phpbb_smilies` VALUES(8, ':-(', 'icon_sad.gif', 'Sad');
INSERT INTO `phpbb_smilies` VALUES(9, ':sad:', 'icon_sad.gif', 'Sad');
INSERT INTO `phpbb_smilies` VALUES(10, ':o', 'icon_surprised.gif', 'Surprised');
INSERT INTO `phpbb_smilies` VALUES(11, ':-o', 'icon_surprised.gif', 'Surprised');
INSERT INTO `phpbb_smilies` VALUES(12, ':eek:', 'icon_surprised.gif', 'Surprised');
INSERT INTO `phpbb_smilies` VALUES(13, ':shock:', 'icon_eek.gif', 'Shocked');
INSERT INTO `phpbb_smilies` VALUES(14, ':?', 'icon_confused.gif', 'Confused');
INSERT INTO `phpbb_smilies` VALUES(15, ':-?', 'icon_confused.gif', 'Confused');
INSERT INTO `phpbb_smilies` VALUES(16, ':???:', 'icon_confused.gif', 'Confused');
INSERT INTO `phpbb_smilies` VALUES(17, '8)', 'icon_cool.gif', 'Cool');
INSERT INTO `phpbb_smilies` VALUES(18, '8-)', 'icon_cool.gif', 'Cool');
INSERT INTO `phpbb_smilies` VALUES(19, ':cool:', 'icon_cool.gif', 'Cool');
INSERT INTO `phpbb_smilies` VALUES(20, ':lol:', 'icon_lol.gif', 'Laughing');
INSERT INTO `phpbb_smilies` VALUES(21, ':x', 'icon_mad.gif', 'Mad');
INSERT INTO `phpbb_smilies` VALUES(22, ':-x', 'icon_mad.gif', 'Mad');
INSERT INTO `phpbb_smilies` VALUES(23, ':mad:', 'icon_mad.gif', 'Mad');
INSERT INTO `phpbb_smilies` VALUES(24, ':P', 'icon_razz.gif', 'Razz');
INSERT INTO `phpbb_smilies` VALUES(25, ':-P', 'icon_razz.gif', 'Razz');
INSERT INTO `phpbb_smilies` VALUES(26, ':razz:', 'icon_razz.gif', 'Razz');
INSERT INTO `phpbb_smilies` VALUES(27, ':oops:', 'icon_redface.gif', 'Embarassed');
INSERT INTO `phpbb_smilies` VALUES(28, ':cry:', 'icon_cry.gif', 'Crying or Very sad');
INSERT INTO `phpbb_smilies` VALUES(29, ':evil:', 'icon_evil.gif', 'Evil or Very Mad');
INSERT INTO `phpbb_smilies` VALUES(30, ':twisted:', 'icon_twisted.gif', 'Twisted Evil');
INSERT INTO `phpbb_smilies` VALUES(31, ':roll:', 'icon_rolleyes.gif', 'Rolling Eyes');
INSERT INTO `phpbb_smilies` VALUES(32, ':wink:', 'icon_wink.gif', 'Wink');
INSERT INTO `phpbb_smilies` VALUES(33, ';)', 'icon_wink.gif', 'Wink');
INSERT INTO `phpbb_smilies` VALUES(34, ';-)', 'icon_wink.gif', 'Wink');
INSERT INTO `phpbb_smilies` VALUES(35, ':!:', 'icon_exclaim.gif', 'Exclamation');
INSERT INTO `phpbb_smilies` VALUES(36, ':?:', 'icon_question.gif', 'Question');
INSERT INTO `phpbb_smilies` VALUES(37, ':idea:', 'icon_idea.gif', 'Idea');
INSERT INTO `phpbb_smilies` VALUES(38, ':arrow:', 'icon_arrow.gif', 'Arrow');
INSERT INTO `phpbb_smilies` VALUES(39, ':|', 'icon_neutral.gif', 'Neutral');
INSERT INTO `phpbb_smilies` VALUES(40, ':-|', 'icon_neutral.gif', 'Neutral');
INSERT INTO `phpbb_smilies` VALUES(41, ':neutral:', 'icon_neutral.gif', 'Neutral');
INSERT INTO `phpbb_smilies` VALUES(42, ':mrgreen:', 'icon_mrgreen.gif', 'Mr. Green');

-- --------------------------------------------------------

--
-- Structure de la table `phpbb_themes`
--

CREATE TABLE IF NOT EXISTS `phpbb_themes` (
  `themes_id` mediumint(8) unsigned NOT NULL auto_increment,
  `template_name` varchar(30) collate latin1_general_ci NOT NULL default '',
  `style_name` varchar(30) collate latin1_general_ci NOT NULL default '',
  `head_stylesheet` varchar(100) collate latin1_general_ci default NULL,
  `body_background` varchar(100) collate latin1_general_ci default NULL,
  `body_bgcolor` varchar(6) collate latin1_general_ci default NULL,
  `body_text` varchar(6) collate latin1_general_ci default NULL,
  `body_link` varchar(6) collate latin1_general_ci default NULL,
  `body_vlink` varchar(6) collate latin1_general_ci default NULL,
  `body_alink` varchar(6) collate latin1_general_ci default NULL,
  `body_hlink` varchar(6) collate latin1_general_ci default NULL,
  `tr_color1` varchar(6) collate latin1_general_ci default NULL,
  `tr_color2` varchar(6) collate latin1_general_ci default NULL,
  `tr_color3` varchar(6) collate latin1_general_ci default NULL,
  `tr_class1` varchar(25) collate latin1_general_ci default NULL,
  `tr_class2` varchar(25) collate latin1_general_ci default NULL,
  `tr_class3` varchar(25) collate latin1_general_ci default NULL,
  `th_color1` varchar(6) collate latin1_general_ci default NULL,
  `th_color2` varchar(6) collate latin1_general_ci default NULL,
  `th_color3` varchar(6) collate latin1_general_ci default NULL,
  `th_class1` varchar(25) collate latin1_general_ci default NULL,
  `th_class2` varchar(25) collate latin1_general_ci default NULL,
  `th_class3` varchar(25) collate latin1_general_ci default NULL,
  `td_color1` varchar(6) collate latin1_general_ci default NULL,
  `td_color2` varchar(6) collate latin1_general_ci default NULL,
  `td_color3` varchar(6) collate latin1_general_ci default NULL,
  `td_class1` varchar(25) collate latin1_general_ci default NULL,
  `td_class2` varchar(25) collate latin1_general_ci default NULL,
  `td_class3` varchar(25) collate latin1_general_ci default NULL,
  `fontface1` varchar(50) collate latin1_general_ci default NULL,
  `fontface2` varchar(50) collate latin1_general_ci default NULL,
  `fontface3` varchar(50) collate latin1_general_ci default NULL,
  `fontsize1` tinyint(4) default NULL,
  `fontsize2` tinyint(4) default NULL,
  `fontsize3` tinyint(4) default NULL,
  `fontcolor1` varchar(6) collate latin1_general_ci default NULL,
  `fontcolor2` varchar(6) collate latin1_general_ci default NULL,
  `fontcolor3` varchar(6) collate latin1_general_ci default NULL,
  `span_class1` varchar(25) collate latin1_general_ci default NULL,
  `span_class2` varchar(25) collate latin1_general_ci default NULL,
  `span_class3` varchar(25) collate latin1_general_ci default NULL,
  `img_size_poll` smallint(5) unsigned default NULL,
  `img_size_privmsg` smallint(5) unsigned default NULL,
  PRIMARY KEY  (`themes_id`)
) ENGINE=MyISAM  DEFAULT CHARSET=latin1 COLLATE=latin1_general_ci AUTO_INCREMENT=3 ;

--
-- Contenu de la table `phpbb_themes`
--

INSERT INTO `phpbb_themes` VALUES(1, 'subSilver', 'subSilver', 'subSilver.css', '', 'E5E5E5', '000000', '006699', '5493B4', '', 'DD6900', 'EFEFEF', 'DEE3E7', 'D1D7DC', '', '', '', '98AAB1', '006699', 'FFFFFF', 'cellpic1.gif', 'cellpic3.gif', 'cellpic2.jpg', 'FAFAFA', 'FFFFFF', '', 'row1', 'row2', '', 'Verdana, Arial, Helvetica, sans-serif', 'Trebuchet MS', 'Courier, ''Courier New'', sans-serif', 10, 11, 12, '444444', '006600', 'FFA34F', '', '', '', NULL, NULL);
INSERT INTO `phpbb_themes` VALUES(2, 'WoWMaevahEmpire', 'WoWMaevahEmpire', 'WoWMaevahEmpire.css', '', '000000', 'EEEEEE', '007799', '007799', '007799', '007799', '000000', '000000', '000000', '', '', '', '000000', '000000', '000000', 'cellpic1.gif', 'cellpic1.gif', 'cellpic1.gif', '000000', '000000', '000000', 'row1', 'row2', 'row1', 'Arial, Verdana, Helvetica, sans-serif', 'Trebuchet MS', 'Arial, Verdana, Helvetica, sans-serif', 11, 11, 12, '999999', '006600', 'FFCC33', '', '', '', 0, 0);

-- --------------------------------------------------------

--
-- Structure de la table `phpbb_themes_name`
--

CREATE TABLE IF NOT EXISTS `phpbb_themes_name` (
  `themes_id` smallint(5) unsigned NOT NULL default '0',
  `tr_color1_name` char(50) collate latin1_general_ci default NULL,
  `tr_color2_name` char(50) collate latin1_general_ci default NULL,
  `tr_color3_name` char(50) collate latin1_general_ci default NULL,
  `tr_class1_name` char(50) collate latin1_general_ci default NULL,
  `tr_class2_name` char(50) collate latin1_general_ci default NULL,
  `tr_class3_name` char(50) collate latin1_general_ci default NULL,
  `th_color1_name` char(50) collate latin1_general_ci default NULL,
  `th_color2_name` char(50) collate latin1_general_ci default NULL,
  `th_color3_name` char(50) collate latin1_general_ci default NULL,
  `th_class1_name` char(50) collate latin1_general_ci default NULL,
  `th_class2_name` char(50) collate latin1_general_ci default NULL,
  `th_class3_name` char(50) collate latin1_general_ci default NULL,
  `td_color1_name` char(50) collate latin1_general_ci default NULL,
  `td_color2_name` char(50) collate latin1_general_ci default NULL,
  `td_color3_name` char(50) collate latin1_general_ci default NULL,
  `td_class1_name` char(50) collate latin1_general_ci default NULL,
  `td_class2_name` char(50) collate latin1_general_ci default NULL,
  `td_class3_name` char(50) collate latin1_general_ci default NULL,
  `fontface1_name` char(50) collate latin1_general_ci default NULL,
  `fontface2_name` char(50) collate latin1_general_ci default NULL,
  `fontface3_name` char(50) collate latin1_general_ci default NULL,
  `fontsize1_name` char(50) collate latin1_general_ci default NULL,
  `fontsize2_name` char(50) collate latin1_general_ci default NULL,
  `fontsize3_name` char(50) collate latin1_general_ci default NULL,
  `fontcolor1_name` char(50) collate latin1_general_ci default NULL,
  `fontcolor2_name` char(50) collate latin1_general_ci default NULL,
  `fontcolor3_name` char(50) collate latin1_general_ci default NULL,
  `span_class1_name` char(50) collate latin1_general_ci default NULL,
  `span_class2_name` char(50) collate latin1_general_ci default NULL,
  `span_class3_name` char(50) collate latin1_general_ci default NULL,
  PRIMARY KEY  (`themes_id`)
) ENGINE=MyISAM DEFAULT CHARSET=latin1 COLLATE=latin1_general_ci;

--
-- Contenu de la table `phpbb_themes_name`
--

INSERT INTO `phpbb_themes_name` VALUES(1, 'The lightest row colour', 'The medium row color', 'The darkest row colour', '', '', '', 'Border round the whole page', 'Outer table border', 'Inner table border', 'Silver gradient picture', 'Blue gradient picture', 'Fade-out gradient on index', 'Background for quote boxes', 'All white areas', '', 'Background for topic posts', '2nd background for topic posts', '', 'Main fonts', 'Additional topic title font', 'Form fonts', 'Smallest font size', 'Medium font size', 'Normal font size (post body etc)', 'Quote & copyright text', 'Code text colour', 'Main table header text colour', '', '', '');
INSERT INTO `phpbb_themes_name` VALUES(2, '', '', '', '', '', '', '', '', '', '', '', '', '', '', '', '', '', '', '', '', '', '', '', '', '', '', '', '', '', '');

-- --------------------------------------------------------

--
-- Structure de la table `phpbb_topics`
--

CREATE TABLE IF NOT EXISTS `phpbb_topics` (
  `topic_id` mediumint(8) unsigned NOT NULL auto_increment,
  `forum_id` smallint(8) unsigned NOT NULL default '0',
  `topic_title` char(60) collate latin1_general_ci NOT NULL,
  `topic_poster` mediumint(8) NOT NULL default '0',
  `topic_time` int(11) NOT NULL default '0',
  `topic_views` mediumint(8) unsigned NOT NULL default '0',
  `topic_replies` mediumint(8) unsigned NOT NULL default '0',
  `topic_status` tinyint(3) NOT NULL default '0',
  `topic_vote` tinyint(1) NOT NULL default '0',
  `topic_type` tinyint(3) NOT NULL default '0',
  `topic_first_post_id` mediumint(8) unsigned NOT NULL default '0',
  `topic_last_post_id` mediumint(8) unsigned NOT NULL default '0',
  `topic_moved_id` mediumint(8) unsigned NOT NULL default '0',
  PRIMARY KEY  (`topic_id`),
  KEY `forum_id` (`forum_id`),
  KEY `topic_moved_id` (`topic_moved_id`),
  KEY `topic_status` (`topic_status`),
  KEY `topic_type` (`topic_type`)
) ENGINE=MyISAM  DEFAULT CHARSET=latin1 COLLATE=latin1_general_ci AUTO_INCREMENT=348 ;

--
-- Contenu de la table `phpbb_topics`
--

INSERT INTO `phpbb_topics` VALUES(5, 5, 'parlons de tankage ;)', 3, 1193788055, 89, 6, 0, 0, 0, 12, 101, 0);
INSERT INTO `phpbb_topics` VALUES(2, 1, 'Youhou !!', 9, 1193748307, 30, 1, 0, 0, 0, 2, 8, 0);
INSERT INTO `phpbb_topics` VALUES(3, 4, 'les groupes pour kara', 3, 1193748835, 219, 19, 0, 0, 0, 3, 92, 0);
INSERT INTO `phpbb_topics` VALUES(4, 16, 'les explois de twin ^^', 3, 1193749015, 62, 1, 0, 0, 0, 4, 9, 0);
INSERT INTO `phpbb_topics` VALUES(6, 1, 'petit site sympa', 3, 1193789365, 25, 0, 0, 0, 0, 14, 14, 0);
INSERT INTO `phpbb_topics` VALUES(7, 3, 'Calendrier ???', 16, 1193806355, 49, 4, 0, 0, 0, 16, 113, 0);
INSERT INTO `phpbb_topics` VALUES(106, 11, 'Playskool présente : les Prêtres', -1, 1205318995, 111, 9, 0, 0, 0, 719, 1263, 0);
INSERT INTO `phpbb_topics` VALUES(9, 1, 'Calendrier ???', 16, 1193806355, 3, 0, 2, 0, 0, 16, 16, 7);
INSERT INTO `phpbb_topics` VALUES(10, 3, 'parlons de tankage ;)', 3, 1193788055, 7, 0, 2, 0, 0, 12, 12, 5);
INSERT INTO `phpbb_topics` VALUES(11, 8, 'pff', 9, 1193815847, 32, 2, 0, 0, 0, 19, 24, 0);
INSERT INTO `phpbb_topics` VALUES(12, 3, 'Loot', 2, 1193818690, 66, 8, 0, 1, 0, 22, 82, 0);
INSERT INTO `phpbb_topics` VALUES(13, 3, 'Coming soon ...', 2, 1193825562, 38, 2, 0, 0, 0, 23, 111, 0);
INSERT INTO `phpbb_topics` VALUES(14, 16, 'A ECOUTER ABSOLUMENT', 4, 1193831526, 169, 16, 0, 0, 0, 27, 1537, 0);
INSERT INTO `phpbb_topics` VALUES(15, 1, 'Team arène ?', 4, 1193835399, 43, 4, 0, 0, 0, 34, 81, 0);
INSERT INTO `phpbb_topics` VALUES(16, 14, 'Ma bible (Palafh) - Le downranking (pour les spé sacré)', 2, 1193846682, 49, 2, 0, 0, 0, 39, 55, 0);
INSERT INTO `phpbb_topics` VALUES(17, 4, 'relancer  le débats pour les groupes a kara.', 3, 1193868853, 73, 7, 0, 1, 0, 46, 102, 0);
INSERT INTO `phpbb_topics` VALUES(18, 4, 'Addons indispensables', 5, 1193874781, 97, 6, 0, 0, 0, 48, 109, 0);
INSERT INTO `phpbb_topics` VALUES(19, 4, 'test', 2, 1193905627, 31, 3, 0, 0, 0, 51, 285, 0);
INSERT INTO `phpbb_topics` VALUES(20, 16, 'Southpark Vs Wow (à voir absolument^^)', 5, 1193921084, 39, 2, 0, 0, 0, 57, 1539, 0);
INSERT INTO `phpbb_topics` VALUES(21, 4, 'Nouvelle composition des groupes Kara', 5, 1193927586, 78, 9, 0, 0, 0, 58, 105, 0);
INSERT INTO `phpbb_topics` VALUES(22, 8, 'Besoin d''aide et de conseils', 20, 1193936015, 68, 3, 0, 0, 0, 60, 286, 0);
INSERT INTO `phpbb_topics` VALUES(23, 13, 'Macro', 4, 1193944627, 53, 2, 0, 0, 0, 68, 374, 0);
INSERT INTO `phpbb_topics` VALUES(24, 1, '2.3', 9, 1193961250, 48, 6, 0, 0, 0, 74, 118, 0);
INSERT INTO `phpbb_topics` VALUES(25, 5, 'le score de def', 3, 1194220538, 37, 2, 0, 0, 0, 84, 87, 0);
INSERT INTO `phpbb_topics` VALUES(26, 4, 'Absence', 2, 1194256978, 25, 1, 0, 0, 0, 86, 88, 0);
INSERT INTO `phpbb_topics` VALUES(27, 1, 'Zul Aman', 9, 1194352040, 41, 3, 0, 0, 0, 96, 114, 0);
INSERT INTO `phpbb_topics` VALUES(28, 1, 'Tit coup de gueule', 4, 1194367712, 33, 3, 0, 0, 0, 106, 117, 0);
INSERT INTO `phpbb_topics` VALUES(29, 15, '6 Novembre 2007', 2, 1194416934, 49, 3, 0, 0, 0, 119, 131, 0);
INSERT INTO `phpbb_topics` VALUES(30, 16, 'Nouvelle vidéo + Lien Naheulbeuk', 5, 1194449643, 77, 6, 0, 0, 0, 121, 151, 0);
INSERT INTO `phpbb_topics` VALUES(31, 16, 'Démonstration de danse', 5, 1194453033, 63, 5, 0, 0, 0, 124, 133, 0);
INSERT INTO `phpbb_topics` VALUES(32, 1, 'Nos tetes de piaf ^^', 18, 1194483694, 4488, 252, 0, 0, 0, 130, 3054, 0);
INSERT INTO `phpbb_topics` VALUES(33, 3, 'PhPraid', 24, 1194503000, 87, 10, 0, 0, 0, 132, 202, 0);
INSERT INTO `phpbb_topics` VALUES(35, 1, 'Abscense d''un Mois', 19, 1194524860, 21, 0, 0, 0, 0, 136, 136, 0);
INSERT INTO `phpbb_topics` VALUES(36, 15, '7 novembre 2007', 3, 1194539627, 28, 1, 0, 0, 0, 137, 138, 0);
INSERT INTO `phpbb_topics` VALUES(37, 15, '8 Novembre 2007', 2, 1194588609, 47, 1, 0, 0, 0, 140, 144, 0);
INSERT INTO `phpbb_topics` VALUES(38, 1, 'les explois de twin ^^', 3, 1193749015, 33, 1, 2, 0, 0, 4, 9, 4);
INSERT INTO `phpbb_topics` VALUES(39, 1, 'dilmanche soir', -1, 1194696461, 32, 2, 0, 0, 0, 149, 159, 0);
INSERT INTO `phpbb_topics` VALUES(40, 4, 'test de zul aman', 3, 1194720436, 34, 2, 0, 0, 0, 155, 161, 0);
INSERT INTO `phpbb_topics` VALUES(41, 3, 'dommage :$', 3, 1194720628, 29, 0, 0, 0, 0, 156, 156, 0);
INSERT INTO `phpbb_topics` VALUES(42, 1, 'gruul ?', 9, 1194869795, 20, 1, 0, 0, 0, 165, 167, 0);
INSERT INTO `phpbb_topics` VALUES(43, 1, 'Le prince ^^', 2, 1194934542, 62, 6, 0, 0, 0, 170, 195, 0);
INSERT INTO `phpbb_topics` VALUES(44, 1, 'It''s a new record!', 18, 1195074050, 21, 0, 0, 0, 0, 180, 180, 0);
INSERT INTO `phpbb_topics` VALUES(45, 1, 'Banque de guilde', 5, 1195309971, 60, 9, 0, 0, 0, 185, 194, 0);
INSERT INTO `phpbb_topics` VALUES(46, 15, 'Quêtes journalières de cuisine', 2, 1195704530, 29, 0, 0, 0, 0, 204, 204, 0);
INSERT INTO `phpbb_topics` VALUES(47, 1, 'HO HO HO HO HO hoho', 9, 1196103843, 28, 1, 0, 0, 0, 206, 212, 0);
INSERT INTO `phpbb_topics` VALUES(48, 10, 'Off tank', -1, 1196104806, 55, 4, 0, 0, 0, 207, 492, 0);
INSERT INTO `phpbb_topics` VALUES(49, 3, 'Métiers', 4, 1196174670, 163, 19, 0, 0, 0, 211, 521, 0);
INSERT INTO `phpbb_topics` VALUES(50, 1, 'PRINCE DOWN', 9, 1196203687, 22, 1, 0, 0, 0, 214, 220, 0);
INSERT INTO `phpbb_topics` VALUES(51, 1, 'un petit tour à TK', 9, 1196207566, 29, 1, 0, 0, 0, 216, 221, 0);
INSERT INTO `phpbb_topics` VALUES(52, 1, 'Le petit coup de gueule de gel ;)', 3, 1196379276, 36, 3, 0, 0, 0, 225, 236, 0);
INSERT INTO `phpbb_topics` VALUES(53, 1, 'Anniversaire', 2, 1196398850, 27, 4, 0, 0, 0, 226, 235, 0);
INSERT INTO `phpbb_topics` VALUES(54, 1, 'CONCOURS DE SCREENSHOT', 17, 1196426863, 436, 39, 1, 0, 0, 233, 1310, 0);
INSERT INTO `phpbb_topics` VALUES(55, 1, 'infos/chiffres', 9, 1196661907, 26, 2, 0, 0, 0, 253, 261, 0);
INSERT INTO `phpbb_topics` VALUES(56, 1, 'Absence', 16, 1196703417, 62, 9, 1, 0, 0, 256, 449, 0);
INSERT INTO `phpbb_topics` VALUES(57, 1, 'Nightbane une vraie plaie...', 25, 1196770896, 35, 4, 0, 0, 0, 266, 271, 0);
INSERT INTO `phpbb_topics` VALUES(58, 11, '...', 9, 1196847465, 55, 3, 0, 0, 0, 268, 527, 0);
INSERT INTO `phpbb_topics` VALUES(59, 4, 'un petit raid à 20 ? Et pourquoi pas tiens !', 9, 1196872902, 26, 4, 0, 0, 0, 272, 284, 0);
INSERT INTO `phpbb_topics` VALUES(60, 1, 'Pour le fun', 9, 1196873159, 44, 7, 0, 0, 0, 273, 292, 0);
INSERT INTO `phpbb_topics` VALUES(61, 8, 'Archétype de talents 38/2/21 (pour Harclerus)', 18, 1196876807, 26, 0, 0, 0, 0, 277, 277, 0);
INSERT INTO `phpbb_topics` VALUES(62, 7, 'Equipement aldegorde', 32, 1197744995, 75, 10, 0, 0, 0, 298, 348, 0);
INSERT INTO `phpbb_topics` VALUES(63, 1, 'Raid Gruul', 32, 1197961747, 197, 24, 1, 0, 0, 299, 431, 0);
INSERT INTO `phpbb_topics` VALUES(64, 1, 'Teamspeak', 32, 1198022747, 44, 11, 0, 0, 0, 306, 361, 0);
INSERT INTO `phpbb_topics` VALUES(65, 1, 'Pétition contre le désabonnement de lyo', 5, 1198087687, 32, 4, 0, 0, 0, 316, 352, 0);
INSERT INTO `phpbb_topics` VALUES(66, 15, 'Ben alors?', 18, 1198147810, 30, 0, 0, 0, 0, 326, 326, 0);
INSERT INTO `phpbb_topics` VALUES(67, 1, 'noël et fêtes', 9, 1198270192, 41, 6, 0, 0, 0, 336, 355, 0);
INSERT INTO `phpbb_topics` VALUES(68, 1, 'ANNIVERSAIRE DE GELNUS', 3, 1198948443, 18, 2, 0, 0, 0, 350, 356, 0);
INSERT INTO `phpbb_topics` VALUES(69, 15, 'Nouveauté Palafh ^^', 2, 1199044245, 31, 0, 0, 0, 0, 357, 357, 0);
INSERT INTO `phpbb_topics` VALUES(70, 17, 'A LIRE', 2, 1199044519, 128, 1, 1, 0, 2, 358, 1860, 0);
INSERT INTO `phpbb_topics` VALUES(71, 1, 'A LIRE : gruul techniques', 32, 1199291906, 18, 1, 0, 0, 0, 363, 364, 0);
INSERT INTO `phpbb_topics` VALUES(91, 16, 'Coin coin!', 45, 1204126128, 136, 16, 0, 0, 0, 512, 583, 0);
INSERT INTO `phpbb_topics` VALUES(73, 15, 'lyophème sur le conserv', 9, 1199950140, 71, 3, 0, 0, 0, 369, 417, 0);
INSERT INTO `phpbb_topics` VALUES(74, 13, 'Nouvelles amélio', -1, 1199979506, 54, 4, 0, 0, 0, 375, 418, 0);
INSERT INTO `phpbb_topics` VALUES(75, 1, 'GroupCalendar', 32, 1200007068, 35, 5, 0, 0, 0, 377, 388, 0);
INSERT INTO `phpbb_topics` VALUES(76, 1, 'Faute de goût', 4, 1200330763, 131, 14, 0, 0, 0, 404, 1530, 0);
INSERT INTO `phpbb_topics` VALUES(77, 1, 'Aréne 3c3', -1, 1200421680, 37, 3, 1, 0, 0, 408, 432, 0);
INSERT INTO `phpbb_topics` VALUES(78, 5, 'interface de guerrier^^', 3, 1200763747, 43, 2, 0, 0, 0, 421, 430, 0);
INSERT INTO `phpbb_topics` VALUES(79, 1, 'Soirée JCJ ?', 5, 1200851212, 155, 17, 1, 0, 0, 426, 618, 0);
INSERT INTO `phpbb_topics` VALUES(80, 1, 'Kara clean', 9, 1201079847, 26, 1, 1, 0, 0, 440, 446, 0);
INSERT INTO `phpbb_topics` VALUES(81, 1, 'Maulgar down !!!', 18, 1201133520, 32, 3, 1, 0, 0, 441, 447, 0);
INSERT INTO `phpbb_topics` VALUES(83, 16, 'Wow Le Film', 5, 1202930126, 28, 1, 0, 0, 0, 451, 456, 0);
INSERT INTO `phpbb_topics` VALUES(84, 16, 'Wow Bash', 5, 1202930401, 50, 7, 0, 0, 0, 452, 510, 0);
INSERT INTO `phpbb_topics` VALUES(85, 4, '2 Groupes Kara Par Semaine', 11, 1203274184, 33, 1, 0, 0, 0, 460, 461, 0);
INSERT INTO `phpbb_topics` VALUES(86, 1, 'Guildage', 41, 1203513253, 67, 8, 1, 0, 0, 463, 475, 0);
INSERT INTO `phpbb_topics` VALUES(87, 4, 'Le retour de groupe calendar et il est pas content :)', 3, 1203598612, 66, 6, 0, 0, 0, 468, 486, 0);
INSERT INTO `phpbb_topics` VALUES(88, 17, 'Filanas [prêtre-ombre] 70', -1, 1203684680, 156, 15, 1, 0, 0, 476, 824, 0);
INSERT INTO `phpbb_topics` VALUES(89, 4, 'Inscription aux Raids: tutorial Group Calendar', 5, 1203796796, 57, 0, 0, 0, 0, 488, 488, 0);
INSERT INTO `phpbb_topics` VALUES(90, 3, 'Vidéo de Maghtéridon', 45, 1204118777, 56, 5, 0, 0, 0, 502, 665, 0);
INSERT INTO `phpbb_topics` VALUES(93, 17, 'sephoria', 53, 1204302347, 211, 17, 1, 0, 0, 537, 608, 0);
INSERT INTO `phpbb_topics` VALUES(94, 3, 'Atelier de joaillerie de Caradriel', 5, 1204392991, 40, 2, 0, 0, 0, 559, 562, 0);
INSERT INTO `phpbb_topics` VALUES(95, 16, 'Des nouvelles de palafh ^^', 2, 1204574089, 137, 16, 0, 0, 0, 585, 693, 0);
INSERT INTO `phpbb_topics` VALUES(96, 16, 'Revendiquons nos origines !! Un micro pour Gelnus !!', 45, 1204617718, 46, 2, 0, 0, 0, 586, 598, 0);
INSERT INTO `phpbb_topics` VALUES(97, 11, 'Moustacheman', 51, 1204656725, 50, 2, 0, 0, 0, 593, 702, 0);
INSERT INTO `phpbb_topics` VALUES(98, 16, 'on a tous connue sa!', 42, 1204657679, 101, 12, 0, 0, 0, 594, 662, 0);
INSERT INTO `phpbb_topics` VALUES(99, 3, 'bon ben', 53, 1204739678, 122, 11, 0, 0, 0, 609, 715, 0);
INSERT INTO `phpbb_topics` VALUES(100, 16, 'petage de plomb', 42, 1204814950, 62, 8, 0, 0, 0, 621, 660, 0);
INSERT INTO `phpbb_topics` VALUES(101, 17, 'Urandhal, Guerrier 70 (protection)', 52, 1204883377, 115, 11, 1, 0, 0, 648, 694, 0);
INSERT INTO `phpbb_topics` VALUES(102, 3, 'GNAHAHAHAHAHA (C''est vert et ça fait ''bloub'')', -1, 1204916072, 28, 2, 0, 0, 0, 664, 669, 0);
INSERT INTO `phpbb_topics` VALUES(103, 3, 'Le compte rendu de raid ...', 2, 1204923639, 157, 16, 0, 0, 0, 673, 828, 0);
INSERT INTO `phpbb_topics` VALUES(104, 3, 'Distribution des loots', 5, 1205177585, 653, 58, 0, 0, 0, 703, 2642, 0);
INSERT INTO `phpbb_topics` VALUES(105, 16, 'south park se met a WOW', 46, 1205282202, 28, 1, 0, 0, 0, 714, 716, 0);
INSERT INTO `phpbb_topics` VALUES(107, 1, 'Absence Lyo', 9, 1205323849, 51, 3, 1, 0, 0, 720, 759, 0);
INSERT INTO `phpbb_topics` VALUES(108, 17, 'Stylix un pretre pas comme les autres !!!!!!!!', 58, 1205345022, 203, 18, 1, 0, 0, 727, 838, 0);
INSERT INTO `phpbb_topics` VALUES(109, 16, 'Photos de suede', 2, 1205348197, 81, 10, 0, 0, 0, 730, 1542, 0);
INSERT INTO `phpbb_topics` VALUES(110, 16, 'on dira pas ke c''est moi ki l''ai mis hein?! lol', 42, 1205419302, 63, 7, 0, 0, 0, 763, 835, 0);
INSERT INTO `phpbb_topics` VALUES(111, 3, 'Rêglement des loot en raid', 5, 1205432395, 213, 8, 0, 0, 0, 804, 815, 0);
INSERT INTO `phpbb_topics` VALUES(112, 3, 'Un bon départ pour une bonne sortie', 52, 1205492027, 109, 10, 0, 0, 0, 780, 829, 0);
INSERT INTO `phpbb_topics` VALUES(113, 5, 'sujet pour me faire plein de messages en traichant mouahahah', 17, 1206100454, 104, 17, 0, 0, 0, 858, 1030, 0);
INSERT INTO `phpbb_topics` VALUES(114, 1, 'Les items des insignes de justice et PNJ avec la 2.4..', 39, 1206110430, 73, 6, 1, 0, 0, 870, 880, 0);
INSERT INTO `phpbb_topics` VALUES(115, 16, 'Mah JONG', 2, 1206221652, 44, 5, 0, 0, 0, 878, 884, 0);
INSERT INTO `phpbb_topics` VALUES(116, 1, 'A la mémoire de Zézé', 5, 1206448975, 107, 11, 1, 0, 0, 893, 1246, 0);
INSERT INTO `phpbb_topics` VALUES(118, 1, 'Un petit peu de géographie...', 45, 1206459071, 371, 29, 0, 0, 0, 897, 1887, 0);
INSERT INTO `phpbb_topics` VALUES(119, 13, 'Amelio 2.4', -1, 1206527470, 39, 4, 0, 0, 0, 902, 916, 0);
INSERT INTO `phpbb_topics` VALUES(120, 17, 'C''est où qu''on signe ??...', 59, 1206550332, 85, 10, 1, 0, 0, 906, 935, 0);
INSERT INTO `phpbb_topics` VALUES(121, 1, 'Addons', 39, 1206604646, 84, 5, 1, 0, 0, 921, 1002, 0);
INSERT INTO `phpbb_topics` VALUES(122, 1, '!', 17, 1206610739, 61, 5, 1, 0, 0, 928, 938, 0);
INSERT INTO `phpbb_topics` VALUES(123, 14, 'Addon indispensable pour les paloufs ^^', 2, 1206780218, 41, 1, 0, 0, 0, 944, 946, 0);
INSERT INTO `phpbb_topics` VALUES(124, 1, 'Pas présent à kara cet aprem...', 18, 1206787673, 23, 1, 1, 0, 0, 945, 948, 0);
INSERT INTO `phpbb_topics` VALUES(125, 3, 'Php raider', 52, 1206956017, 104, 10, 0, 0, 0, 949, 962, 0);
INSERT INTO `phpbb_topics` VALUES(126, 1, 'A lire en vu de l''optimisation du raid 25.', 3, 1207005994, 55, 5, 1, 0, 0, 955, 976, 0);
INSERT INTO `phpbb_topics` VALUES(127, 4, 'Php raider', 52, 1207051126, 312, 11, 0, 0, 0, 961, 1071, 0);
INSERT INTO `phpbb_topics` VALUES(128, 17, 'Guildage Lunablack', 60, 1207088545, 246, 21, 1, 0, 0, 968, 1091, 0);
INSERT INTO `phpbb_topics` VALUES(129, 4, 'Stratégies L''oeil', 60, 1207089137, 49, 2, 0, 0, 0, 969, 982, 0);
INSERT INTO `phpbb_topics` VALUES(130, 11, 'Comment être un bon heal de MT ??', 60, 1207153664, 115, 12, 0, 0, 0, 984, 2976, 0);
INSERT INTO `phpbb_topics` VALUES(131, 1, 'Une petite nouvellle, Cendreuse, spé glaçon ...', 62, 1207177577, 76, 6, 1, 0, 0, 990, 1014, 0);
INSERT INTO `phpbb_topics` VALUES(132, 1, 'Explications', 18, 1207298401, 51, 3, 1, 0, 0, 999, 1021, 0);
INSERT INTO `phpbb_topics` VALUES(133, 18, 'Organisation Raid', 4, 1207315733, 30, 4, 0, 0, 0, 1003, 1024, 0);
INSERT INTO `phpbb_topics` VALUES(134, 4, 'Karazhan samedi 5 avril aprem', 18, 1207319213, 24, 0, 0, 0, 0, 1006, 1006, 0);
INSERT INTO `phpbb_topics` VALUES(135, 17, 'Pala heal', 63, 1207332770, 47, 2, 1, 0, 0, 1011, 1018, 0);
INSERT INTO `phpbb_topics` VALUES(136, 16, 'Daft Punk - Une autre manière de se tourner les pouces', 2, 1207491306, 24, 1, 0, 0, 0, 1019, 1020, 0);
INSERT INTO `phpbb_topics` VALUES(137, 17, 'Zinna &amp; Cerridwen - les soeurs gnomes rejoignent la guil', 66, 1207562348, 80, 10, 1, 0, 0, 1032, 1084, 0);
INSERT INTO `phpbb_topics` VALUES(138, 17, 'Luwaïn et Neito', 64, 1207564375, 77, 8, 1, 0, 0, 1035, 1083, 0);
INSERT INTO `phpbb_topics` VALUES(139, 8, 'Template', 45, 1207565555, 72, 6, 0, 0, 0, 1038, 1085, 0);
INSERT INTO `phpbb_topics` VALUES(140, 16, 'Screenshots', 45, 1207678864, 76, 8, 0, 0, 0, 1064, 1158, 0);
INSERT INTO `phpbb_topics` VALUES(141, 1, 'Confrérie du thorium down ?!', 32, 1207680759, 70, 7, 1, 0, 0, 1068, 1090, 0);
INSERT INTO `phpbb_topics` VALUES(142, 8, 'Ptit guide des talents DPS de Cerri', 66, 1207759837, 82, 7, 0, 0, 0, 1089, 1159, 0);
INSERT INTO `phpbb_topics` VALUES(143, 1, 'des fiancailles chez les tenebraes', 42, 1207855681, 124, 15, 1, 0, 0, 1092, 1126, 0);
INSERT INTO `phpbb_topics` VALUES(144, 1, 'Un visiteur', 67, 1207907413, 46, 3, 1, 0, 0, 1094, 1116, 0);
INSERT INTO `phpbb_topics` VALUES(145, 17, 'Recrutement Bibi &amp; Bubu', 68, 1207939880, 157, 12, 1, 0, 0, 1109, 1180, 0);
INSERT INTO `phpbb_topics` VALUES(146, 17, 'Recrutement Orkliver', 69, 1208016404, 148, 9, 1, 0, 0, 1118, 1189, 0);
INSERT INTO `phpbb_topics` VALUES(147, 11, 'Etoffe lunaire primo', 32, 1208073828, 61, 10, 0, 0, 0, 1127, 1164, 0);
INSERT INTO `phpbb_topics` VALUES(148, 1, 'un anniv', 42, 1208129946, 97, 14, 1, 0, 0, 1135, 1172, 0);
INSERT INTO `phpbb_topics` VALUES(149, 6, 'Un petit site bien sympa', 2, 1208233772, 24, 0, 0, 0, 0, 1165, 1165, 0);
INSERT INTO `phpbb_topics` VALUES(150, 1, 'Le mythe est cassé!', 45, 1208330370, 192, 16, 1, 0, 0, 1175, 1229, 0);
INSERT INTO `phpbb_topics` VALUES(151, 16, 'Vidéo marrante :)', 45, 1208401607, 85, 7, 0, 0, 0, 1192, 1536, 0);
INSERT INTO `phpbb_topics` VALUES(152, 1, 'Tenebrae Angelus radio !!!', 32, 1208455839, 151, 23, 1, 0, 0, 1195, 1226, 0);
INSERT INTO `phpbb_topics` VALUES(153, 1, 'Arene et classes :', 2, 1208672265, 104, 6, 0, 0, 0, 1230, 1533, 0);
INSERT INTO `phpbb_topics` VALUES(154, 1, 'petite absence', 42, 1208732623, 47, 3, 1, 0, 0, 1233, 1244, 0);
INSERT INTO `phpbb_topics` VALUES(155, 1, 'Optimisation du raid (chapitre gameplay) A LIRE SVP', 5, 1208778190, 146, 14, 1, 0, 0, 1238, 1302, 0);
INSERT INTO `phpbb_topics` VALUES(179, 1, 'Classement de guilde', 4, 1211111517, 115, 6, 0, 0, 0, 1505, 1550, 0);
INSERT INTO `phpbb_topics` VALUES(157, 13, 'On trouve des choses en fouillant les forums officiels...', 64, 1208954186, 313, 33, 0, 0, 0, 1271, 2103, 0);
INSERT INTO `phpbb_topics` VALUES(170, 17, 'Recrutement Aureli', 75, 1210520056, 86, 6, 1, 0, 0, 1408, 1420, 0);
INSERT INTO `phpbb_topics` VALUES(159, 1, 'L''oeil hier (absence)', 46, 1209036339, 27, 2, 1, 0, 0, 1295, 1297, 0);
INSERT INTO `phpbb_topics` VALUES(160, 1, 'pas co pendant kelkes jours', 42, 1209050120, 112, 6, 0, 0, 0, 1304, 1370, 0);
INSERT INTO `phpbb_topics` VALUES(161, 10, 'Je me sens seule!', 45, 1209065587, 156, 17, 0, 0, 0, 1313, 1980, 0);
INSERT INTO `phpbb_topics` VALUES(169, 1, 'Banque de guilde', 2, 1210517211, 131, 13, 0, 1, 0, 1405, 1498, 0);
INSERT INTO `phpbb_topics` VALUES(163, 1, 'Absence', 59, 1209118227, 58, 3, 0, 0, 0, 1328, 1356, 0);
INSERT INTO `phpbb_topics` VALUES(164, 1, 'Il me vient une idée... de raid', 59, 1209120484, 79, 6, 1, 0, 0, 1329, 1354, 0);
INSERT INTO `phpbb_topics` VALUES(166, 1, 'Absence de Twin', 4, 1209989144, 34, 3, 0, 0, 0, 1376, 1379, 0);
INSERT INTO `phpbb_topics` VALUES(175, 1, 'Prêt', 5, 1210778701, 103, 9, 0, 0, 0, 1448, 1494, 0);
INSERT INTO `phpbb_topics` VALUES(171, 18, 'Depart Ethel', 2, 1210580818, 21, 1, 0, 0, 0, 1422, 1464, 0);
INSERT INTO `phpbb_topics` VALUES(172, 16, 'Désolé j''ai pas pu résister...', 52, 1210677116, 58, 5, 0, 0, 0, 1428, 1535, 0);
INSERT INTO `phpbb_topics` VALUES(198, 1, 'Embouteillage sur lyon', 2, 1211992417, 75, 10, 1, 0, 0, 1709, 1760, 0);
INSERT INTO `phpbb_topics` VALUES(174, 1, 'Pb avec le PhpRaid', 71, 1210752344, 58, 4, 0, 0, 0, 1439, 1444, 0);
INSERT INTO `phpbb_topics` VALUES(197, 1, 'wow crashs', 9, 1211976952, 49, 5, 1, 0, 0, 1705, 1717, 0);
INSERT INTO `phpbb_topics` VALUES(177, 2, 'Deux soirs de raid par semaine??', 60, 1210859777, 254, 14, 0, 1, 0, 1484, 1683, 0);
INSERT INTO `phpbb_topics` VALUES(180, 1, 'Au bal ! Au bal masqué hohé hohé !', 60, 1211237431, 67, 8, 0, 0, 0, 1511, 1540, 0);
INSERT INTO `phpbb_topics` VALUES(181, 1, 'Suppression des Sujets Inactifs ou n''ayant plus lieu d''etre', 16, 1211307168, 71, 6, 0, 0, 0, 1532, 1636, 0);
INSERT INTO `phpbb_topics` VALUES(182, 1, 'Absence de Manray', 41, 1211357796, 69, 7, 1, 0, 0, 1546, 1656, 0);
INSERT INTO `phpbb_topics` VALUES(184, 1, 'Absence', 45, 1211364111, 86, 8, 1, 0, 0, 1552, 1647, 0);
INSERT INTO `phpbb_topics` VALUES(185, 16, 'Musique avec Super Mario..', 66, 1211365726, 36, 3, 0, 0, 0, 1554, 1571, 0);
INSERT INTO `phpbb_topics` VALUES(186, 1, 'LE Down de jan''alain^^', 3, 1211371241, 47, 5, 0, 0, 0, 1567, 1601, 0);
INSERT INTO `phpbb_topics` VALUES(187, 16, 'Aujourd''hui', 5, 1211376293, 138, 11, 0, 0, 0, 1575, 2237, 0);
INSERT INTO `phpbb_topics` VALUES(188, 17, 'Candidature Dreniack', 77, 1211391277, 115, 10, 1, 0, 0, 1585, 1643, 0);
INSERT INTO `phpbb_topics` VALUES(189, 1, 'Anniversaires :)', 45, 1211439875, 100, 14, 0, 0, 0, 1597, 1635, 0);
INSERT INTO `phpbb_topics` VALUES(190, 4, 'Affronter Malacrass à ZA', 60, 1211458575, 119, 7, 0, 0, 0, 1614, 2414, 0);
INSERT INTO `phpbb_topics` VALUES(191, 17, 'Candidature  Omnika', 78, 1211638822, 104, 11, 1, 0, 0, 1653, 1671, 0);
INSERT INTO `phpbb_topics` VALUES(192, 4, 'Hydross', 45, 1211656094, 41, 0, 0, 0, 0, 1664, 1664, 0);
INSERT INTO `phpbb_topics` VALUES(193, 4, 'Naxxramas', 45, 1211782562, 132, 11, 0, 1, 0, 1668, 1718, 0);
INSERT INTO `phpbb_topics` VALUES(194, 17, 'Candidature Nobby', 79, 1211799691, 143, 15, 1, 0, 0, 1675, 1701, 0);
INSERT INTO `phpbb_topics` VALUES(195, 16, 'La BD des GMs', 79, 1211804058, 54, 2, 0, 0, 0, 1681, 1696, 0);
INSERT INTO `phpbb_topics` VALUES(199, 2, 'Hydross Down !!!', 60, 1212015438, 114, 12, 0, 0, 0, 1721, 1743, 0);
INSERT INTO `phpbb_topics` VALUES(200, 4, 'Preparez les cannes, c l''heure de la pêche au gros !!', 60, 1212015719, 34, 0, 0, 0, 0, 1722, 1722, 0);
INSERT INTO `phpbb_topics` VALUES(201, 1, 'Départ de Rendralk...', 55, 1212045318, 180, 13, 1, 0, 0, 1726, 1802, 0);
INSERT INTO `phpbb_topics` VALUES(202, 4, 'Marathon de Gnome', 60, 1212242532, 165, 18, 0, 0, 0, 1746, 1783, 0);
INSERT INTO `phpbb_topics` VALUES(203, 4, 'Kazzak et Marche-Funeste', 4, 1212307406, 150, 14, 0, 0, 0, 1754, 3069, 0);
INSERT INTO `phpbb_topics` VALUES(204, 1, 'Mon Taf', 16, 1212404957, 133, 9, 0, 0, 0, 1761, 2328, 0);
INSERT INTO `phpbb_topics` VALUES(205, 17, 'Candidature Ahdchocho', 81, 1212509235, 136, 13, 1, 0, 0, 1777, 1832, 0);
INSERT INTO `phpbb_topics` VALUES(206, 17, 'Recrutement PALADIN : heal &amp; vindicte(fermé), tank(ouver', 2, 1212513089, 238, 23, 0, 0, 2, 1779, 2022, 0);
INSERT INTO `phpbb_topics` VALUES(207, 17, 'Candidature Mixdarion', 80, 1212525771, 126, 16, 1, 0, 0, 1785, 1825, 0);
INSERT INTO `phpbb_topics` VALUES(208, 1, 'Panne d''ordi', 77, 1212572253, 34, 2, 1, 0, 0, 1791, 1805, 0);
INSERT INTO `phpbb_topics` VALUES(209, 17, 'CANDIDATURE KANON MAGE SPE FEU', 82, 1212607690, 112, 11, 1, 0, 0, 1821, 1855, 0);
INSERT INTO `phpbb_topics` VALUES(210, 1, 'absence LunaBlack', 60, 1212619540, 198, 17, 1, 0, 0, 1834, 2036, 0);
INSERT INTO `phpbb_topics` VALUES(211, 2, 'Matgé du 5 Juin', 2, 1212621183, 106, 7, 0, 0, 0, 1835, 1930, 0);
INSERT INTO `phpbb_topics` VALUES(212, 17, 'je vous pose ma candidature...', 83, 1212695512, 212, 12, 0, 0, 0, 1881, 2023, 0);
INSERT INTO `phpbb_topics` VALUES(213, 1, 'La fuite des gnomes', 66, 1212746078, 120, 12, 0, 0, 0, 1894, 1993, 0);
INSERT INTO `phpbb_topics` VALUES(214, 1, 'sujets verrouillés', 17, 1212748628, 108, 9, 1, 0, 0, 1900, 2045, 0);
INSERT INTO `phpbb_topics` VALUES(215, 17, 'Recrutement : DRUIDE : tank(ouv), heal(fermé?), equi(fer)', 2, 1212749755, 54, 4, 0, 0, 1, 1907, 1925, 0);
INSERT INTO `phpbb_topics` VALUES(216, 17, 'Recrutement : Guerrier : Tank (ouvert)', 2, 1212749805, 33, 0, 1, 0, 1, 1908, 1908, 0);
INSERT INTO `phpbb_topics` VALUES(217, 17, 'Recrutement : MAGE FERME', 2, 1212749980, 11, 0, 0, 0, 1, 1909, 1909, 0);
INSERT INTO `phpbb_topics` VALUES(219, 1, 'retard', 42, 1212750602, 23, 0, 0, 0, 0, 1911, 1911, 0);
INSERT INTO `phpbb_topics` VALUES(220, 17, 'Recrutement : CHAMAN AMELIO: Ouvert', 2, 1212752159, 12, 0, 0, 0, 1, 1914, 1914, 0);
INSERT INTO `phpbb_topics` VALUES(221, 17, 'Recrutement : VOLEUR : FERME', 2, 1212752191, 8, 0, 0, 0, 1, 1915, 1915, 0);
INSERT INTO `phpbb_topics` VALUES(222, 17, 'Recrutement : CHASSEUR : FERME', 2, 1212752229, 14, 0, 1, 0, 1, 1916, 1916, 0);
INSERT INTO `phpbb_topics` VALUES(223, 17, 'Recrutement : PRETRE : FERME', 2, 1212752294, 20, 0, 0, 0, 1, 1917, 1917, 0);
INSERT INTO `phpbb_topics` VALUES(224, 17, 'Candidature : Ëno (guerrier protec.)', 84, 1212861281, 226, 19, 1, 0, 0, 1950, 2025, 0);
INSERT INTO `phpbb_topics` VALUES(225, 1, 'absence de moustache', 51, 1212919645, 82, 7, 0, 0, 0, 1967, 2072, 0);
INSERT INTO `phpbb_topics` VALUES(226, 17, 'Guildage tank', 9, 1212925355, 116, 8, 1, 0, 0, 1973, 2029, 0);
INSERT INTO `phpbb_topics` VALUES(227, 4, 'euh je sais pas me servir de php en fait...', 60, 1213004762, 203, 17, 0, 0, 0, 1989, 2096, 0);
INSERT INTO `phpbb_topics` VALUES(228, 1, 'EURO 2008', 16, 1213010273, 280, 35, 0, 0, 0, 1994, 2401, 0);
INSERT INTO `phpbb_topics` VALUES(229, 9, 'Shamans Totems changed to Physical School in WotLK', 2, 1213098050, 35, 3, 0, 0, 0, 2010, 2028, 0);
INSERT INTO `phpbb_topics` VALUES(230, 16, 'Noobz', 80, 1213185325, 103, 9, 0, 0, 0, 2049, 2081, 0);
INSERT INTO `phpbb_topics` VALUES(231, 1, 'la saison 4 d''arene', 80, 1213185718, 132, 11, 0, 0, 0, 2050, 2266, 0);
INSERT INTO `phpbb_topics` VALUES(232, 1, 'Semainiversaire', 80, 1213267539, 203, 24, 0, 0, 0, 2063, 2170, 0);
INSERT INTO `phpbb_topics` VALUES(233, 1, 'Absence Purplefog', 55, 1213361756, 50, 3, 0, 0, 0, 2083, 2102, 0);
INSERT INTO `phpbb_topics` VALUES(234, 1, 'Pas dispo pour Zul ce soir', 25, 1213380596, 49, 5, 0, 0, 0, 2086, 2100, 0);
INSERT INTO `phpbb_topics` VALUES(235, 1, 'Conversation avec Intense ! ^^', 54, 1213564761, 144, 14, 0, 0, 0, 2104, 2332, 0);
INSERT INTO `phpbb_topics` VALUES(236, 3, 'Noriak', 2, 1213608108, 145, 18, 0, 0, 0, 2112, 2173, 0);
INSERT INTO `phpbb_topics` VALUES(237, 1, 'Grull à 5 !', 80, 1213662152, 100, 12, 0, 0, 0, 2129, 2176, 0);
INSERT INTO `phpbb_topics` VALUES(238, 1, 'Guides d''instances', 80, 1213702878, 63, 2, 0, 0, 0, 2143, 2216, 0);
INSERT INTO `phpbb_topics` VALUES(239, 1, 'Rapport du 17/06/08', 5, 1213723206, 195, 15, 0, 0, 0, 2146, 2185, 0);
INSERT INTO `phpbb_topics` VALUES(244, 1, 'Excuses', 32, 1213914203, 109, 8, 0, 0, 0, 2187, 2259, 0);
INSERT INTO `phpbb_topics` VALUES(243, 18, 'Phpraider', 2, 1213906232, 33, 5, 0, 0, 0, 2186, 2212, 0);
INSERT INTO `phpbb_topics` VALUES(242, 1, 'retard', 42, 1213779430, 31, 1, 0, 0, 0, 2166, 2180, 0);
INSERT INTO `phpbb_topics` VALUES(245, 1, 'Liqueur de Cédra', 80, 1213915400, 68, 5, 0, 0, 0, 2188, 2269, 0);
INSERT INTO `phpbb_topics` VALUES(246, 1, 'Indispo RAID25 Mix', 80, 1213915682, 85, 9, 0, 0, 0, 2189, 2298, 0);
INSERT INTO `phpbb_topics` VALUES(247, 2, 'SSC du 19/06', 60, 1213951549, 101, 9, 0, 0, 0, 2194, 2223, 0);
INSERT INTO `phpbb_topics` VALUES(248, 1, 'Peut-être que ça intéresse...', 59, 1213973399, 50, 3, 0, 0, 0, 2211, 2260, 0);
INSERT INTO `phpbb_topics` VALUES(249, 1, 'Les deux minutes du peuple', 3, 1213988029, 65, 6, 0, 0, 0, 2225, 2282, 0);
INSERT INTO `phpbb_topics` VALUES(252, 1, 'Passepartous absence', 85, 1214310276, 55, 4, 0, 0, 0, 2275, 2288, 0);
INSERT INTO `phpbb_topics` VALUES(251, 1, 'Patch 2.4.3', 80, 1214136677, 80, 7, 0, 0, 0, 2245, 2271, 0);
INSERT INTO `phpbb_topics` VALUES(253, 1, 'Absence Twin et Aze', 4, 1214324111, 55, 6, 0, 0, 0, 2280, 2302, 0);
INSERT INTO `phpbb_topics` VALUES(254, 1, 'Oyez Oyez les coin coin  dratof en vacance vous salut', 61, 1214388656, 107, 15, 0, 0, 0, 2292, 2336, 0);
INSERT INTO `phpbb_topics` VALUES(255, 1, 'On s''était dit rendez-vous dans....', 32, 1214428539, 63, 8, 0, 0, 0, 2311, 2334, 0);
INSERT INTO `phpbb_topics` VALUES(256, 1, 'Morogrim', 71, 1214432337, 25, 0, 0, 0, 0, 2313, 2313, 0);
INSERT INTO `phpbb_topics` VALUES(257, 1, 'Le rodeur d''en bas flotte sur le ventre', 60, 1214488715, 219, 26, 0, 0, 0, 2321, 2428, 0);
INSERT INTO `phpbb_topics` VALUES(258, 1, 'Rendez-vous au Blizzard WWI 2008', 55, 1214571385, 50, 4, 0, 0, 0, 2341, 2375, 0);
INSERT INTO `phpbb_topics` VALUES(259, 4, 'ZA dimanche 29 à mardi 01 et raid 25 du mercredi 2', 60, 1214580078, 86, 7, 0, 0, 0, 2342, 2415, 0);
INSERT INTO `phpbb_topics` VALUES(260, 1, 'absence de moustache', 51, 1214580899, 71, 9, 0, 0, 0, 2343, 2389, 0);
INSERT INTO `phpbb_topics` VALUES(261, 4, 'Organisation des raids', 2, 1214604677, 218, 17, 0, 0, 0, 2350, 2503, 0);
INSERT INTO `phpbb_topics` VALUES(262, 1, 'Absence de palafh', 2, 1214605215, 40, 3, 0, 0, 0, 2353, 2377, 0);
INSERT INTO `phpbb_topics` VALUES(263, 1, 'Suite panne ordi + absence mutation vacances déménagement ..', 77, 1214663195, 49, 5, 0, 0, 0, 2359, 2404, 0);
INSERT INTO `phpbb_topics` VALUES(264, 1, 'modifications qui seront apportées aux classes dans Wrath of', 80, 1214912401, 25, 0, 0, 0, 0, 2421, 2421, 0);
INSERT INTO `phpbb_topics` VALUES(265, 5, 'sur quoi qu''on clique pour tanker?? ^^', 60, 1214988335, 120, 8, 0, 0, 0, 2429, 2556, 0);
INSERT INTO `phpbb_topics` VALUES(266, 1, 'Absence du forum :P', 17, 1214996347, 63, 6, 0, 0, 0, 2432, 2468, 0);
INSERT INTO `phpbb_topics` VALUES(267, 1, 'Les dessins de l''Ile...', 54, 1215016663, 160, 9, 0, 0, 0, 2435, 2504, 0);
INSERT INTO `phpbb_topics` VALUES(268, 1, 'Bon ben voilà ^^', 52, 1215034468, 173, 16, 0, 0, 0, 2445, 2488, 0);
INSERT INTO `phpbb_topics` VALUES(269, 2, 'raid 25 du 2 juillet sur magtheridon.', 86, 1215036381, 101, 5, 0, 0, 0, 2447, 2473, 0);
INSERT INTO `phpbb_topics` VALUES(270, 14, 'dédicace', 60, 1215139256, 49, 4, 0, 0, 0, 2476, 2494, 0);
INSERT INTO `phpbb_topics` VALUES(271, 11, 'mana mana !!!!', 60, 1215139552, 77, 5, 0, 0, 0, 2477, 2501, 0);
INSERT INTO `phpbb_topics` VALUES(272, 1, 'jouons à la wii ensemble :)', 3, 1215168950, 49, 3, 0, 0, 0, 2482, 2489, 0);
INSERT INTO `phpbb_topics` VALUES(273, 1, 'Juillet-Aout', 5, 1215254116, 274, 21, 0, 0, 0, 2496, 2576, 0);
INSERT INTO `phpbb_topics` VALUES(274, 1, 'Jouons à la wii et plus ensemble :)', 5, 1215255710, 72, 5, 0, 0, 0, 2497, 2599, 0);
INSERT INTO `phpbb_topics` VALUES(275, 17, 'Nurhillÿon', 89, 1215286147, 221, 18, 0, 0, 0, 2505, 2573, 0);
INSERT INTO `phpbb_topics` VALUES(276, 16, 'Bug d''affichage bien marrant avec cedra ^^', 60, 1215369712, 57, 2, 0, 0, 0, 2515, 2550, 0);
INSERT INTO `phpbb_topics` VALUES(277, 4, 'It comes the summer sun !!! comment gérer l''été?', 60, 1215385545, 222, 22, 0, 0, 0, 2518, 2705, 0);
INSERT INTO `phpbb_topics` VALUES(279, 1, 'Je tiens beaucoup a vous la présenter', 46, 1215806412, 126, 14, 0, 0, 0, 2577, 2632, 0);
INSERT INTO `phpbb_topics` VALUES(280, 16, 'Clin d''oeil Pilzen', 4, 1215947670, 39, 3, 0, 0, 0, 2585, 2589, 0);
INSERT INTO `phpbb_topics` VALUES(281, 3, 'IMPORTANT ! NOUVEAU PHPRAIDER !', 2, 1215973164, 401, 35, 0, 0, 0, 2591, 2670, 0);
INSERT INTO `phpbb_topics` VALUES(282, 1, 'Zul''jin au tapis !', 71, 1216099368, 79, 7, 0, 0, 0, 2601, 2635, 0);
INSERT INTO `phpbb_topics` VALUES(283, 1, 'Absence de Nurhillÿon', 89, 1216132016, 53, 5, 0, 0, 0, 2611, 2639, 0);
INSERT INTO `phpbb_topics` VALUES(284, 1, 'j''arrive pas à me co :(', 60, 1216145443, 34, 4, 0, 0, 0, 2624, 2628, 0);
INSERT INTO `phpbb_topics` VALUES(285, 1, 'Rendus lumières de Mister Bee', 60, 1216311675, 76, 6, 0, 0, 0, 2648, 2662, 0);
INSERT INTO `phpbb_topics` VALUES(286, 1, 'Les branches de talents de WOLT!', 39, 1216397157, 39, 1, 0, 0, 0, 2660, 2669, 0);
INSERT INTO `phpbb_topics` VALUES(287, 1, 'Des addons vraiment exelllent ^^', 54, 1216397784, 88, 6, 0, 0, 0, 2661, 2683, 0);
INSERT INTO `phpbb_topics` VALUES(288, 1, 'souci^^', 3, 1216494005, 25, 0, 0, 0, 0, 2672, 2672, 0);
INSERT INTO `phpbb_topics` VALUES(289, 4, 'Kara de demain', 2, 1216725508, 47, 5, 0, 0, 0, 2686, 2691, 0);
INSERT INTO `phpbb_topics` VALUES(290, 2, '[Rush]Parc Asterix', 52, 1216750553, 370, 33, 0, 1, 0, 2693, 3088, 0);
INSERT INTO `phpbb_topics` VALUES(291, 1, 'Absence Wolfen', 41, 1216965907, 32, 3, 0, 0, 0, 2699, 2702, 0);
INSERT INTO `phpbb_topics` VALUES(292, 1, 'Brute d''arene', 60, 1216990135, 88, 7, 0, 0, 0, 2707, 2802, 0);
INSERT INTO `phpbb_topics` VALUES(293, 4, 'Alliance estivale avec la guilde Premium', 60, 1216994849, 249, 12, 0, 0, 0, 2708, 2855, 0);
INSERT INTO `phpbb_topics` VALUES(294, 17, 'candidature de karnack palatank', 92, 1217020853, 252, 24, 0, 0, 0, 2716, 2877, 0);
INSERT INTO `phpbb_topics` VALUES(295, 16, 'Mes vacances', 5, 1217080498, 57, 4, 0, 0, 0, 2722, 2745, 0);
INSERT INTO `phpbb_topics` VALUES(296, 17, 'Chrisr TAnk spe def  recrutement', 93, 1217105084, 164, 18, 0, 0, 0, 2732, 2795, 0);
INSERT INTO `phpbb_topics` VALUES(297, 1, 'Jeune magotte voulant se vétir de flamme', 80, 1217175275, 94, 11, 0, 0, 0, 2752, 2814, 0);
INSERT INTO `phpbb_topics` VALUES(298, 1, 'Grincement de porte', 32, 1217175653, 132, 18, 0, 0, 0, 2753, 2808, 0);
INSERT INTO `phpbb_topics` VALUES(299, 13, 'Trop de clipping !', 4, 1217324689, 41, 5, 0, 0, 0, 2798, 2807, 0);
INSERT INTO `phpbb_topics` VALUES(300, 1, 'Départ Anarc ???', 5, 1217356811, 209, 20, 0, 0, 0, 2806, 2863, 0);
INSERT INTO `phpbb_topics` VALUES(301, 1, 'Reroll', 32, 1217368189, 79, 8, 0, 0, 0, 2809, 2861, 0);
INSERT INTO `phpbb_topics` VALUES(302, 1, 'Dame vashj qui grandit :)', 80, 1217378293, 52, 3, 0, 0, 0, 2811, 2852, 0);
INSERT INTO `phpbb_topics` VALUES(303, 1, 'LOIN DE WoW LOIN DE VOUS', 16, 1217413599, 54, 3, 0, 0, 0, 2815, 2844, 0);
INSERT INTO `phpbb_topics` VALUES(304, 1, 'Bon ben finalement j''arrete TT', 89, 1217461232, 50, 2, 0, 0, 0, 2831, 2845, 0);
INSERT INTO `phpbb_topics` VALUES(305, 1, 'SORTIE WOTLK', 2, 1217657102, 142, 11, 0, 0, 0, 2857, 2914, 0);
INSERT INTO `phpbb_topics` VALUES(306, 4, 'Raid ?', 32, 1217792651, 64, 3, 0, 0, 0, 2864, 2878, 0);
INSERT INTO `phpbb_topics` VALUES(307, 10, 'Nounours &amp; les baffes :)', 80, 1217858542, 78, 8, 0, 0, 0, 2875, 3013, 0);
INSERT INTO `phpbb_topics` VALUES(308, 1, 'BON ANNIVERSAIRE !!', 4, 1218112738, 68, 9, 0, 0, 0, 2889, 2901, 0);
INSERT INTO `phpbb_topics` VALUES(309, 1, 'Et voilà!', 45, 1218291338, 56, 5, 0, 0, 0, 2902, 2907, 0);
INSERT INTO `phpbb_topics` VALUES(310, 1, 'Le ptit Ëno n''a pas de montre...', 84, 1218549805, 83, 8, 0, 0, 0, 2908, 2964, 0);
INSERT INTO `phpbb_topics` VALUES(311, 1, 'Absence', 64, 1218551021, 77, 11, 0, 0, 0, 2909, 2935, 0);
INSERT INTO `phpbb_topics` VALUES(312, 4, 'Hyrdoss et le stuff resi', 80, 1218628363, 46, 3, 0, 0, 0, 2923, 2938, 0);
INSERT INTO `phpbb_topics` VALUES(313, 1, 'saccageur en visite à shattrah', 60, 1218631258, 42, 4, 0, 0, 0, 2927, 2933, 0);
INSERT INTO `phpbb_topics` VALUES(314, 1, 'Déco SSC 14/08/08', 57, 1218703210, 57, 2, 0, 0, 0, 2936, 2942, 0);
INSERT INTO `phpbb_topics` VALUES(315, 17, 'Precha [prêtre heal]', 96, 1218741195, 78, 7, 0, 0, 0, 2939, 2953, 0);
INSERT INTO `phpbb_topics` VALUES(316, 17, 'Antéa démoniste, coloc de lunalya, coin coin', 97, 1218816401, 101, 13, 0, 0, 0, 2943, 2961, 0);
INSERT INTO `phpbb_topics` VALUES(317, 1, 'Premier nounours du serveur !', 80, 1219082103, 24, 0, 0, 0, 0, 2962, 2962, 0);
INSERT INTO `phpbb_topics` VALUES(318, 17, 'candidature aux recrutement', 98, 1219173099, 116, 8, 0, 0, 0, 2965, 2983, 0);
INSERT INTO `phpbb_topics` VALUES(319, 1, 'Interfaces ?', 80, 1219220732, 164, 15, 0, 0, 0, 2967, 3012, 0);
INSERT INTO `phpbb_topics` VALUES(320, 1, 'world of Jean-Pierre^^', 3, 1219271052, 35, 1, 0, 0, 0, 2978, 2979, 0);
INSERT INTO `phpbb_topics` VALUES(321, 17, 'Présentation de Moustarde', 95, 1219321607, 22, 0, 0, 0, 0, 2982, 2982, 0);
INSERT INTO `phpbb_topics` VALUES(322, 1, 'Purlplefog revient bronzé !', 55, 1219441861, 30, 3, 0, 0, 0, 2991, 2997, 0);
INSERT INTO `phpbb_topics` VALUES(324, 1, 'Bon ben voilà ...', 4, 1219742351, 139, 10, 0, 0, 0, 3014, 3077, 0);
INSERT INTO `phpbb_topics` VALUES(325, 17, 'Inackyn - Chasseur 70 - Maîtrise des bêtes', 100, 1219830576, 70, 3, 0, 0, 0, 3026, 3037, 0);
INSERT INTO `phpbb_topics` VALUES(326, 1, 'Let''s make it short', 64, 1219877042, 111, 11, 0, 0, 0, 3033, 3076, 0);
INSERT INTO `phpbb_topics` VALUES(327, 1, 'patch 3.0', 80, 1219922559, 59, 6, 0, 0, 0, 3041, 3068, 0);
INSERT INTO `phpbb_topics` VALUES(328, 2, 'Raid 25 ? SSC ?', 80, 1219923090, 63, 7, 0, 0, 0, 3042, 3067, 0);
INSERT INTO `phpbb_topics` VALUES(329, 15, 'nooooooooooooon dezzzzzzzz :(', 80, 1219923475, 43, 3, 0, 0, 0, 3043, 3063, 0);
INSERT INTO `phpbb_topics` VALUES(330, 2, 'Bilan du desastre: 371 murlocs tués !! (morogrimm down^^)', 60, 1219969067, 55, 3, 0, 0, 0, 3070, 3075, 0);
INSERT INTO `phpbb_topics` VALUES(331, 2, 'Kara de ce soir', 2, 1220023415, 79, 4, 0, 0, 0, 3073, 3122, 0);
INSERT INTO `phpbb_topics` VALUES(332, 1, 'abs de gelnus ce soir pour le za contre mon gré ;''(', 3, 1220293765, 47, 2, 0, 0, 0, 3085, 3089, 0);
INSERT INTO `phpbb_topics` VALUES(333, 1, 'Putain de connerie de PC de merde !!!!!!!!!!!!', 60, 1220446520, 56, 2, 0, 0, 0, 3090, 3115, 0);
INSERT INTO `phpbb_topics` VALUES(337, 1, 'Vers l''infini et au dela... (gquit)', 60, 1220656899, 237, 15, 0, 0, 0, 3125, 3142, 0);
INSERT INTO `phpbb_topics` VALUES(336, 2, 'toute mais escuse', 94, 1220614595, 62, 2, 0, 0, 0, 3123, 3138, 0);
INSERT INTO `phpbb_topics` VALUES(338, 1, 'Absences...', 84, 1220923694, 61, 2, 0, 0, 0, 3141, 3144, 0);
INSERT INTO `phpbb_topics` VALUES(339, 16, '1...2...3... soleil !', 52, 1221069461, 101, 7, 0, 0, 0, 3145, 3186, 0);
INSERT INTO `phpbb_topics` VALUES(340, 1, 'warhammer', 32, 1221244827, 137, 9, 0, 0, 0, 3151, 3180, 0);
INSERT INTO `phpbb_topics` VALUES(341, 1, 'Vanish', 2, 1221261222, 47, 1, 0, 0, 0, 3152, 3160, 0);
INSERT INTO `phpbb_topics` VALUES(342, 1, 'Nouvelles Aventures', 20, 1221398201, 46, 2, 0, 0, 0, 3157, 3161, 0);
INSERT INTO `phpbb_topics` VALUES(343, 1, 'Désolée de suivre le mouvement', 46, 1221421236, 41, 0, 0, 0, 0, 3162, 3162, 0);
INSERT INTO `phpbb_topics` VALUES(344, 1, 'Pas encore mort................', 41, 1221461191, 46, 1, 0, 0, 0, 3163, 3165, 0);
INSERT INTO `phpbb_topics` VALUES(345, 1, 'Wrath of the Lich King sortira bien le jeudi 13 novembre !', 80, 1221487979, 104, 6, 0, 0, 0, 3166, 3183, 0);
INSERT INTO `phpbb_topics` VALUES(346, 1, 'La fin', 5, 1221518448, 114, 7, 0, 0, 0, 3173, 3187, 0);
INSERT INTO `phpbb_topics` VALUES(347, 1, 'La fin (version longue)', 5, 1221672213, 44, 1, 0, 0, 0, 3184, 3188, 0);

-- --------------------------------------------------------

--
-- Structure de la table `phpbb_topics_watch`
--

CREATE TABLE IF NOT EXISTS `phpbb_topics_watch` (
  `topic_id` mediumint(8) unsigned NOT NULL default '0',
  `user_id` mediumint(8) NOT NULL default '0',
  `notify_status` tinyint(1) NOT NULL default '0',
  KEY `topic_id` (`topic_id`),
  KEY `user_id` (`user_id`),
  KEY `notify_status` (`notify_status`)
) ENGINE=MyISAM DEFAULT CHARSET=latin1 COLLATE=latin1_general_ci;

--
-- Contenu de la table `phpbb_topics_watch`
--

INSERT INTO `phpbb_topics_watch` VALUES(86, 41, 0);
INSERT INTO `phpbb_topics_watch` VALUES(228, 17, 0);
INSERT INTO `phpbb_topics_watch` VALUES(87, 41, 0);
INSERT INTO `phpbb_topics_watch` VALUES(224, 84, 0);
INSERT INTO `phpbb_topics_watch` VALUES(212, 54, 1);
INSERT INTO `phpbb_topics_watch` VALUES(318, 54, 0);
INSERT INTO `phpbb_topics_watch` VALUES(93, 53, 0);
INSERT INTO `phpbb_topics_watch` VALUES(318, 98, 1);
INSERT INTO `phpbb_topics_watch` VALUES(296, 93, 1);
INSERT INTO `phpbb_topics_watch` VALUES(291, 41, 0);
INSERT INTO `phpbb_topics_watch` VALUES(285, 54, 0);
INSERT INTO `phpbb_topics_watch` VALUES(191, 54, 1);
INSERT INTO `phpbb_topics_watch` VALUES(99, 53, 1);
INSERT INTO `phpbb_topics_watch` VALUES(14, 41, 1);
INSERT INTO `phpbb_topics_watch` VALUES(287, 54, 0);
INSERT INTO `phpbb_topics_watch` VALUES(269, 86, 0);
INSERT INTO `phpbb_topics_watch` VALUES(267, 54, 0);
INSERT INTO `phpbb_topics_watch` VALUES(244, 54, 0);
INSERT INTO `phpbb_topics_watch` VALUES(236, 54, 0);
INSERT INTO `phpbb_topics_watch` VALUES(191, 78, 1);
INSERT INTO `phpbb_topics_watch` VALUES(235, 54, 0);
INSERT INTO `phpbb_topics_watch` VALUES(122, 41, 0);
INSERT INTO `phpbb_topics_watch` VALUES(182, 41, 0);
INSERT INTO `phpbb_topics_watch` VALUES(177, 54, 1);
INSERT INTO `phpbb_topics_watch` VALUES(104, 41, 1);
INSERT INTO `phpbb_topics_watch` VALUES(170, 75, 1);
INSERT INTO `phpbb_topics_watch` VALUES(318, 41, 0);
INSERT INTO `phpbb_topics_watch` VALUES(344, 41, 0);

-- --------------------------------------------------------

--
-- Structure de la table `phpbb_users`
--

CREATE TABLE IF NOT EXISTS `phpbb_users` (
  `user_id` mediumint(8) NOT NULL,
  `user_active` tinyint(1) default '1',
  `username` varchar(25) collate latin1_general_ci NOT NULL,
  `user_password` varchar(32) collate latin1_general_ci NOT NULL,
  `user_session_time` int(11) NOT NULL default '0',
  `user_session_page` smallint(5) NOT NULL default '0',
  `user_lastvisit` int(11) NOT NULL default '0',
  `user_regdate` int(11) NOT NULL default '0',
  `user_level` tinyint(4) default '0',
  `user_posts` mediumint(8) unsigned NOT NULL default '0',
  `user_timezone` decimal(5,2) NOT NULL default '0.00',
  `user_style` tinyint(4) default NULL,
  `user_lang` varchar(255) collate latin1_general_ci default NULL,
  `user_dateformat` varchar(14) collate latin1_general_ci NOT NULL default 'd M Y H:i',
  `user_new_privmsg` smallint(5) unsigned NOT NULL default '0',
  `user_unread_privmsg` smallint(5) unsigned NOT NULL default '0',
  `user_last_privmsg` int(11) NOT NULL default '0',
  `user_login_tries` smallint(5) unsigned NOT NULL default '0',
  `user_last_login_try` int(11) NOT NULL default '0',
  `user_emailtime` int(11) default NULL,
  `user_viewemail` tinyint(1) default NULL,
  `user_attachsig` tinyint(1) default NULL,
  `user_allowhtml` tinyint(1) default '1',
  `user_allowbbcode` tinyint(1) default '1',
  `user_allowsmile` tinyint(1) default '1',
  `user_allowavatar` tinyint(1) NOT NULL default '1',
  `user_allow_pm` tinyint(1) NOT NULL default '1',
  `user_allow_viewonline` tinyint(1) NOT NULL default '1',
  `user_notify` tinyint(1) NOT NULL default '1',
  `user_notify_pm` tinyint(1) NOT NULL default '0',
  `user_popup_pm` tinyint(1) NOT NULL default '0',
  `user_rank` int(11) default '0',
  `user_avatar` varchar(100) collate latin1_general_ci default NULL,
  `user_avatar_type` tinyint(4) NOT NULL default '0',
  `user_email` varchar(255) collate latin1_general_ci default NULL,
  `user_icq` varchar(15) collate latin1_general_ci default NULL,
  `user_website` varchar(100) collate latin1_general_ci default NULL,
  `user_from` varchar(100) collate latin1_general_ci default NULL,
  `user_sig` text collate latin1_general_ci,
  `user_sig_bbcode_uid` char(10) collate latin1_general_ci default NULL,
  `user_aim` varchar(255) collate latin1_general_ci default NULL,
  `user_yim` varchar(255) collate latin1_general_ci default NULL,
  `user_msnm` varchar(255) collate latin1_general_ci default NULL,
  `user_occ` varchar(100) collate latin1_general_ci default NULL,
  `user_interests` varchar(255) collate latin1_general_ci default NULL,
  `user_actkey` varchar(32) collate latin1_general_ci default NULL,
  `user_newpasswd` varchar(32) collate latin1_general_ci default NULL,
  PRIMARY KEY  (`user_id`),
  KEY `user_session_time` (`user_session_time`)
) ENGINE=MyISAM DEFAULT CHARSET=latin1 COLLATE=latin1_general_ci;

--
-- Contenu de la table `phpbb_users`
--

INSERT INTO `phpbb_users` VALUES(-1, 0, 'Anonymous', '', 0, 0, 0, 1193251118, 0, 16777215, 0.00, NULL, '', '', 0, 0, 0, 0, 0, NULL, 0, 0, 1, 1, 1, 1, 0, 1, 0, 1, 0, NULL, '', 0, '', '', '', '', '', NULL, '', '', '', '', '', '', '');
INSERT INTO `phpbb_users` VALUES(2, 1, 'Palafh', '03b9d3284b953ec6c58a148e7e327479', 1221833212, 0, 1221820226, 1193251118, 1, 252, 0.00, 1, 'french', 'd M Y h:i a', 0, 0, 1220980693, 0, 0, NULL, 1, 0, 1, 1, 1, 1, 1, 1, 0, 1, 1, 1, '', 0, 'palafh69@hotmail.fr', '', '', 'Lyon', '', '', '', '', 'palafh69@hotmail.fr', '', '', '', '');
INSERT INTO `phpbb_users` VALUES(3, 1, 'gelnus', '9990f593585ddad40832cbf3c7527209', 1221834621, 0, 1221764458, 1193681566, 2, 309, 0.00, 1, 'french', 'D M d, Y g:i a', 0, 0, 1220292130, 0, 0, NULL, 0, 1, 0, 1, 1, 1, 1, 1, 0, 1, 1, 3, '116945314047e551f02bf7f.jpg', 1, 'johnjohn62@wanadoo.fr', '', '', 'un coin perdu ds le nord', '&quot;le destin n''est pas une question de chance,mais une question de choix et d''action :Il n''est pas quelque chose qu''on doit attendre,mais qu''on doit accomplir&quot;\r\n\r\ngoogle, le seul endroit où on peut taper chuck norris^^', '6819059148', '', '', '', '', 'étudient', '', NULL);
INSERT INTO `phpbb_users` VALUES(4, 1, 'Azeleen', '3dba9bae42e7c07d5e0c78698e3fd2dd', 1221841469, 0, 1221825617, 1193684296, 2, 210, 0.00, 1, 'french', 'D M d, Y g:i a', 0, 0, 1214472567, 0, 0, NULL, 1, 1, 0, 1, 1, 1, 1, 1, 0, 1, 1, 0, '', 0, 'oriane83@free.fr', '', '', 'La ville du champagne ^^', '', '', '', '', '', '', '', '', NULL);
INSERT INTO `phpbb_users` VALUES(5, 1, 'Twinsen', 'cfe93922228f17994b4eab42614ba76f', 1221842220, -10, 1221766984, 1193687174, 2, 196, 0.00, 2, 'french', 'D M d, Y g:i a', 0, 65532, 1221842159, 0, 0, NULL, 0, 1, 0, 1, 0, 1, 1, 1, 0, 1, 0, 3, '', 0, 'twinsen33@caramail.com', '', '', '', '', '', '', '', '', '', '', '', NULL);
INSERT INTO `phpbb_users` VALUES(6, 1, 'Sharva', 'f4aa5ad97f72374b55446bd69678dadc', 1204051119, 0, 1204050941, 1193700296, 0, 0, 0.00, 2, 'french', 'D M d, Y g:i a', 0, 0, 0, 0, 0, NULL, 0, 1, 0, 1, 1, 1, 1, 1, 1, 1, 1, 0, '', 0, 'PhPariost@wanadoo.fr', '', '', '', '', '', '', '', '', 'Professeur des écoles', '', '', NULL);
INSERT INTO `phpbb_users` VALUES(7, 1, 'Jadel', '1836c16d71f7e1b1ce1cfc65bc9fab4f', 1204133555, 4, 1199980850, 1193743457, 0, 0, 0.00, 2, 'french', 'D M d, Y g:i a', 0, 0, 0, 0, 0, NULL, 0, 1, 0, 1, 1, 1, 1, 1, 1, 1, 1, 0, '', 0, 'bachris73@hotmail.com', '', '', 'Alsace (68)', '', '', '', '', '', '', '', '', '');
INSERT INTO `phpbb_users` VALUES(17, 1, 'RENDRALK', '9dc2123c0752e9900aca2a29acd044a7', 1215024483, -9, 1215016013, 1193827820, 2, 204, 0.00, 2, 'french', 'D M d, Y g:i a', 0, 0, 0, 2, 1213120921, NULL, 0, 1, 0, 1, 1, 1, 1, 1, 0, 1, 1, 3, '', 0, 'tom_blink_naruto@hotmail.com', '', '', '', '', '', '', '', '', '', '', '', '');
INSERT INTO `phpbb_users` VALUES(9, 1, 'lyophème', '4d3196e98fe1ab42cd3ed4a05205a36e', 1221843448, 0, 1221836901, 1193747806, 2, 77, 0.00, 1, 'french', 'D M d, Y g:i a', 0, 0, 1220377967, 0, 0, NULL, 0, 1, 0, 1, 1, 1, 1, 1, 0, 1, 1, 3, 'http://img364.imageshack.us/img364/904/99602185vy8.jpg', 2, 'tida_10@hotmail.com', '', '', 'là maintenant devant mon écran', 'Lyophème\r\nOfficier', '7bae730867', '', '', '', '', '', '', NULL);
INSERT INTO `phpbb_users` VALUES(10, 1, 'Pika', 'ff72b37f585eb4f6ef4e0e4394455ded', 1221843004, 0, 1221824581, 1193751991, 2, 71, 0.00, 2, 'french', 'D M d, Y g:i a', 0, 0, 1215678685, 0, 0, NULL, 0, 1, 1, 1, 1, 1, 1, 1, 0, 1, 1, 3, '', 0, 'pickaglace@gmail.com', '', '', '', '[img:ba1374a2d0]http://www.Photo-Host.org/thumb/713363pika.png[/img:ba1374a2d0]', 'ba1374a2d0', '', '', '', '', '', '', NULL);
INSERT INTO `phpbb_users` VALUES(11, 1, 'Zelinou', '426a1825a03cd2f4f42545c1ffaffb3b', 1209208122, 1, 1208809057, 1193759287, 0, 10, 0.00, 2, 'french', 'D M d, Y g:i a', 0, 0, 1197035757, 0, 0, NULL, 0, 1, 0, 1, 1, 1, 1, 1, 0, 1, 1, 0, '', 0, 'medos_5@hotmail.com', '', '', '', '', '', '', '', '', '', '', '', NULL);
INSERT INTO `phpbb_users` VALUES(98, 1, 'noêva', '5fe7c0b32cf01b415049f00596a8b8cf', 1220981610, 1, 1220802266, 1219172301, 0, 1, 1.00, 2, 'french', 'D M d, Y g:i a', 0, 0, 1219319629, 0, 0, NULL, 0, 1, 1, 1, 1, 1, 1, 1, 0, 1, 1, 0, '', 0, 'chipie2430@hotmail.fr', '', '', '', '', '', '', '', '', '', '', '', NULL);
INSERT INTO `phpbb_users` VALUES(39, 1, 'anarc', 'e98956da4f1c9bc5c7c94239b126bae9', 1221843261, 0, 1221843054, 1203294503, 0, 69, 1.00, 2, 'french', 'D M d, Y g:i a', 0, 0, 1214065778, 0, 0, NULL, 0, 1, 1, 1, 1, 1, 1, 0, 0, 1, 1, 0, '834167798486a57b5bacef.jpg', 1, 'esquim00@hotmail.com', '', '', 'à l''ouest du sud', '&lt;a&gt;&lt;img&gt;&lt;/a&gt;', 'f43d2c1196', '', '', 'esquim00@hotmail.com', '', '', '', NULL);
INSERT INTO `phpbb_users` VALUES(14, 1, 'Weller', 'db50eb3eba726773e4a715c3efb2eb32', 1221836697, 1, 1221667704, 1193773577, 0, 11, 0.00, 2, 'french', 'D M d, Y g:i a', 0, 0, 1221667704, 0, 0, NULL, 0, 1, 0, 1, 1, 1, 1, 1, 0, 1, 1, 0, '', 0, 'grunge971@yahoo.fr', '', '', '', '', '', '', '', '', '', '', '', NULL);
INSERT INTO `phpbb_users` VALUES(46, 1, 'Lunalya', '9ce44f88a25272b6d9cbb430ebbcfcf1', 1221650038, 0, 1221503157, 1203759829, 0, 103, 1.00, 2, 'french', 'D M d, Y g:i a', 0, 0, 1206435024, 0, 0, NULL, 0, 1, 1, 1, 1, 1, 1, 1, 0, 1, 1, 0, '', 0, 'Dipsynours@hotmail.com', '', '', '', '', '', '', '', '', '', '', '', NULL);
INSERT INTO `phpbb_users` VALUES(16, 1, 'Nyogath', 'f0d67b487131bd2b348060e6fdb3002d', 1221712608, 0, 1221281569, 1193805480, 0, 52, 0.00, 2, 'french', 'D M d, Y g:i a', 0, 0, 0, 0, 0, NULL, 0, 1, 0, 1, 1, 1, 1, 1, 0, 1, 1, 0, '12762261434863ed86e81b3.jpg', 1, 'Nyogath@hotmail.fr', '', '', 'Ardéche', 'Le fait de Savoir ne veut pas dire TOUT SAVOIR', 'b3c71d0b9b', '', '', '', 'Conducteur de Travaux', 'Cinema / Jeux Online / Vélo / Sorties ....', '', NULL);
INSERT INTO `phpbb_users` VALUES(18, 1, 'Papinova', 'de7e6c958aa29bea6b476d280193098f', 1219870732, 0, 1217593835, 1193855364, 2, 73, 0.00, 2, 'french', 'D M d, Y g:i a', 0, 0, 1216370294, 0, 0, NULL, 0, 1, 0, 1, 1, 1, 1, 1, 0, 0, 1, 0, '', 0, 'cyrrdar@yahoo.fr', '', '', 'DTC :p', '', '', '', '', '', '', '', '', NULL);
INSERT INTO `phpbb_users` VALUES(99, 1, 'erwin', 'a33878888f340e7d2286fb416b02c983', 1220802614, 0, 1220725261, 1219191007, 0, 0, 1.00, 2, 'french', 'D M d, Y g:i a', 0, 0, 0, 0, 0, NULL, 0, 1, 1, 1, 1, 1, 1, 1, 0, 1, 1, 0, '', 0, 'copinouseb@hotmail.fr', '', '', '', '', '', '', '', '', '', '', '', NULL);
INSERT INTO `phpbb_users` VALUES(20, 1, 'Khakoo', 'e5bd62b42448d2a0b542700b4b156eb3', 1221502681, 0, 1221418947, 1193915463, 2, 13, 0.00, 2, 'french', 'D M d, Y g:i a', 0, 0, 0, 0, 0, NULL, 0, 1, 1, 1, 1, 1, 1, 1, 0, 1, 1, 0, '', 0, 'zclown@softhome.net', '', 'http://www.google.com', 'localisé', '', '', '', '', '', 'Esclave', '', '', NULL);
INSERT INTO `phpbb_users` VALUES(60, 1, 'Lunablack', 'd35a117aee40b4d6af3e5e4b9170e4a6', 1221655557, 1, 1221561192, 1207087618, 0, 131, 1.00, 1, 'french', 'D M d, Y g:i a', 0, 0, 1220719804, 0, 0, NULL, 0, 1, 1, 1, 1, 1, 1, 1, 0, 1, 1, 0, '', 0, 'spiral-mistyk@hotmail.fr', '', '', 'reims', '[url=http://www.hiboox.com/lang-fr/image.php?img=s9vznabn.png][img:d243fc2439]http://images3.hiboox.com/vignettes/1708/s9vznabn.png[/img:d243fc2439][/url]', 'd243fc2439', '', '', '', 'technicien du spectacle', 'wow, poker, faire de la batterie', '', NULL);
INSERT INTO `phpbb_users` VALUES(45, 1, 'Cedra', '86bb875882f20c4cafb70fc8f8a1616f', 1221835128, 0, 1221834978, 1203694192, 0, 274, 1.00, 2, 'french', 'D M d, Y g:i a', 0, 0, 1220723623, 0, 0, NULL, 0, 1, 1, 1, 1, 1, 1, 1, 0, 1, 1, 0, 'http://i41.servimg.com/u/f41/11/21/89/21/avatar10.jpg', 2, 'delphine_454@hotmail.com', '', '', 'Amiens', '', '', '', '', 'delphine_454@hotmail.com', '', '', '', NULL);
INSERT INTO `phpbb_users` VALUES(59, 1, 'Ambrune', 'cad4a404dc78658245ceb8ddba3c87b0', 1221825598, 1, 1221822205, 1206549342, 0, 108, 1.00, 2, 'french', 'D M d, Y H:i', 0, 0, 0, 0, 0, NULL, 0, 1, 1, 1, 1, 1, 1, 1, 0, 1, 1, 0, '', 0, 'wedge_antilly@hotmail.com', '', '', 'Jamais bien loin', 'Ambrune\r\nSerrurière talentueuse', 'e881bc9db8', '', '', '', '', '', '', NULL);
INSERT INTO `phpbb_users` VALUES(25, 1, 'alundiel', 'f6dc438583afccf3ec9282e45ae87af9', 1221753238, 0, 1221655941, 1194306623, 0, 24, 0.00, 2, 'french', 'D M d, Y g:i a', 0, 0, 1205344181, 0, 0, NULL, 0, 1, 1, 1, 1, 1, 1, 1, 0, 1, 1, 0, '', 0, 'sigaudjulien@yahoo.fr', '', '', 'Paris pour le taf, Arcachon pour le coeur', '', '', '', '', '', 'Oil &amp; Gas à tout les étages', '', '', NULL);
INSERT INTO `phpbb_users` VALUES(90, 0, 'Xarow', 'ca4d983a48b1d5d9cd35a92fdcddefc5', 0, 0, 0, 1216223138, 0, 0, 1.00, 2, 'french', 'D M d, Y g:i a', 0, 0, 0, 0, 0, NULL, 0, 0, 0, 0, 0, 1, 1, 1, 0, 0, 0, 0, '', 0, 'd-jef@hotmail.fr', '', '', '', '', '', '', '', '', '', '', 'cf19b9', NULL);
INSERT INTO `phpbb_users` VALUES(43, 1, 'Fildeferre', '2fba8dd9d5d9b0ba7073c1687d877133', 1221654282, 16, 1220942804, 1203447845, 0, 25, 1.00, 2, 'french', 'D M d, Y g:i a', 0, 0, 0, 0, 0, NULL, 0, 1, 1, 1, 1, 1, 1, 1, 0, 1, 1, 0, '', 0, 'fenxone@msn.com', '', '', '', '', '', '', '', '', '', '', '', NULL);
INSERT INTO `phpbb_users` VALUES(27, 1, 'test', '3ebee519e9f8f560055062a2ae7cfc8b', 1205656992, 0, 1195032358, 1194971655, 0, 0, 1.00, 2, 'french', 'D M d, Y g:i a', 0, 0, 0, 2, 1220547891, NULL, 0, 1, 1, 1, 1, 1, 1, 1, 0, 1, 1, 0, '', 0, 'thouille77@hotmail.com', '', '', '', '', '', '', '', '', '', '', '', NULL);
INSERT INTO `phpbb_users` VALUES(42, 1, 'emispheria', '3f317c8f8aae17d6a888e49acc459d15', 1219163258, -4, 1219094444, 1203436924, 0, 89, 1.00, 2, 'french', 'D M d, Y g:i a', 0, 0, 0, 1, 1220296359, NULL, 0, 1, 1, 1, 1, 1, 1, 1, 0, 1, 1, 0, '', 0, 'ambrebdx33@hotmail.fr', '', '', 'bordeaux', '', '', '', '', '', '', '', 'cb2cf6', 'c4f44694f7d8b65c955eeb7d16365480');
INSERT INTO `phpbb_users` VALUES(41, 1, 'manray', '26e323e4f52ef3703d9f291df97d7571', 1221833911, 0, 1221811474, 1203425125, 0, 10, 1.00, 2, 'french', 'D M d, Y g:i a', 0, 0, 0, 0, 0, NULL, 0, 1, 1, 1, 1, 1, 1, 1, 1, 1, 1, 0, '', 0, 'pat.mil@free.fr', '', '', '', '', '', '', '', '', '', '', '', '');
INSERT INTO `phpbb_users` VALUES(91, 1, 'Xaroww', '235f94e58f4d3c0afcd3753915652fe3', 1218640933, 3, 1216551663, 1216467692, 0, 0, 1.00, 2, 'french', 'D M d, Y g:i a', 0, 0, 0, 0, 0, NULL, 0, 1, 1, 1, 1, 1, 1, 1, 0, 1, 1, 0, '', 0, 'djefouil@hotmail.fr', '', '', '', '', '', '', '', '', '', '', '', '');
INSERT INTO `phpbb_users` VALUES(32, 1, 'Aldegorde', 'feb3820dd8bac470a38aa415c3c4319e', 1221721396, 0, 1221686344, 1197744855, 0, 90, 1.00, 1, 'french', 'D M d, Y g:i a', 0, 0, 1221685213, 0, 0, NULL, 0, 1, 1, 1, 1, 1, 1, 1, 0, 1, 1, 0, '', 0, 'hobbie@nateos.com', '', '', '', 'Dit &quot;La Carpette&quot;', 'f9b8c3c3fd', '', '', '', '', '', '', NULL);
INSERT INTO `phpbb_users` VALUES(95, 1, 'moustarde', '6c331a328dd33990d729716907582743', 1221500231, 0, 1221327084, 1218381604, 0, 4, 1.00, 2, 'french', 'D M d, Y g:i a', 0, 0, 0, 0, 0, NULL, 0, 1, 1, 1, 1, 1, 1, 1, 0, 1, 1, 0, '', 0, 'sjonathan26@hotmail.com', '', '', '', '', '', '', '', '', '', '', '', NULL);
INSERT INTO `phpbb_users` VALUES(73, 1, 'Houpeur', '7f86ecf8a8f48549fe9c54ae58298766', 1221825656, -10, 1221661890, 1210423073, 0, 6, 1.00, 2, 'french', 'D M d, Y g:i a', 0, 0, 1221823444, 0, 0, NULL, 0, 1, 1, 1, 1, 1, 1, 1, 0, 1, 1, 0, '', 0, 'jalik.messak@wanadoo.fr', '', '', '', '', '', '', '', '', '', '', '', NULL);
INSERT INTO `phpbb_users` VALUES(36, 1, 'Lhena', '6be249c9612a94da8c104340707ab4d6', 1219077142, 0, 1211996035, 1200156261, 0, 0, 1.00, 2, 'french', 'D M d, Y g:i a', 0, 0, 0, 0, 0, NULL, 0, 1, 1, 1, 1, 1, 1, 1, 0, 1, 1, 0, '', 0, 'lhena@darkang.net', '', '', '', '', '', '', '', '', '', '', '', NULL);
INSERT INTO `phpbb_users` VALUES(38, 1, 'Grimpow', 'c3a24119d5808b604d5f9efbf96720a4', 1202929928, 1, 1202929533, 1202929475, 0, 0, 1.00, 2, 'french', 'D M d, Y g:i a', 0, 0, 0, 0, 0, NULL, 1, 1, 1, 1, 1, 1, 1, 1, 0, 1, 1, 0, '', 0, 'arkaton@homail.fr', '', '', '', '', '', '', '', '', '', '', '', NULL);
INSERT INTO `phpbb_users` VALUES(37, 1, 'Hizarik', 'faf2ca38c02c5f2ba1c49d200a03f9fb', 1216492600, -4, 1216403677, 1200330653, 0, 0, 1.00, 2, 'french', 'D M d, Y g:i a', 0, 0, 0, 0, 0, NULL, 0, 1, 1, 1, 1, 1, 1, 1, 0, 1, 1, 0, '', 0, 'bad51boys@hotmail.fr', '', '', '', '', '', '', '', '', '', '', '', NULL);
INSERT INTO `phpbb_users` VALUES(47, 1, 'faladel', 'd7d94fcb471568e036c837b808feced8', 1211443262, 2, 1211309671, 1203870552, 0, 1, 1.00, 2, 'french', 'D M d, Y g:i a', 0, 0, 0, 0, 0, NULL, 0, 1, 1, 1, 1, 1, 1, 1, 0, 1, 1, 0, '', 0, 'gaston@hotmail.fr', '', '', '', '', '', '', '', '', '', '', '', NULL);
INSERT INTO `phpbb_users` VALUES(49, 1, 'Vanicia', '3d801aa532c1cec3ee82d87a99fdf63f', 1207322413, -2, 1206119034, 1203876443, 0, 4, 1.00, 2, 'french', 'D M d, Y g:i a', 0, 0, 1205611341, 0, 0, NULL, 0, 1, 1, 1, 1, 1, 1, 1, 0, 1, 1, 0, '', 0, 'steph_link@msn.com', '', '', '', '', '', '', '', '', '', '', '', NULL);
INSERT INTO `phpbb_users` VALUES(50, 1, 'cocoelfe', '3d07d15575502647501a9c9f96267fa6', 1205428731, 1, 1203883043, 1203883024, 0, 0, 1.00, 2, 'french', 'D M d, Y g:i a', 0, 0, 0, 1, 1217069050, NULL, 0, 1, 1, 1, 1, 1, 1, 0, 0, 1, 1, 0, '', 0, 'coco35760@yahoo.fr', '', '', '', '', '', '', '', '', '', '', '', NULL);
INSERT INTO `phpbb_users` VALUES(51, 1, 'Moustacheman', 'c21badd84a757ee66ed3fff17ff244b7', 1221604463, 1, 1221556923, 1204042459, 0, 26, 1.00, 2, 'french', 'D M d, Y g:i a', 0, 0, 1205418536, 0, 0, NULL, 0, 1, 1, 1, 1, 1, 1, 1, 0, 1, 1, 0, '', 0, 'jimmysery@msn.com', '', '', '', '', '', '', '', '', '', '', '', NULL);
INSERT INTO `phpbb_users` VALUES(52, 1, 'Urandhal', 'bc486056a4a9e407f0f36357eb7ab378', 1221683678, 0, 1221676353, 1204108279, 0, 142, 1.00, 2, 'french', 'D M d, Y g:i a', 0, 0, 1207566398, 0, 0, NULL, 0, 1, 1, 1, 1, 1, 1, 1, 0, 1, 1, 0, 'http://img217.imageshack.us/img217/870/urandhalailesyesraai1.jpg', 2, 'contact@sbgraph.fr', '', '', '', '[img:0c412d498a]http://www.dkpsigs.com/sigs/ConfrerieduThorium/177067.jpg[/img:0c412d498a]', '0c412d498a', '', '', '', '', '', '', NULL);
INSERT INTO `phpbb_users` VALUES(54, 1, 'Caradriel', 'b9f2a1f63aa9db52cc5e07b0f07cdd72', 1221781993, 0, 1221693231, 1204497775, 0, 11, 1.00, 2, 'french', 'D M d, Y g:i a', 0, 0, 1221220164, 0, 0, NULL, 0, 1, 1, 1, 1, 1, 1, 0, 1, 1, 1, 0, '105686641648ae1d46c858c.jpg', 1, 'bachris73@free.fr', '', '', 'Alsace (68)', '', '', '', '', '', '', '', '', NULL);
INSERT INTO `phpbb_users` VALUES(55, 1, 'purplefog', '757d2b5965abaa19241ddd4ba1185ec4', 1221487548, 1, 1221051577, 1205064525, 0, 16, 1.00, 2, 'french', 'D M d, Y g:i a', 0, 0, 1220615131, 0, 0, NULL, 0, 1, 1, 1, 1, 1, 1, 1, 0, 1, 1, 0, '', 0, 'vitrylaurent@hotmail.com', '', '', '', 'Purplefog - Heal or not heal that is the question !', 'cee82c4427', '', '', '', '', '', '', NULL);
INSERT INTO `phpbb_users` VALUES(96, 1, 'Precha', '95ef8cd655c211cdfa8fc54d1a395459', 1218990878, 0, 1218982380, 1218739838, 0, 2, 1.00, 2, 'french', 'D M d, Y g:i a', 0, 0, 0, 0, 0, NULL, 0, 1, 1, 1, 1, 1, 1, 1, 0, 1, 1, 0, '', 0, 'gauthier.bouquet@hotmail.com', '', '', '', '', '', '', '', '', '', '', '', NULL);
INSERT INTO `phpbb_users` VALUES(57, 1, 'wanlorn', '627aaee31ca2d1a7f0dfc577256b8538', 1221660710, -4, 1219345366, 1205128650, 0, 1, 1.00, 2, 'french', 'D M d, Y g:i a', 0, 0, 0, 0, 0, NULL, 0, 1, 1, 1, 1, 1, 1, 1, 0, 1, 1, 0, '', 0, 'musashi-sama@hotmail.fr', '', '', '', '', '', '', '', 'musashi-sama@hotmail.fr', '', '', '', NULL);
INSERT INTO `phpbb_users` VALUES(58, 1, 'stylix', '4c95e23ae28d5f01c0cec6a6e3b98e52', 1206430494, 1, 1205720562, 1205344526, 0, 2, 1.00, 2, 'french', 'D M d, Y g:i a', 0, 0, 0, 0, 0, NULL, 1, 1, 1, 1, 1, 1, 1, 1, 0, 1, 1, 0, '', 0, 'sidjay2003@hotmail.com', '', '', 'meaux', 'Qui tente n''a rien !!!!!!!!! \r\nQui aime bien charie bien !!!!!!!!!', '1e49a67558', '', '', 'sidjay2003@hotmail.com', 'technicien de maintenance robotique', 'e-sports, univers hero fantastique', '', NULL);
INSERT INTO `phpbb_users` VALUES(61, 1, 'Dratof', '0cc59406b91d25299c0e211c578955b2', 1221566381, 1, 1221477513, 1207159075, 0, 6, 1.00, 2, 'french', 'D M d, Y g:i a', 0, 0, 1212785032, 0, 0, NULL, 0, 1, 1, 1, 1, 1, 1, 1, 0, 1, 1, 0, '', 0, 'thof@hotmail.fr', '', '', '', '', '', '', '', '', '', '', '', NULL);
INSERT INTO `phpbb_users` VALUES(64, 1, 'Luwaïn', 'fd4121458125ee77ad9d570285a79bda', 1221836420, 0, 1221823369, 1207430349, 0, 64, 1.00, 2, 'french', 'D M d, Y g:i a', 0, 0, 1210932110, 0, 0, NULL, 0, 1, 1, 1, 1, 1, 1, 0, 0, 1, 1, 0, '1163639259487388db26364.jpg', 1, 'i-b@defines.us', '', '', 'France-Finlande', '[url=http://eu.wowarmory.com/character-sheet.xml?r=Confr%C3%A9rie+du+Thorium&amp;n=Luwa%C3%AFn][color=#40BF40:1b60a3cb9d]Luwaïn[/color:1b60a3cb9d][/url]\r\n[url=http://eu.wowarmory.com/character-sheet.xml?r=Confr%C3%A9rie+du+Thorium&amp;n=Neito][color=#FFFFFF:1b60a3cb9d]Neito[/color:1b60a3cb9d][/url]', '1b60a3cb9d', '', '', '', '', '', '', NULL);
INSERT INTO `phpbb_users` VALUES(63, 1, 'Hollow', 'dc5badf90c2fa1eb4f240f77b6c7cf4b', 1207346367, 0, 1207333210, 1207332049, 0, 1, 1.00, 2, 'french', 'D M d, Y g:i a', 0, 0, 0, 0, 0, NULL, 0, 1, 1, 1, 1, 1, 1, 1, 0, 1, 1, 0, '', 0, 'antho-kun@live.fr', '', '', '', '', '', '', '', '', '', '', '', NULL);
INSERT INTO `phpbb_users` VALUES(65, 1, 'ryuken', '5f4801d6a317a74be5edcf51782d56ec', 1216657786, 0, 1216397890, 1207517858, 0, 0, 1.00, 2, 'french', 'D M d, Y g:i a', 0, 0, 0, 0, 0, NULL, 0, 1, 1, 1, 1, 1, 1, 1, 0, 1, 1, 0, '', 0, 'doktormax@free.fr', '', '', '', '', '', '', '', '', '', '', '', NULL);
INSERT INTO `phpbb_users` VALUES(66, 1, 'Zinna', '17240ce0f90e1ce18980cabad96a062c', 1220559429, 0, 1220548708, 1207555212, 0, 23, 1.00, 2, 'french', 'D M d, Y g:i a', 0, 0, 1207555227, 0, 0, NULL, 0, 1, 1, 1, 1, 1, 1, 1, 0, 1, 1, 0, '', 0, 'philippon.guillaume@gmail.com', '', '', '', '', '', '', '', '', '', '', '', NULL);
INSERT INTO `phpbb_users` VALUES(67, 1, 'pandarthn', '05d0374e244222b90291d6a26cda3314', 1219225473, 11, 1218727052, 1207906280, 0, 3, 1.00, 2, 'french', 'D M d, Y g:i a', 0, 0, 1218529695, 0, 0, NULL, 0, 1, 1, 1, 1, 1, 1, 1, 0, 1, 1, 0, '', 0, 'pandarthn@gmail.com', '', '', 'Dans les Alpes', '', '', '', '', '', 'Temporaire', 'WOW et montagne', '', NULL);
INSERT INTO `phpbb_users` VALUES(68, 1, 'Bibi', '3fdc3623477264cb5d0e14f256dbfbb8', 1221822382, 0, 1221756852, 1207936589, 0, 35, 1.00, 2, 'french', 'D M d, Y g:i a', 0, 0, 1221320560, 0, 0, NULL, 0, 1, 1, 1, 1, 1, 1, 1, 0, 1, 1, 0, '', 0, 'thepolyne@hotmail.fr', '', '', '', '', '', '', '', '', '', '', '', NULL);
INSERT INTO `phpbb_users` VALUES(71, 1, 'Burgond', 'ea33803f90c77f6cab6b04f9ef52beb1', 1221837033, 0, 1221808824, 1208161667, 0, 48, 2.00, 2, 'french', 'D M d, Y g:i a', 0, 0, 1220530491, 0, 0, NULL, 0, 1, 1, 1, 1, 1, 1, 1, 0, 1, 1, 0, '', 0, 'kally21@msn.com', '', '', '', '[img:b96ceaaf1f]http://img518.imageshack.us/img518/8386/wootqt0sn0.jpg[/img:b96ceaaf1f]\r\n\r\nLe namoureux de Biiiibiiiii', 'b96ceaaf1f', '', '', '', '', '', '', NULL);
INSERT INTO `phpbb_users` VALUES(70, 1, 'nozerlight', '740d6426aaf864afe64eb8260f38312d', 1219226628, -9, 1219226389, 1208024058, 0, 1, 1.00, 2, 'french', 'D M d, Y g:i a', 0, 0, 0, 0, 0, NULL, 0, 1, 1, 1, 1, 1, 1, 1, 0, 1, 1, 0, '', 0, 'nozerlight@hotmail.fr', '', '', '', '', '', '', '', '', '', '', '', NULL);
INSERT INTO `phpbb_users` VALUES(94, 1, 'kalyzéon', '3aed42d3e40745f38e53ec94ebd90284', 1221755547, 1, 1221499410, 1217648736, 0, 3, 1.00, 2, 'french', 'D M d, Y g:i a', 0, 0, 0, 0, 0, NULL, 0, 1, 1, 1, 1, 1, 1, 1, 0, 1, 1, 0, '', 0, 'kalyzeon@hotmail.fr', '', '', 'istres', '', '', '', '', 'kalyzeon@hotmail.fr', '', '', '', NULL);
INSERT INTO `phpbb_users` VALUES(92, 1, 'karnack', '57c107387a90476fb645d71c9bf6cd97', 1217369614, -9, 1217354636, 1217019797, 0, 3, 1.00, 2, 'french', 'D M d, Y g:i a', 0, 0, 1217019820, 0, 0, NULL, 0, 1, 1, 1, 1, 1, 1, 1, 0, 1, 1, 0, '', 0, 'lole891@hotmail.com', '', '', '', '', '', '', '', '', '', '', '', NULL);
INSERT INTO `phpbb_users` VALUES(93, 1, 'chrisr', '9ce44f88a25272b6d9cbb430ebbcfcf1', 1217172065, 0, 1217152275, 1217103269, 0, 5, 1.00, 2, 'french', 'D M d, Y g:i a', 0, 0, 0, 0, 0, NULL, 0, 1, 1, 1, 1, 1, 1, 1, 0, 1, 1, 0, '', 0, 'nimportequoi28@hotmail.com', '', '', 'quelque part en belgique ^^', '', '', '', '', '', 'hotelier', 'WOW et ami', '', NULL);
INSERT INTO `phpbb_users` VALUES(76, 1, 'Zyzer/Kalyzeon', '3aed42d3e40745f38e53ec94ebd90284', 1210713348, 2, 1210713132, 1210713075, 0, 0, 1.00, 2, 'french', 'D M d, Y g:i a', 0, 0, 1210713132, 0, 0, NULL, 1, 1, 1, 1, 1, 1, 1, 1, 0, 1, 1, 0, '', 0, 'KaLyZeON@hotmil.fr', '', '', 'istres (13)', '', '', '', '', 'kalyzeon@hotmail.fr', 'mecano', '', '', NULL);
INSERT INTO `phpbb_users` VALUES(78, 1, 'Omnika', 'fe546279a62683de8ca334b673420696', 1220959344, 0, 1220718503, 1211637537, 0, 2, 1.00, 2, 'french', 'D M d, Y g:i a', 0, 0, 0, 0, 0, NULL, 1, 1, 1, 1, 1, 1, 1, 1, 1, 1, 1, 0, '', 0, 'darkmanx_881@hotmail.com', '', '', '', '', '', '', '', '', '', '', '', NULL);
INSERT INTO `phpbb_users` VALUES(77, 1, 'Dreniack', '9a6a37494940bbb545730610419a8a9e', 1219344616, 0, 1219161701, 1211390060, 0, 3, 1.00, 2, 'french', 'D M d, Y g:i a', 0, 0, 1214662734, 0, 0, NULL, 0, 1, 1, 1, 1, 1, 1, 1, 0, 1, 1, 0, '', 0, 'pgellier@noos.fr', '', '', 'Paris', '', '', '', '', '', '', 'WoW', '', NULL);
INSERT INTO `phpbb_users` VALUES(79, 1, 'Nobby', '2843337abaaa9071d4c84d8584fadae5', 1212177374, 0, 1212166291, 1211798739, 0, 6, 1.00, 2, 'french', 'D M d, Y g:i a', 0, 0, 0, 0, 0, NULL, 0, 1, 1, 1, 1, 1, 1, 1, 0, 1, 1, 0, '', 0, 'hiroe@inorbit.com', '', '', '', '', '', '', '', '', '', '', '', NULL);
INSERT INTO `phpbb_users` VALUES(81, 1, 'Chocho', '5e1e77ba7242479ebb7249c1d5cd7039', 1212600355, 0, 1212582018, 1212507314, 0, 3, 1.00, 2, 'french', 'D M d, Y g:i a', 0, 0, 0, 0, 0, NULL, 0, 1, 1, 1, 1, 1, 1, 1, 0, 1, 1, 0, '', 0, 'choorinn@hotmail.fr', '', '', 'Amiens', '', '', '', '', '', 'Etudiant en alternance', 'Wow', '', NULL);
INSERT INTO `phpbb_users` VALUES(80, 1, 'Mixdarion', 'a280638195f9e88fb2fbdfcd1283d7fa', 1221822460, 0, 1221777724, 1212355348, 0, 138, 1.00, 2, 'french', 'D M d, Y g:i a', 0, 0, 1220724075, 0, 0, NULL, 0, 1, 1, 1, 1, 1, 1, 1, 0, 1, 1, 0, '', 0, 'cyril.ferrand@gmail.com', '', '', 'Near the sea :)', '[img:29cd19873c]http://forum.judgehype.com/images/perso/1/mixdarion.gif[/img:29cd19873c]MixDarion au régime^^ - [img:29cd19873c]http://forum.judgehype.com/images/perso/2/mixdarion.gif[/img:29cd19873c]Mixdaria de la glace vers les flammes', '29cd19873c', '', '', 'dafire@hotmail.com', '', '', '', NULL);
INSERT INTO `phpbb_users` VALUES(97, 1, 'Antéa', '67e5a45534065c68b81baa59368345a1', 1218816923, -1, 1218815946, 1218815905, 0, 1, 1.00, 2, 'french', 'D M d, Y g:i a', 0, 0, 0, 0, 0, NULL, 0, 1, 1, 1, 1, 1, 1, 1, 0, 1, 1, 0, '', 0, 'boulimika@hotmail.fr', '', '', '', '', '', '', '', '', '', '', '', NULL);
INSERT INTO `phpbb_users` VALUES(83, 1, 'kreog', '1eee85c59936d4d0c1527db341b17362', 1212695489, -9, 1212695057, 1212694948, 0, 1, 1.00, 2, 'french', 'D M d, Y g:i a', 0, 0, 0, 4, 1212955117, NULL, 0, 1, 1, 1, 1, 1, 1, 1, 0, 1, 1, 0, '', 0, 'roileo14@orange.fr', '', '', '', '', '', '', '', '', '', '', '', NULL);
INSERT INTO `phpbb_users` VALUES(84, 1, 'Ëno', 'c90b7f4378a55a9170642af29922cf5c', 1221739458, 0, 1221664892, 1212857566, 0, 23, 1.00, 2, 'french', 'D M d, Y g:i a', 0, 0, 1220505220, 0, 0, NULL, 0, 1, 1, 1, 1, 1, 1, 1, 0, 1, 1, 0, '629466961489f0dcc85fa0.jpg', 1, 'captain_riri@hotmail.fr', '', '', '', '[url=http://eu.wowarmory.com/character-sheet.xml?r=Confr%C3%A9rie+du+Thorium&amp;n=%C3%8Bno]Ëno[/url] le ptit guerrier tout triste...', 'd70af0b635', '', '', '', '', '', '', NULL);
INSERT INTO `phpbb_users` VALUES(89, 1, 'Nurhillÿon', 'b4a18c05677f90b9f3ac7fdcfd0db414', 1219770550, 0, 1218294831, 1215216646, 0, 9, 1.00, 2, 'french', 'D M d, Y g:i a', 0, 0, 0, 2, 1221776679, NULL, 0, 1, 1, 1, 1, 1, 1, 1, 0, 1, 1, 0, '', 0, 'astrophil78@hotmail.fr', '', '', '', '', '', '', '', '', '', '', '', NULL);
INSERT INTO `phpbb_users` VALUES(85, 1, 'Passepartous', 'b5d2942fb390731b99a80ed863908e6f', 1221600509, 1, 1220203557, 1213994020, 0, 1, 1.00, 2, 'french', 'D M d, Y g:i a', 0, 0, 0, 0, 0, NULL, 0, 1, 1, 1, 1, 1, 1, 1, 0, 1, 1, 0, '', 0, 'st_jeu@hotmail.com', '', '', '', '', '', '', '', '', '', '', '', '');
INSERT INTO `phpbb_users` VALUES(86, 1, 'hermenel', '4ee80d5a7af8f47e0e6dceea712bd9e4', 1216588797, 0, 1216548038, 1214915085, 0, 1, 1.00, 2, 'french', 'D M d, Y g:i a', 0, 0, 0, 0, 0, NULL, 0, 1, 1, 0, 1, 1, 1, 1, 0, 1, 0, 0, '', 0, 'patrick.fourel844@hotmail.fr', '', '', '', '', '', '', '', '', '', '', '', NULL);
INSERT INTO `phpbb_users` VALUES(101, 1, 'spyres', '1bd196e51948d620a9271aa72a38092e', 1221507287, 1, 1221504277, 1220463391, 0, 0, 1.00, 2, 'french', 'D M d, Y H:i', 0, 0, 1221500567, 0, 0, NULL, 1, 1, 1, 1, 1, 1, 1, 1, 1, 1, 1, 0, '', 0, 'spyreso_o@hotmail.fr', '', 'http://www.spyres.skyblog.com', '85', '', '', '', '', 'spyreso_o@hotmail.fr', 'étudiant', '', '', NULL);
INSERT INTO `phpbb_users` VALUES(88, 1, 'Porthios', '5f3df4dd9b390d42a09748902bd492e9', 1215082382, 1, 1215081855, 1215081697, 0, 0, 1.00, 2, 'french', 'D M d, Y g:i a', 0, 0, 0, 0, 0, NULL, 0, 1, 1, 1, 1, 1, 1, 1, 0, 1, 1, 0, '', 0, 'kokinou76@hotmail.com', '', '', '', '', '', '', '', '', '', '', '', NULL);
INSERT INTO `phpbb_users` VALUES(100, 1, 'Inackyn', 'da113681e404853ec49dc1c1aff69e34', 1221298643, 0, 1221037806, 1219825017, 0, 1, 4.00, 2, 'french', 'D M d, Y g:i a', 0, 0, 0, 0, 0, NULL, 0, 1, 1, 1, 1, 1, 1, 1, 0, 1, 1, 0, '', 0, 'inackyn@hotmail.fr', '', '', 'Île de La Réunion', '', '', '', '', '', '', '', '', NULL);

-- --------------------------------------------------------

--
-- Structure de la table `phpbb_user_group`
--

CREATE TABLE IF NOT EXISTS `phpbb_user_group` (
  `group_id` mediumint(8) NOT NULL default '0',
  `user_id` mediumint(8) NOT NULL default '0',
  `user_pending` tinyint(1) default NULL,
  KEY `group_id` (`group_id`),
  KEY `user_id` (`user_id`)
) ENGINE=MyISAM DEFAULT CHARSET=latin1 COLLATE=latin1_general_ci;

--
-- Contenu de la table `phpbb_user_group`
--

INSERT INTO `phpbb_user_group` VALUES(1, -1, 0);
INSERT INTO `phpbb_user_group` VALUES(2, 2, 0);
INSERT INTO `phpbb_user_group` VALUES(3, 3, 0);
INSERT INTO `phpbb_user_group` VALUES(4, 4, 0);
INSERT INTO `phpbb_user_group` VALUES(5, 5, 0);
INSERT INTO `phpbb_user_group` VALUES(6, 6, 0);
INSERT INTO `phpbb_user_group` VALUES(7, 7, 0);
INSERT INTO `phpbb_user_group` VALUES(17, 17, 0);
INSERT INTO `phpbb_user_group` VALUES(9, 9, 0);
INSERT INTO `phpbb_user_group` VALUES(10, 10, 0);
INSERT INTO `phpbb_user_group` VALUES(11, 11, 0);
INSERT INTO `phpbb_user_group` VALUES(46, 45, 0);
INSERT INTO `phpbb_user_group` VALUES(60, 10, 0);
INSERT INTO `phpbb_user_group` VALUES(14, 14, 0);
INSERT INTO `phpbb_user_group` VALUES(44, 43, 0);
INSERT INTO `phpbb_user_group` VALUES(16, 16, 0);
INSERT INTO `phpbb_user_group` VALUES(18, 18, 0);
INSERT INTO `phpbb_user_group` VALUES(19, 19, 0);
INSERT INTO `phpbb_user_group` VALUES(20, 20, 0);
INSERT INTO `phpbb_user_group` VALUES(42, 41, 0);
INSERT INTO `phpbb_user_group` VALUES(43, 42, 0);
INSERT INTO `phpbb_user_group` VALUES(41, 40, 0);
INSERT INTO `phpbb_user_group` VALUES(24, 24, 0);
INSERT INTO `phpbb_user_group` VALUES(25, 25, 0);
INSERT INTO `phpbb_user_group` VALUES(27, 27, 0);
INSERT INTO `phpbb_user_group` VALUES(28, 5, 0);
INSERT INTO `phpbb_user_group` VALUES(40, 39, 0);
INSERT INTO `phpbb_user_group` VALUES(30, 29, 0);
INSERT INTO `phpbb_user_group` VALUES(31, 30, 0);
INSERT INTO `phpbb_user_group` VALUES(74, 72, 0);
INSERT INTO `phpbb_user_group` VALUES(33, 32, 0);
INSERT INTO `phpbb_user_group` VALUES(34, 33, 0);
INSERT INTO `phpbb_user_group` VALUES(75, 73, 0);
INSERT INTO `phpbb_user_group` VALUES(54, 53, 0);
INSERT INTO `phpbb_user_group` VALUES(37, 36, 0);
INSERT INTO `phpbb_user_group` VALUES(38, 37, 0);
INSERT INTO `phpbb_user_group` VALUES(39, 38, 0);
INSERT INTO `phpbb_user_group` VALUES(47, 46, 0);
INSERT INTO `phpbb_user_group` VALUES(48, 47, 0);
INSERT INTO `phpbb_user_group` VALUES(61, 59, 0);
INSERT INTO `phpbb_user_group` VALUES(50, 49, 0);
INSERT INTO `phpbb_user_group` VALUES(51, 50, 0);
INSERT INTO `phpbb_user_group` VALUES(52, 51, 0);
INSERT INTO `phpbb_user_group` VALUES(53, 52, 0);
INSERT INTO `phpbb_user_group` VALUES(55, 54, 0);
INSERT INTO `phpbb_user_group` VALUES(56, 55, 0);
INSERT INTO `phpbb_user_group` VALUES(57, 56, 0);
INSERT INTO `phpbb_user_group` VALUES(58, 57, 0);
INSERT INTO `phpbb_user_group` VALUES(59, 58, 0);
INSERT INTO `phpbb_user_group` VALUES(60, 2, 0);
INSERT INTO `phpbb_user_group` VALUES(60, 5, 0);
INSERT INTO `phpbb_user_group` VALUES(60, 4, 0);
INSERT INTO `phpbb_user_group` VALUES(60, 17, 0);
INSERT INTO `phpbb_user_group` VALUES(60, 18, 0);
INSERT INTO `phpbb_user_group` VALUES(62, 60, 0);
INSERT INTO `phpbb_user_group` VALUES(63, 61, 0);
INSERT INTO `phpbb_user_group` VALUES(64, 62, 0);
INSERT INTO `phpbb_user_group` VALUES(65, 63, 0);
INSERT INTO `phpbb_user_group` VALUES(66, 64, 0);
INSERT INTO `phpbb_user_group` VALUES(67, 65, 0);
INSERT INTO `phpbb_user_group` VALUES(68, 66, 0);
INSERT INTO `phpbb_user_group` VALUES(69, 67, 0);
INSERT INTO `phpbb_user_group` VALUES(70, 68, 0);
INSERT INTO `phpbb_user_group` VALUES(71, 69, 0);
INSERT INTO `phpbb_user_group` VALUES(72, 70, 0);
INSERT INTO `phpbb_user_group` VALUES(73, 71, 0);
INSERT INTO `phpbb_user_group` VALUES(28, 71, 0);
INSERT INTO `phpbb_user_group` VALUES(28, 68, 0);
INSERT INTO `phpbb_user_group` VALUES(76, 74, 0);
INSERT INTO `phpbb_user_group` VALUES(77, 75, 0);
INSERT INTO `phpbb_user_group` VALUES(78, 76, 0);
INSERT INTO `phpbb_user_group` VALUES(79, 77, 0);
INSERT INTO `phpbb_user_group` VALUES(80, 78, 0);
INSERT INTO `phpbb_user_group` VALUES(81, 79, 0);
INSERT INTO `phpbb_user_group` VALUES(82, 80, 0);
INSERT INTO `phpbb_user_group` VALUES(83, 81, 0);
INSERT INTO `phpbb_user_group` VALUES(84, 82, 0);
INSERT INTO `phpbb_user_group` VALUES(85, 83, 0);
INSERT INTO `phpbb_user_group` VALUES(86, 84, 0);
INSERT INTO `phpbb_user_group` VALUES(87, 5, 0);
INSERT INTO `phpbb_user_group` VALUES(88, 85, 0);
INSERT INTO `phpbb_user_group` VALUES(89, 86, 0);
INSERT INTO `phpbb_user_group` VALUES(104, 101, 0);
INSERT INTO `phpbb_user_group` VALUES(91, 88, 0);
INSERT INTO `phpbb_user_group` VALUES(92, 89, 0);
INSERT INTO `phpbb_user_group` VALUES(93, 90, 0);
INSERT INTO `phpbb_user_group` VALUES(94, 91, 0);
INSERT INTO `phpbb_user_group` VALUES(95, 92, 0);
INSERT INTO `phpbb_user_group` VALUES(96, 93, 0);
INSERT INTO `phpbb_user_group` VALUES(97, 94, 0);
INSERT INTO `phpbb_user_group` VALUES(98, 95, 0);
INSERT INTO `phpbb_user_group` VALUES(99, 96, 0);
INSERT INTO `phpbb_user_group` VALUES(100, 97, 0);
INSERT INTO `phpbb_user_group` VALUES(101, 98, 0);
INSERT INTO `phpbb_user_group` VALUES(102, 99, 0);
INSERT INTO `phpbb_user_group` VALUES(103, 100, 0);

-- --------------------------------------------------------

--
-- Structure de la table `phpbb_vote_desc`
--

CREATE TABLE IF NOT EXISTS `phpbb_vote_desc` (
  `vote_id` mediumint(8) unsigned NOT NULL auto_increment,
  `topic_id` mediumint(8) unsigned NOT NULL default '0',
  `vote_text` text collate latin1_general_ci NOT NULL,
  `vote_start` int(11) NOT NULL default '0',
  `vote_length` int(11) NOT NULL default '0',
  PRIMARY KEY  (`vote_id`),
  KEY `topic_id` (`topic_id`)
) ENGINE=MyISAM  DEFAULT CHARSET=latin1 COLLATE=latin1_general_ci AUTO_INCREMENT=8 ;

--
-- Contenu de la table `phpbb_vote_desc`
--

INSERT INTO `phpbb_vote_desc` VALUES(1, 12, 'Pour ou contre une page dédiée au loot ?', 1193818690, 0);
INSERT INTO `phpbb_vote_desc` VALUES(2, 17, 'Quelle solution ?', 1193902717, 0);
INSERT INTO `phpbb_vote_desc` VALUES(4, 169, 'Que met-on dans la banque ?', 1210517211, 1296000);
INSERT INTO `phpbb_vote_desc` VALUES(5, 177, 'Pourriez vous assurer une presence a deux raids 25 par semaine', 1210866506, 0);
INSERT INTO `phpbb_vote_desc` VALUES(6, 193, 'Une soirée Naxxramas', 1211782562, 0);
INSERT INTO `phpbb_vote_desc` VALUES(7, 290, 'Quelle date vous arrange ?', 1220173823, 0);

-- --------------------------------------------------------

--
-- Structure de la table `phpbb_vote_results`
--

CREATE TABLE IF NOT EXISTS `phpbb_vote_results` (
  `vote_id` mediumint(8) unsigned NOT NULL default '0',
  `vote_option_id` tinyint(4) unsigned NOT NULL default '0',
  `vote_option_text` varchar(255) collate latin1_general_ci NOT NULL,
  `vote_result` int(11) NOT NULL default '0',
  KEY `vote_option_id` (`vote_option_id`),
  KEY `vote_id` (`vote_id`)
) ENGINE=MyISAM DEFAULT CHARSET=latin1 COLLATE=latin1_general_ci;

--
-- Contenu de la table `phpbb_vote_results`
--

INSERT INTO `phpbb_vote_results` VALUES(1, 1, 'Pour', 10);
INSERT INTO `phpbb_vote_results` VALUES(1, 2, 'Contre', 0);
INSERT INTO `phpbb_vote_results` VALUES(2, 1, '1 Groupe (vient qui peut)', 0);
INSERT INTO `phpbb_vote_results` VALUES(2, 2, '1 Groupe (50 % ancien jusqu''a opéra pour stuffer des nouveaux, puis 100% a partir du conservateur (pour que les anciens se stuffent et avancent))', 3);
INSERT INTO `phpbb_vote_results` VALUES(2, 3, '2 Groupes (Mix ancien nouveau (50/50))', 5);
INSERT INTO `phpbb_vote_results` VALUES(2, 4, '2 Groupes (1 Nouveau et un 1 ancien)', 1);
INSERT INTO `phpbb_vote_results` VALUES(2, 5, 'Sans opinion', 0);
INSERT INTO `phpbb_vote_results` VALUES(2, 6, 'Autre (poster un message)', 0);
INSERT INTO `phpbb_vote_results` VALUES(4, 3, 'ou alors on cree une guilde avec des rerolls et on met les compos bas niiveau dans la banque)', 3);
INSERT INTO `phpbb_vote_results` VALUES(4, 1, 'Tout (comme maintenant)', 5);
INSERT INTO `phpbb_vote_results` VALUES(4, 2, 'Que des objets pour niv70', 6);
INSERT INTO `phpbb_vote_results` VALUES(5, 1, 'Oui absolument', 13);
INSERT INTO `phpbb_vote_results` VALUES(5, 2, 'Oui ca peut etre gerable de temps en temps', 10);
INSERT INTO `phpbb_vote_results` VALUES(5, 3, 'NOn ca va vraiment etre trop occasionnel', 2);
INSERT INTO `phpbb_vote_results` VALUES(6, 1, 'Oui, je suis intéressé', 9);
INSERT INTO `phpbb_vote_results` VALUES(6, 2, 'Non, je ne suis pas intéressé', 1);
INSERT INTO `phpbb_vote_results` VALUES(6, 3, 'Peut-être, pourquoi pas.', 4);
INSERT INTO `phpbb_vote_results` VALUES(7, 1, '27/28 Septembre', 0);
INSERT INTO `phpbb_vote_results` VALUES(7, 2, '25/26 Octobre', 0);
INSERT INTO `phpbb_vote_results` VALUES(7, 3, '15/16 Novembre', 3);

-- --------------------------------------------------------

--
-- Structure de la table `phpbb_vote_voters`
--

CREATE TABLE IF NOT EXISTS `phpbb_vote_voters` (
  `vote_id` mediumint(8) unsigned NOT NULL default '0',
  `vote_user_id` mediumint(8) NOT NULL default '0',
  `vote_user_ip` char(8) collate latin1_general_ci NOT NULL,
  KEY `vote_id` (`vote_id`),
  KEY `vote_user_id` (`vote_user_id`),
  KEY `vote_user_ip` (`vote_user_ip`)
) ENGINE=MyISAM DEFAULT CHARSET=latin1 COLLATE=latin1_general_ci;

--
-- Contenu de la table `phpbb_vote_voters`
--

INSERT INTO `phpbb_vote_voters` VALUES(1, 2, '52431514');
INSERT INTO `phpbb_vote_voters` VALUES(1, 17, '52e0e43b');
INSERT INTO `phpbb_vote_voters` VALUES(1, 4, '52f4d463');
INSERT INTO `phpbb_vote_voters` VALUES(1, 3, '5a070982');
INSERT INTO `phpbb_vote_voters` VALUES(1, 18, '56cc4092');
INSERT INTO `phpbb_vote_voters` VALUES(1, -1, '587a69f9');
INSERT INTO `phpbb_vote_voters` VALUES(2, 18, '56cc4092');
INSERT INTO `phpbb_vote_voters` VALUES(2, 3, '5a0764ed');
INSERT INTO `phpbb_vote_voters` VALUES(2, 5, '52f4d463');
INSERT INTO `phpbb_vote_voters` VALUES(2, 4, '58b07c78');
INSERT INTO `phpbb_vote_voters` VALUES(2, -1, '50c8aebe');
INSERT INTO `phpbb_vote_voters` VALUES(2, -1, '5a2d9d69');
INSERT INTO `phpbb_vote_voters` VALUES(1, -1, '51f0874e');
INSERT INTO `phpbb_vote_voters` VALUES(1, 25, 'c3725a83');
INSERT INTO `phpbb_vote_voters` VALUES(1, 10, '53cafe2e');
INSERT INTO `phpbb_vote_voters` VALUES(2, -1, '53709afe');
INSERT INTO `phpbb_vote_voters` VALUES(2, 17, '52e0e43b');
INSERT INTO `phpbb_vote_voters` VALUES(1, 11, '56cb1bcb');
INSERT INTO `phpbb_vote_voters` VALUES(2, -1, '56c7c55b');
INSERT INTO `phpbb_vote_voters` VALUES(4, 32, '52e17087');
INSERT INTO `phpbb_vote_voters` VALUES(4, 59, '56ca70c9');
INSERT INTO `phpbb_vote_voters` VALUES(4, 39, '5a3c8b4b');
INSERT INTO `phpbb_vote_voters` VALUES(4, 2, 'c3067bfd');
INSERT INTO `phpbb_vote_voters` VALUES(4, 10, '5a2eb027');
INSERT INTO `phpbb_vote_voters` VALUES(4, 52, '51400d84');
INSERT INTO `phpbb_vote_voters` VALUES(4, 3, '5a07ad54');
INSERT INTO `phpbb_vote_voters` VALUES(4, 17, '52e0e43b');
INSERT INTO `phpbb_vote_voters` VALUES(4, 5, '52f4d463');
INSERT INTO `phpbb_vote_voters` VALUES(4, 4, '52f4d463');
INSERT INTO `phpbb_vote_voters` VALUES(4, 45, '5114d049');
INSERT INTO `phpbb_vote_voters` VALUES(4, 64, '5a09fcfc');
INSERT INTO `phpbb_vote_voters` VALUES(4, 18, '5150257c');
INSERT INTO `phpbb_vote_voters` VALUES(4, 55, 'd4ea6799');
INSERT INTO `phpbb_vote_voters` VALUES(5, 60, '58a55677');
INSERT INTO `phpbb_vote_voters` VALUES(5, 39, '5a3c8aae');
INSERT INTO `phpbb_vote_voters` VALUES(5, 9, '3e22ebbc');
INSERT INTO `phpbb_vote_voters` VALUES(5, 45, 'c392f606');
INSERT INTO `phpbb_vote_voters` VALUES(5, 52, '51400d84');
INSERT INTO `phpbb_vote_voters` VALUES(5, 51, '5a1f2bb1');
INSERT INTO `phpbb_vote_voters` VALUES(5, 5, '52f4d463');
INSERT INTO `phpbb_vote_voters` VALUES(5, 55, 'd4ea6799');
INSERT INTO `phpbb_vote_voters` VALUES(5, 59, '56d1eaa9');
INSERT INTO `phpbb_vote_voters` VALUES(5, 3, '5a12d02c');
INSERT INTO `phpbb_vote_voters` VALUES(5, 10, '53cafda8');
INSERT INTO `phpbb_vote_voters` VALUES(5, 18, '5150257c');
INSERT INTO `phpbb_vote_voters` VALUES(5, 68, '52ef9334');
INSERT INTO `phpbb_vote_voters` VALUES(5, 46, '4dda9411');
INSERT INTO `phpbb_vote_voters` VALUES(5, 42, '527deb42');
INSERT INTO `phpbb_vote_voters` VALUES(5, 17, '52e0e43b');
INSERT INTO `phpbb_vote_voters` VALUES(5, 20, '5a2e1141');
INSERT INTO `phpbb_vote_voters` VALUES(5, 64, '58b4041d');
INSERT INTO `phpbb_vote_voters` VALUES(5, 32, '52e17087');
INSERT INTO `phpbb_vote_voters` VALUES(5, 2, '52431514');
INSERT INTO `phpbb_vote_voters` VALUES(5, 71, '52ef9334');
INSERT INTO `phpbb_vote_voters` VALUES(5, 4, '52f4d463');
INSERT INTO `phpbb_vote_voters` VALUES(5, 54, '58a30414');
INSERT INTO `phpbb_vote_voters` VALUES(5, 14, '53c7540c');
INSERT INTO `phpbb_vote_voters` VALUES(6, 45, 'c392fdc0');
INSERT INTO `phpbb_vote_voters` VALUES(6, 9, '3e22ebbc');
INSERT INTO `phpbb_vote_voters` VALUES(6, 17, '52e0e43b');
INSERT INTO `phpbb_vote_voters` VALUES(6, 18, '5150257c');
INSERT INTO `phpbb_vote_voters` VALUES(6, 60, '58a55677');
INSERT INTO `phpbb_vote_voters` VALUES(6, 5, '52f4d463');
INSERT INTO `phpbb_vote_voters` VALUES(6, 71, 'c16e9874');
INSERT INTO `phpbb_vote_voters` VALUES(6, 79, '52f47dec');
INSERT INTO `phpbb_vote_voters` VALUES(5, 79, '52f47dec');
INSERT INTO `phpbb_vote_voters` VALUES(6, 68, '5a1cce12');
INSERT INTO `phpbb_vote_voters` VALUES(6, 3, '5a07a6ac');
INSERT INTO `phpbb_vote_voters` VALUES(6, 4, '52f4d463');
INSERT INTO `phpbb_vote_voters` VALUES(6, 25, 'c3725a83');
INSERT INTO `phpbb_vote_voters` VALUES(6, 32, '52e17087');
INSERT INTO `phpbb_vote_voters` VALUES(6, 42, '527dfbc5');
INSERT INTO `phpbb_vote_voters` VALUES(7, 3, '5a123572');
INSERT INTO `phpbb_vote_voters` VALUES(7, 45, '5114ddb5');
INSERT INTO `phpbb_vote_voters` VALUES(7, 54, '58a30414');

-- --------------------------------------------------------

--
-- Structure de la table `phpbb_words`
--

CREATE TABLE IF NOT EXISTS `phpbb_words` (
  `word_id` mediumint(8) unsigned NOT NULL auto_increment,
  `word` char(100) collate latin1_general_ci NOT NULL,
  `replacement` char(100) collate latin1_general_ci NOT NULL,
  PRIMARY KEY  (`word_id`)
) ENGINE=MyISAM DEFAULT CHARSET=latin1 COLLATE=latin1_general_ci AUTO_INCREMENT=1 ;

--
-- Contenu de la table `phpbb_words`
--


-- --------------------------------------------------------

--
-- Structure de la table `phpraider_announcements`
--

CREATE TABLE IF NOT EXISTS `phpraider_announcements` (
  `announcement_id` int(10) NOT NULL auto_increment,
  `announcement_title` varchar(45) collate latin1_general_ci NOT NULL default '',
  `announcement_msg` text collate latin1_general_ci NOT NULL,
  `announcement_timestamp` timestamp NOT NULL default CURRENT_TIMESTAMP on update CURRENT_TIMESTAMP,
  `profile_id` int(11) NOT NULL,
  PRIMARY KEY  (`announcement_id`)
) ENGINE=MyISAM  DEFAULT CHARSET=latin1 COLLATE=latin1_general_ci AUTO_INCREMENT=5 ;

--
-- Contenu de la table `phpraider_announcements`
--

INSERT INTO `phpraider_announcements` VALUES(4, 'Bienvenue', '<p>Pour vous inscrire, le principe est le meme que sur le Noriak.</p><ol><li><strong>S''enregistrer</strong> (Cr&eacute;ation d''un compte)</li><li><u><strong>Creer son (ou ses) perso(s)</strong></u> (utilis&eacute;s pour le jeu)&nbsp;</li></ol><p>Seuls les officiers peuvent creer des raids. Par d&eacute;faut, les nouveaux inscrits sont des simples membres (cf plus bas). Une fois par jour, je donnerai des acc&egrave;s Officiers aux officiers ! ^^</p><ul><li>Droit Membre : Vous n''avez le droit que de s''inscrire</li><li>Droit Officier : Cr&eacute;ation de raids, Annonces, Gestion de la feuille d''&eacute;quipe ...</li></ul>Le calendrier de raid se trouve sur la page d''acceuil.<br /><p>&nbsp;Voila, pour les questions n''hesitez pas &agrave; me MP sur le fofo.</p><p>Enjoy </p><p class="mceSeparatorLine"><u><strong>PS : Lyo, Nurhill&yuml;on, Dratof et Twinsen n''ont pas encore cr&eacute;e de perso (8h00 le 15/07) </strong></u></p>', '2008-07-15 23:24:19', 1);

-- --------------------------------------------------------

--
-- Structure de la table `phpraider_attribute`
--

CREATE TABLE IF NOT EXISTS `phpraider_attribute` (
  `attribute_id` int(11) NOT NULL auto_increment,
  `att_name` varchar(255) collate latin1_general_ci NOT NULL default '',
  `att_type` varchar(45) collate latin1_general_ci NOT NULL default '',
  `att_min` int(11) NOT NULL default '0',
  `att_max` int(11) NOT NULL default '0',
  `att_hover` int(1) NOT NULL default '0',
  `att_show` int(1) NOT NULL default '0',
  `att_icon` varchar(45) collate latin1_general_ci NOT NULL,
  PRIMARY KEY  (`attribute_id`)
) ENGINE=MyISAM  DEFAULT CHARSET=latin1 COLLATE=latin1_general_ci AUTO_INCREMENT=8 ;

--
-- Contenu de la table `phpraider_attribute`
--

INSERT INTO `phpraider_attribute` VALUES(1, 'Arcane Resistance', 'numeric', 0, 0, 0, 0, 'arcane_resistance.png');
INSERT INTO `phpraider_attribute` VALUES(2, 'Fire Resistance', 'numeric', 0, 0, 0, 0, 'fire_resistance.png');
INSERT INTO `phpraider_attribute` VALUES(3, 'Frost Resistance', 'numeric', 0, 0, 0, 0, 'frost_resistance.png');
INSERT INTO `phpraider_attribute` VALUES(4, 'Nature Resistance', 'numeric', 0, 0, 0, 0, 'nature_resistance.png');
INSERT INTO `phpraider_attribute` VALUES(5, 'Shadow Resistance', 'numeric', 0, 0, 0, 0, 'shadow_resistance.png');
INSERT INTO `phpraider_attribute` VALUES(6, 'Damage Gear', 'numeric', 0, 0, 0, 0, 'damage_gear.png');
INSERT INTO `phpraider_attribute` VALUES(7, 'Healing Gear', 'numeric', 0, 0, 0, 0, 'healing_gear.png');

-- --------------------------------------------------------

--
-- Structure de la table `phpraider_attribute_data`
--

CREATE TABLE IF NOT EXISTS `phpraider_attribute_data` (
  `character_id` int(11) NOT NULL default '0',
  `attribute_id` int(11) NOT NULL default '0',
  `att_value` varchar(255) collate latin1_general_ci NOT NULL default ''
) ENGINE=MyISAM DEFAULT CHARSET=latin1 COLLATE=latin1_general_ci;

--
-- Contenu de la table `phpraider_attribute_data`
--

INSERT INTO `phpraider_attribute_data` VALUES(1, 6, '1700');
INSERT INTO `phpraider_attribute_data` VALUES(2, 7, '1850');
INSERT INTO `phpraider_attribute_data` VALUES(34, 1, '0');
INSERT INTO `phpraider_attribute_data` VALUES(34, 2, '0');
INSERT INTO `phpraider_attribute_data` VALUES(34, 3, '10');
INSERT INTO `phpraider_attribute_data` VALUES(34, 4, '0');
INSERT INTO `phpraider_attribute_data` VALUES(34, 5, '0');
INSERT INTO `phpraider_attribute_data` VALUES(34, 7, '1300');
INSERT INTO `phpraider_attribute_data` VALUES(45, 7, '1493');
INSERT INTO `phpraider_attribute_data` VALUES(45, 6, '0');
INSERT INTO `phpraider_attribute_data` VALUES(45, 5, '0');
INSERT INTO `phpraider_attribute_data` VALUES(45, 4, '10');
INSERT INTO `phpraider_attribute_data` VALUES(45, 3, '0');
INSERT INTO `phpraider_attribute_data` VALUES(45, 2, '0');
INSERT INTO `phpraider_attribute_data` VALUES(45, 1, '0');
INSERT INTO `phpraider_attribute_data` VALUES(55, 1, '0');
INSERT INTO `phpraider_attribute_data` VALUES(55, 2, '0');
INSERT INTO `phpraider_attribute_data` VALUES(55, 3, '0');
INSERT INTO `phpraider_attribute_data` VALUES(55, 4, '0');
INSERT INTO `phpraider_attribute_data` VALUES(55, 5, '0');
INSERT INTO `phpraider_attribute_data` VALUES(55, 6, '938');
INSERT INTO `phpraider_attribute_data` VALUES(55, 7, '0');
INSERT INTO `phpraider_attribute_data` VALUES(56, 1, '0');
INSERT INTO `phpraider_attribute_data` VALUES(56, 2, '0');
INSERT INTO `phpraider_attribute_data` VALUES(56, 3, '0');
INSERT INTO `phpraider_attribute_data` VALUES(56, 4, '0');
INSERT INTO `phpraider_attribute_data` VALUES(56, 5, '0');
INSERT INTO `phpraider_attribute_data` VALUES(56, 6, '693');
INSERT INTO `phpraider_attribute_data` VALUES(56, 7, '1015');
INSERT INTO `phpraider_attribute_data` VALUES(66, 7, '1800');
INSERT INTO `phpraider_attribute_data` VALUES(72, 1, '0');
INSERT INTO `phpraider_attribute_data` VALUES(72, 2, '0');
INSERT INTO `phpraider_attribute_data` VALUES(72, 3, '0');
INSERT INTO `phpraider_attribute_data` VALUES(72, 4, '0');
INSERT INTO `phpraider_attribute_data` VALUES(72, 5, '0');
INSERT INTO `phpraider_attribute_data` VALUES(72, 6, '675');
INSERT INTO `phpraider_attribute_data` VALUES(72, 7, '1778');
INSERT INTO `phpraider_attribute_data` VALUES(77, 1, '33');
INSERT INTO `phpraider_attribute_data` VALUES(77, 2, '33');
INSERT INTO `phpraider_attribute_data` VALUES(77, 3, '33');
INSERT INTO `phpraider_attribute_data` VALUES(77, 4, '43');
INSERT INTO `phpraider_attribute_data` VALUES(77, 5, '33');
INSERT INTO `phpraider_attribute_data` VALUES(77, 6, '975');
INSERT INTO `phpraider_attribute_data` VALUES(77, 7, '975');

-- --------------------------------------------------------

--
-- Structure de la table `phpraider_character`
--

CREATE TABLE IF NOT EXISTS `phpraider_character` (
  `character_id` int(11) NOT NULL auto_increment,
  `profile_id` int(11) NOT NULL default '0',
  `char_name` varchar(45) collate latin1_general_ci NOT NULL default '',
  `class_id` int(11) NOT NULL default '0',
  `race_id` int(11) NOT NULL default '0',
  `gender_id` int(11) NOT NULL default '0',
  `guild_id` int(11) NOT NULL default '0',
  `char_level` varchar(45) collate latin1_general_ci NOT NULL default '',
  PRIMARY KEY  (`character_id`)
) ENGINE=MyISAM  DEFAULT CHARSET=latin1 COLLATE=latin1_general_ci AUTO_INCREMENT=80 ;

--
-- Contenu de la table `phpraider_character`
--

INSERT INTO `phpraider_character` VALUES(1, 1, 'Pilzen', 6, 6, 2, 1, '70');
INSERT INTO `phpraider_character` VALUES(2, 1, 'Palafh', 4, 5, 1, 1, '70');
INSERT INTO `phpraider_character` VALUES(7, 8, 'Pikaglace', 3, 5, 2, 1, '70');
INSERT INTO `phpraider_character` VALUES(6, 8, 'Katchwa', 7, 2, 2, 1, '70');
INSERT INTO `phpraider_character` VALUES(8, 10, 'Lunalya', 2, 6, 2, 1, '70');
INSERT INTO `phpraider_character` VALUES(9, 11, 'Azeleen', 2, 6, 2, 1, '70');
INSERT INTO `phpraider_character` VALUES(10, 12, 'Urandhal', 9, 6, 1, 1, '70');
INSERT INTO `phpraider_character` VALUES(11, 5, 'Luwaïn', 2, 6, 2, -1, '70');
INSERT INTO `phpraider_character` VALUES(12, 5, 'Neito', 5, 5, 2, -1, '70');
INSERT INTO `phpraider_character` VALUES(13, 17, 'Eno', 9, 6, 1, 1, '70');
INSERT INTO `phpraider_character` VALUES(14, 7, 'Burgond', 7, 2, 1, 1, '70');
INSERT INTO `phpraider_character` VALUES(15, 13, 'Anarc', 2, 6, 1, 1, '70');
INSERT INTO `phpraider_character` VALUES(16, 19, 'Mous', 5, 6, 1, 1, '70');
INSERT INTO `phpraider_character` VALUES(17, 18, 'Cedra', 1, 6, 2, 1, '70');
INSERT INTO `phpraider_character` VALUES(18, 18, 'Tarja', 8, 5, 2, 1, '70');
INSERT INTO `phpraider_character` VALUES(19, 24, 'Khakho', 6, 6, 1, 1, '70');
INSERT INTO `phpraider_character` VALUES(20, 24, 'Khakoo', 8, 5, 1, 1, '70');
INSERT INTO `phpraider_character` VALUES(21, 25, 'Ambrune', 6, 6, 2, -1, '70');
INSERT INTO `phpraider_character` VALUES(22, 23, 'Lunablack', 5, 6, 2, 1, '70');
INSERT INTO `phpraider_character` VALUES(23, 15, 'Mixdarion', 1, 6, 1, 1, '70');
INSERT INTO `phpraider_character` VALUES(24, 21, 'Omnika', 8, 5, 2, 1, '70');
INSERT INTO `phpraider_character` VALUES(25, 14, 'Gelnus', 9, 6, 1, 1, '70');
INSERT INTO `phpraider_character` VALUES(26, 9, 'Bibi', 3, 4, 2, 1, '70');
INSERT INTO `phpraider_character` VALUES(27, 9, 'Zaheny', 5, 2, 2, 1, '70');
INSERT INTO `phpraider_character` VALUES(28, 28, 'Weller The Warogue', 6, 5, 1, 1, '70');
INSERT INTO `phpraider_character` VALUES(29, 16, 'Nurhillÿon', 1, 6, 1, 1, '70');
INSERT INTO `phpraider_character` VALUES(30, 29, 'Caradriel', 3, 5, 2, 1, '70');
INSERT INTO `phpraider_character` VALUES(31, 29, 'Ethel', 9, 6, 2, 1, '70');
INSERT INTO `phpraider_character` VALUES(32, 29, 'Jadel', 5, 5, 2, 1, '70');
INSERT INTO `phpraider_character` VALUES(33, 29, 'Aveline', 2, 6, 2, 1, '70');
INSERT INTO `phpraider_character` VALUES(34, 30, 'Wanlorn', 4, 3, 1, 1, '70');
INSERT INTO `phpraider_character` VALUES(35, 26, 'Manray', 3, 5, 1, 1, '70');
INSERT INTO `phpraider_character` VALUES(36, 26, 'wolfen', 2, 6, 1, 1, '70');
INSERT INTO `phpraider_character` VALUES(37, 26, 'aguro', 9, 6, 1, 1, '70');
INSERT INTO `phpraider_character` VALUES(38, 26, 'demotep', 8, 5, 1, 1, '70');
INSERT INTO `phpraider_character` VALUES(39, 32, 'hiza', 9, 6, 1, 1, '70');
INSERT INTO `phpraider_character` VALUES(40, 32, 'gaby', 8, 5, 1, 1, '70');
INSERT INTO `phpraider_character` VALUES(41, 20, 'Magitof', 3, 5, 1, 1, '70');
INSERT INTO `phpraider_character` VALUES(42, 20, 'Dratof', 7, 2, 1, 1, '70');
INSERT INTO `phpraider_character` VALUES(43, 33, 'Xarow', 1, 6, 1, 1, '70');
INSERT INTO `phpraider_character` VALUES(44, 34, 'ledaî', 8, 4, 1, 1, '70');
INSERT INTO `phpraider_character` VALUES(45, 35, 'Purplefog', 5, 6, 1, 1, '70');
INSERT INTO `phpraider_character` VALUES(46, 29, 'Meryll', 8, 5, 2, 1, '70');
INSERT INTO `phpraider_character` VALUES(47, 27, 'Alundiel', 2, 6, 1, 1, '70');
INSERT INTO `phpraider_character` VALUES(48, 31, 'Miharuchan', 1, 6, 2, 1, '70');
INSERT INTO `phpraider_character` VALUES(49, 31, 'Ryuken', 3, 2, 1, 1, '70');
INSERT INTO `phpraider_character` VALUES(50, 36, 'emispheria', 2, 6, 2, 1, '70');
INSERT INTO `phpraider_character` VALUES(51, 37, 'kalyzéon', 3, 4, 1, 1, '70');
INSERT INTO `phpraider_character` VALUES(52, 37, 'zyzer', 9, 6, 1, 1, '70');
INSERT INTO `phpraider_character` VALUES(53, 37, 'mortdur', 2, 6, 1, 1, '70');
INSERT INTO `phpraider_character` VALUES(54, 22, 'Twinsen', 4, 5, 1, 1, '70');
INSERT INTO `phpraider_character` VALUES(55, 38, 'Aldegorde', 3, 5, 1, 1, '70');
INSERT INTO `phpraider_character` VALUES(56, 38, 'Luminax', 5, 6, 1, 1, '70');
INSERT INTO `phpraider_character` VALUES(57, 34, 'faladel', 9, 6, 1, 1, '70');
INSERT INTO `phpraider_character` VALUES(58, 34, 'hexa', 3, 4, 1, 1, '70');
INSERT INTO `phpraider_character` VALUES(59, 12, 'Passif', 5, 5, 1, 1, '70');
INSERT INTO `phpraider_character` VALUES(60, 19, 'Mousarcania', 3, 5, 2, -1, '70');
INSERT INTO `phpraider_character` VALUES(61, 40, 'Moustarde', 2, 2, 2, -1, '70');
INSERT INTO `phpraider_character` VALUES(64, 41, 'rabît', 1, 6, 1, 1, '70');
INSERT INTO `phpraider_character` VALUES(63, 34, 'grautas', 4, 3, 1, 1, '70');
INSERT INTO `phpraider_character` VALUES(65, 20, 'Druitôf', 1, 6, 1, 1, '70');
INSERT INTO `phpraider_character` VALUES(66, 39, 'Lïxia', 4, 2, 2, -1, '70');
INSERT INTO `phpraider_character` VALUES(67, 44, 'lhena', 8, 5, 2, 1, '70');
INSERT INTO `phpraider_character` VALUES(68, 44, 'oscura', 3, 2, 2, 1, '67');
INSERT INTO `phpraider_character` VALUES(69, 42, 'dreniack', 8, 5, 1, 1, '70');
INSERT INTO `phpraider_character` VALUES(70, 46, 'Houpeur', 4, 5, 1, -1, '70');
INSERT INTO `phpraider_character` VALUES(71, 47, 'Inackyn', 2, 3, 1, -1, '70');
INSERT INTO `phpraider_character` VALUES(72, 47, 'Rudwin', 5, 5, 1, -1, '70');
INSERT INTO `phpraider_character` VALUES(73, 5, 'Kalië', 1, 6, 2, -1, '70');
INSERT INTO `phpraider_character` VALUES(74, 48, 'Passepartous', 9, 3, 1, 1, '70');
INSERT INTO `phpraider_character` VALUES(75, 46, 'Tourmentine', 9, 6, 2, -1, '70');
INSERT INTO `phpraider_character` VALUES(76, 45, 'erwin', 5, 6, 2, -1, '70');
INSERT INTO `phpraider_character` VALUES(77, 49, 'spyres', 1, 6, 1, 1, '70');
INSERT INTO `phpraider_character` VALUES(78, 6, 'Lyophème', 4, 5, 1, 1, '70');
INSERT INTO `phpraider_character` VALUES(79, 6, 'Nelvea', 3, 5, 2, 1, '70');

-- --------------------------------------------------------

--
-- Structure de la table `phpraider_class`
--

CREATE TABLE IF NOT EXISTS `phpraider_class` (
  `class_id` int(11) NOT NULL auto_increment,
  `class_color` varchar(255) collate latin1_general_ci NOT NULL default '',
  `class_name` varchar(45) collate latin1_general_ci NOT NULL default '',
  PRIMARY KEY  (`class_id`)
) ENGINE=MyISAM  DEFAULT CHARSET=latin1 COLLATE=latin1_general_ci AUTO_INCREMENT=10 ;

--
-- Contenu de la table `phpraider_class`
--

INSERT INTO `phpraider_class` VALUES(1, 'Orange', 'Druide');
INSERT INTO `phpraider_class` VALUES(2, 'Green', 'Chasseur');
INSERT INTO `phpraider_class` VALUES(3, 'Cyan', 'Mage');
INSERT INTO `phpraider_class` VALUES(4, 'Magenta', 'Paladin');
INSERT INTO `phpraider_class` VALUES(5, 'Grey', 'Pretre');
INSERT INTO `phpraider_class` VALUES(6, 'Gold', 'Voleur');
INSERT INTO `phpraider_class` VALUES(7, 'Blue', 'Chaman');
INSERT INTO `phpraider_class` VALUES(8, 'Purple', 'Demoniste');
INSERT INTO `phpraider_class` VALUES(9, 'Brown', 'Guerrier');

-- --------------------------------------------------------

--
-- Structure de la table `phpraider_config`
--

CREATE TABLE IF NOT EXISTS `phpraider_config` (
  `name` varchar(255) collate latin1_general_ci NOT NULL,
  `value` varchar(255) collate latin1_general_ci NOT NULL,
  UNIQUE KEY `name` (`name`)
) ENGINE=MyISAM DEFAULT CHARSET=latin1 COLLATE=latin1_general_ci;

--
-- Contenu de la table `phpraider_config`
--

INSERT INTO `phpraider_config` VALUES('game', 'WoW');
INSERT INTO `phpraider_config` VALUES('min_level', '70');
INSERT INTO `phpraider_config` VALUES('max_level', '70');
INSERT INTO `phpraider_config` VALUES('min_raiders', '5');
INSERT INTO `phpraider_config` VALUES('max_raiders', '15');
INSERT INTO `phpraider_config` VALUES('multi_class', '1');
INSERT INTO `phpraider_config` VALUES('allow_anonymous', '0');
INSERT INTO `phpraider_config` VALUES('auto_queue', '1');
INSERT INTO `phpraider_config` VALUES('debug_mode', '0');
INSERT INTO `phpraider_config` VALUES('default_group', '3');
INSERT INTO `phpraider_config` VALUES('disable_site', '0');
INSERT INTO `phpraider_config` VALUES('disable_site_message', '');
INSERT INTO `phpraider_config` VALUES('disable_freeze', '1');
INSERT INTO `phpraider_config` VALUES('report_max', '100');
INSERT INTO `phpraider_config` VALUES('language', 'french');
INSERT INTO `phpraider_config` VALUES('template', 'WoWMoonclawbb3');
INSERT INTO `phpraider_config` VALUES('authentication', 'phpraider');
INSERT INTO `phpraider_config` VALUES('date_format', 'd/m/y');
INSERT INTO `phpraider_config` VALUES('time_format', 'H:i');
INSERT INTO `phpraider_config` VALUES('timezone', '100');
INSERT INTO `phpraider_config` VALUES('dst', '100');
INSERT INTO `phpraider_config` VALUES('admin_email', 'palafh69@hotmail.fr');
INSERT INTO `phpraider_config` VALUES('admin_name', 'Palafh');
INSERT INTO `phpraider_config` VALUES('site_url', 'http://tenebraecdt.free.fr/Phpraider/');
INSERT INTO `phpraider_config` VALUES('guild_name', '');
INSERT INTO `phpraider_config` VALUES('guild_server', '');
INSERT INTO `phpraider_config` VALUES('guild_master', '');
INSERT INTO `phpraider_config` VALUES('first_day_of_week', '1');

-- --------------------------------------------------------

--
-- Structure de la table `phpraider_config_auth`
--

CREATE TABLE IF NOT EXISTS `phpraider_config_auth` (
  `name` varchar(255) collate latin1_general_ci NOT NULL,
  `value` varchar(255) collate latin1_general_ci NOT NULL,
  UNIQUE KEY `name` (`name`)
) ENGINE=MyISAM DEFAULT CHARSET=latin1 COLLATE=latin1_general_ci;

--
-- Contenu de la table `phpraider_config_auth`
--

INSERT INTO `phpraider_config_auth` VALUES('register_url', 'index.php?option=com_register');
INSERT INTO `phpraider_config_auth` VALUES('use_login', '1');

-- --------------------------------------------------------

--
-- Structure de la table `phpraider_definitions`
--

CREATE TABLE IF NOT EXISTS `phpraider_definitions` (
  `class_id` int(11) NOT NULL,
  `race_id` int(11) NOT NULL
) ENGINE=MyISAM DEFAULT CHARSET=latin1 COLLATE=latin1_general_ci;

--
-- Contenu de la table `phpraider_definitions`
--

INSERT INTO `phpraider_definitions` VALUES(9, 6);
INSERT INTO `phpraider_definitions` VALUES(9, 5);
INSERT INTO `phpraider_definitions` VALUES(9, 4);
INSERT INTO `phpraider_definitions` VALUES(6, 6);
INSERT INTO `phpraider_definitions` VALUES(7, 2);
INSERT INTO `phpraider_definitions` VALUES(3, 4);
INSERT INTO `phpraider_definitions` VALUES(9, 3);
INSERT INTO `phpraider_definitions` VALUES(5, 6);
INSERT INTO `phpraider_definitions` VALUES(6, 5);
INSERT INTO `phpraider_definitions` VALUES(8, 5);
INSERT INTO `phpraider_definitions` VALUES(4, 2);
INSERT INTO `phpraider_definitions` VALUES(5, 5);
INSERT INTO `phpraider_definitions` VALUES(6, 4);
INSERT INTO `phpraider_definitions` VALUES(5, 3);
INSERT INTO `phpraider_definitions` VALUES(4, 3);
INSERT INTO `phpraider_definitions` VALUES(6, 3);
INSERT INTO `phpraider_definitions` VALUES(5, 2);
INSERT INTO `phpraider_definitions` VALUES(2, 6);
INSERT INTO `phpraider_definitions` VALUES(3, 2);
INSERT INTO `phpraider_definitions` VALUES(8, 4);
INSERT INTO `phpraider_definitions` VALUES(4, 5);
INSERT INTO `phpraider_definitions` VALUES(2, 3);
INSERT INTO `phpraider_definitions` VALUES(2, 2);
INSERT INTO `phpraider_definitions` VALUES(9, 2);
INSERT INTO `phpraider_definitions` VALUES(3, 5);
INSERT INTO `phpraider_definitions` VALUES(1, 6);

-- --------------------------------------------------------

--
-- Structure de la table `phpraider_gender`
--

CREATE TABLE IF NOT EXISTS `phpraider_gender` (
  `gender_id` int(11) NOT NULL auto_increment,
  `gender_name` varchar(45) collate latin1_general_ci NOT NULL default '',
  `gender_icon` varchar(45) collate latin1_general_ci NOT NULL,
  PRIMARY KEY  (`gender_id`)
) ENGINE=MyISAM  DEFAULT CHARSET=latin1 COLLATE=latin1_general_ci AUTO_INCREMENT=3 ;

--
-- Contenu de la table `phpraider_gender`
--

INSERT INTO `phpraider_gender` VALUES(1, 'Homme', '');
INSERT INTO `phpraider_gender` VALUES(2, 'Femme', '');

-- --------------------------------------------------------

--
-- Structure de la table `phpraider_groups`
--

CREATE TABLE IF NOT EXISTS `phpraider_groups` (
  `group_id` int(10) unsigned NOT NULL auto_increment,
  `group_name` varchar(45) collate latin1_general_ci NOT NULL,
  PRIMARY KEY  (`group_id`)
) ENGINE=MyISAM  DEFAULT CHARSET=latin1 COLLATE=latin1_general_ci AUTO_INCREMENT=4 ;

--
-- Contenu de la table `phpraider_groups`
--

INSERT INTO `phpraider_groups` VALUES(1, 'Superuser');
INSERT INTO `phpraider_groups` VALUES(2, 'Officier');
INSERT INTO `phpraider_groups` VALUES(3, 'Autre');

-- --------------------------------------------------------

--
-- Structure de la table `phpraider_guild`
--

CREATE TABLE IF NOT EXISTS `phpraider_guild` (
  `guild_id` int(11) NOT NULL auto_increment,
  `guild_name` varchar(45) collate latin1_general_ci NOT NULL,
  `guild_tag` varchar(45) collate latin1_general_ci NOT NULL,
  `guild_master` varchar(45) collate latin1_general_ci NOT NULL,
  PRIMARY KEY  (`guild_id`)
) ENGINE=MyISAM  DEFAULT CHARSET=latin1 COLLATE=latin1_general_ci AUTO_INCREMENT=2 ;

--
-- Contenu de la table `phpraider_guild`
--

INSERT INTO `phpraider_guild` VALUES(1, 'Tenebrae Angelus', 'TA', 'Twinsen');

-- --------------------------------------------------------

--
-- Structure de la table `phpraider_permissions`
--

CREATE TABLE IF NOT EXISTS `phpraider_permissions` (
  `permission_name` varchar(255) collate latin1_general_ci NOT NULL,
  `permission_value` int(11) NOT NULL default '0',
  `group_id` int(11) NOT NULL
) ENGINE=MyISAM DEFAULT CHARSET=latin1 COLLATE=latin1_general_ci;

--
-- Contenu de la table `phpraider_permissions`
--

INSERT INTO `phpraider_permissions` VALUES('allow_signup', 1, 1);
INSERT INTO `phpraider_permissions` VALUES('view_members', 1, 1);
INSERT INTO `phpraider_permissions` VALUES('view_raids', 1, 1);
INSERT INTO `phpraider_permissions` VALUES('view_roster', 1, 1);
INSERT INTO `phpraider_permissions` VALUES('view_history_own', 1, 1);
INSERT INTO `phpraider_permissions` VALUES('edit_characters_own', 1, 1);
INSERT INTO `phpraider_permissions` VALUES('edit_announcements_own', 1, 1);
INSERT INTO `phpraider_permissions` VALUES('edit_raids_own', 1, 1);
INSERT INTO `phpraider_permissions` VALUES('edit_subscriptions_own', 1, 1);
INSERT INTO `phpraider_permissions` VALUES('allow_backups', 1, 1);
INSERT INTO `phpraider_permissions` VALUES('edit_configuration', 1, 1);
INSERT INTO `phpraider_permissions` VALUES('edit_attributes', 1, 1);
INSERT INTO `phpraider_permissions` VALUES('edit_definitions', 1, 1);
INSERT INTO `phpraider_permissions` VALUES('edit_genders', 1, 1);
INSERT INTO `phpraider_permissions` VALUES('edit_guilds', 1, 1);
INSERT INTO `phpraider_permissions` VALUES('edit_groups', 1, 1);
INSERT INTO `phpraider_permissions` VALUES('edit_meetings', 1, 1);
INSERT INTO `phpraider_permissions` VALUES('edit_permissions', 1, 1);
INSERT INTO `phpraider_permissions` VALUES('edit_roles', 1, 1);
INSERT INTO `phpraider_permissions` VALUES('view_history_any', 1, 1);
INSERT INTO `phpraider_permissions` VALUES('edit_announcements_any', 1, 1);
INSERT INTO `phpraider_permissions` VALUES('edit_characters_any', 1, 1);
INSERT INTO `phpraider_permissions` VALUES('delete_members', 1, 1);
INSERT INTO `phpraider_permissions` VALUES('edit_raids_any', 1, 1);
INSERT INTO `phpraider_permissions` VALUES('edit_subscriptions_any', 1, 1);
INSERT INTO `phpraider_permissions` VALUES('edit_raid_templates', 1, 1);
INSERT INTO `phpraider_permissions` VALUES('edit_subscriptions_any', 1, 2);
INSERT INTO `phpraider_permissions` VALUES('edit_raids_any', 1, 2);
INSERT INTO `phpraider_permissions` VALUES('delete_members', 1, 2);
INSERT INTO `phpraider_permissions` VALUES('edit_characters_any', 1, 2);
INSERT INTO `phpraider_permissions` VALUES('view_history_any', 1, 2);
INSERT INTO `phpraider_permissions` VALUES('edit_announcements_any', 1, 2);
INSERT INTO `phpraider_permissions` VALUES('edit_characters_own', 1, 3);
INSERT INTO `phpraider_permissions` VALUES('edit_raid_templates', 1, 2);
INSERT INTO `phpraider_permissions` VALUES('edit_subscriptions_own', 1, 2);
INSERT INTO `phpraider_permissions` VALUES('edit_raids_own', 1, 2);
INSERT INTO `phpraider_permissions` VALUES('edit_announcements_own', 1, 2);
INSERT INTO `phpraider_permissions` VALUES('edit_characters_own', 1, 2);
INSERT INTO `phpraider_permissions` VALUES('view_history_own', 1, 2);
INSERT INTO `phpraider_permissions` VALUES('view_roster', 1, 2);
INSERT INTO `phpraider_permissions` VALUES('view_raids', 1, 2);
INSERT INTO `phpraider_permissions` VALUES('allow_signup', 1, 2);
INSERT INTO `phpraider_permissions` VALUES('view_raids', 1, 3);
INSERT INTO `phpraider_permissions` VALUES('allow_signup', 1, 3);

-- --------------------------------------------------------

--
-- Structure de la table `phpraider_profile`
--

CREATE TABLE IF NOT EXISTS `phpraider_profile` (
  `profile_id` int(10) NOT NULL auto_increment,
  `permission_id` int(10) NOT NULL default '0',
  `username` varchar(45) collate latin1_general_ci NOT NULL default '',
  `password` varchar(45) collate latin1_general_ci NOT NULL default '',
  `join_date` varchar(45) collate latin1_general_ci NOT NULL,
  `raids_attended` int(11) NOT NULL default '0',
  `raids_cancelled` int(11) NOT NULL default '0',
  `group_id` int(11) NOT NULL,
  `dst` int(1) NOT NULL default '0',
  `timezone` varchar(255) collate latin1_general_ci NOT NULL default '0',
  `user_email` varchar(255) collate latin1_general_ci NOT NULL,
  PRIMARY KEY  (`profile_id`)
) ENGINE=MyISAM  DEFAULT CHARSET=latin1 COLLATE=latin1_general_ci AUTO_INCREMENT=51 ;

--
-- Contenu de la table `phpraider_profile`
--

INSERT INTO `phpraider_profile` VALUES(1, 1, 'Palafh', '03b9d3284b953ec6c58a148e7e327479', '1213886766', 0, 0, 1, 0, '0', 'palafh69@hotmail.Fr');
INSERT INTO `phpraider_profile` VALUES(6, 0, 'lyophème', '4d3196e98fe1ab42cd3ed4a05205a36e', '1215975047', 0, 0, 2, 0, '0', 'tida_10@hotmail.com');
INSERT INTO `phpraider_profile` VALUES(5, 0, 'Luwaïn', 'fd4121458125ee77ad9d570285a79bda', '1215973534', 0, 0, 3, 0, '0', 'iina.halmela@gmail.com');
INSERT INTO `phpraider_profile` VALUES(7, 0, 'bubu', 'ea33803f90c77f6cab6b04f9ef52beb1', '1215975160', 0, 0, 3, 0, '0', 'kally21@msn.com');
INSERT INTO `phpraider_profile` VALUES(8, 0, 'Pikatchwa', 'ff72b37f585eb4f6ef4e0e4394455ded', '1215977238', 0, 0, 2, 0, '0', 'pickaglace@gmail.com');
INSERT INTO `phpraider_profile` VALUES(9, 0, 'Bibi', '3fdc3623477264cb5d0e14f256dbfbb8', '1215979875', 0, 0, 3, 0, '0', 'thepolyne@hotmail.fr');
INSERT INTO `phpraider_profile` VALUES(10, 0, 'Lunalya', '1caadcd816181edf8060f6f89c5b406c', '1215986323', 0, 0, 3, 0, '0', 'dipsynours@hotmail.com');
INSERT INTO `phpraider_profile` VALUES(11, 0, 'Azeleen', '0a7888482c2cdb9f3838f7e4c1a6a228', '1215987426', 0, 0, 2, 0, '0', 'oriane83@free.fr');
INSERT INTO `phpraider_profile` VALUES(12, 0, 'Urandhal', 'bc486056a4a9e407f0f36357eb7ab378', '1215987518', 0, 0, 2, 0, '0', 'boisseau.s@hotmail.fr');
INSERT INTO `phpraider_profile` VALUES(13, 0, 'anarc', 'e523a913cd54d1d5f1fc09fee396d3cd', '1215988982', 0, 0, 3, 0, '0', 'esquim00@hotmail.com');
INSERT INTO `phpraider_profile` VALUES(14, 0, 'Gelnus', '930cca090c8752ff1556b6d2c591b980', '1215990124', 0, 0, 2, 0, '0', 'johnjohn62@wanadoo.fr');
INSERT INTO `phpraider_profile` VALUES(15, 0, 'Mixdarion', 'a280638195f9e88fb2fbdfcd1283d7fa', '1215991252', 0, 0, 3, 0, '0', 'dafire@hotmail.com');
INSERT INTO `phpraider_profile` VALUES(16, 0, 'Nurhillÿon', 'cc6663f24645a18872cfccf9d55e9377', '1215992393', 0, 0, 3, 0, '0', 'astrophil78@hotmail.fr');
INSERT INTO `phpraider_profile` VALUES(17, 0, 'Eno', 'c90b7f4378a55a9170642af29922cf5c', '1215995574', 0, 0, 3, 0, '0', 'eric.mauriange@wanadoo.fr');
INSERT INTO `phpraider_profile` VALUES(18, 0, 'Cedra', '86bb875882f20c4cafb70fc8f8a1616f', '1216018340', 0, 0, 2, 0, '0', 'delphine_454@hotmail.com');
INSERT INTO `phpraider_profile` VALUES(19, 0, 'Moustacheman', 'c21badd84a757ee66ed3fff17ff244b7', '1216028074', 0, 0, 3, 0, '0', 'jimmysery@msn.com');
INSERT INTO `phpraider_profile` VALUES(20, 0, 'dratof', '0cc59406b91d25299c0e211c578955b2', '1216028429', 0, 0, 3, 0, '0', 'thof@hotmail.fr');
INSERT INTO `phpraider_profile` VALUES(21, 0, 'Omnika', 'fe546279a62683de8ca334b673420696', '1216029949', 0, 0, 3, 0, '0', 'darkmanx_881@hotmail.com');
INSERT INTO `phpraider_profile` VALUES(22, 0, 'Twinsen', 'cfe93922228f17994b4eab42614ba76f', '1216036746', 0, 0, 2, 0, '0', 'mael.ast@free.fr');
INSERT INTO `phpraider_profile` VALUES(23, 0, 'Lunablack', 'd35a117aee40b4d6af3e5e4b9170e4a6', '1216043485', 0, 0, 2, 0, '0', 'spiral-mistyk@hotmail.fr');
INSERT INTO `phpraider_profile` VALUES(24, 0, 'Khak', 'e5bd62b42448d2a0b542700b4b156eb3', '1216049403', 0, 0, 2, 0, '0', 'zclown@softhome.net');
INSERT INTO `phpraider_profile` VALUES(25, 0, 'Ambrune', '202d5e0b08b248e6d071623d23907879', '1216073585', 0, 0, 3, 0, '0', 'wedge_antilly@hotmail.com');
INSERT INTO `phpraider_profile` VALUES(26, 0, 'manray', 'c7c4d7fc64a63100aa74ec21247990e3', '1216111623', 0, 0, 2, 0, '0', 'pat.mil@free.fr');
INSERT INTO `phpraider_profile` VALUES(27, 0, 'alundiel', 'f6dc438583afccf3ec9282e45ae87af9', '1216158142', 0, 0, 3, 0, '0', 'maxizgueg@hotmail.com');
INSERT INTO `phpraider_profile` VALUES(28, 0, 'Weller', 'db50eb3eba726773e4a715c3efb2eb32', '1216158443', 0, 0, 2, 0, '0', 'grunge971@yahoo.fr');
INSERT INTO `phpraider_profile` VALUES(29, 0, 'caradriel', '78ee0acbf31db5cf450ab0cf9467ebee', '1216224790', 0, 0, 2, 0, '0', 'bachris73@hotmail.com');
INSERT INTO `phpraider_profile` VALUES(30, 0, 'Wanlorn', '627aaee31ca2d1a7f0dfc577256b8538', '1216396806', 0, 0, 3, 0, '0', 'musashi-sama@hotmail.fr');
INSERT INTO `phpraider_profile` VALUES(31, 0, 'Ryuken', 'a94d25695e9bc50e6eba6157959095b9', '1216397874', 0, 0, 3, 0, '0', 'doktormax@free.fr');
INSERT INTO `phpraider_profile` VALUES(32, 0, 'hizarik', 'faf2ca38c02c5f2ba1c49d200a03f9fb', '1216403925', 0, 0, 3, 0, '0', 'bad51boys@hotmail.fr');
INSERT INTO `phpraider_profile` VALUES(33, 0, 'Xaroww', 'ca4d983a48b1d5d9cd35a92fdcddefc5', '1216467787', 0, 0, 3, 0, '0', 'djefouil@hotmail.fr');
INSERT INTO `phpraider_profile` VALUES(34, 0, 'faladel', '4ee80d5a7af8f47e0e6dceea712bd9e4', '1216589368', 0, 0, 3, 0, '0', 'patrick.fourel844@hotmail.fr');
INSERT INTO `phpraider_profile` VALUES(35, 0, 'purplefog', '757d2b5965abaa19241ddd4ba1185ec4', '1216626162', 0, 0, 3, 0, '0', 'vitrylaurent@hotmail.com');
INSERT INTO `phpraider_profile` VALUES(36, 0, 'emispheria', 'c6c8042f4392d8812f5a3f7836df9892', '1216737259', 0, 0, 3, 0, '0', 'ambrebdx33@hotmail.fr');
INSERT INTO `phpraider_profile` VALUES(37, 0, 'kalyzéon', '3aed42d3e40745f38e53ec94ebd90284', '1217648333', 0, 0, 3, 0, '0', 'kalyzeon@hotmail.fr');
INSERT INTO `phpraider_profile` VALUES(38, 0, 'Aldegorde', 'feb3820dd8bac470a38aa415c3c4319e', '1217792755', 0, 0, 3, 0, '0', 'hobbie@nateos.com');
INSERT INTO `phpraider_profile` VALUES(39, 0, 'Lïxia', 'c5e38973bbcc4e31ac60f91bcc3df172', '1217885497', 0, 0, 3, 0, '0', 'sigish@hotmail.com');
INSERT INTO `phpraider_profile` VALUES(40, 0, 'moustarde', '6c331a328dd33990d729716907582743', '1218385157', 0, 0, 3, 0, '0', 'sjonathan26@hotmail.com');
INSERT INTO `phpraider_profile` VALUES(41, 0, 'cocoelfe', 'f43f5751665020d2b8db92f0ed7c87a3', '1218391568', 0, 0, 3, 0, '0', 'patrick.fourel844@orange.fr');
INSERT INTO `phpraider_profile` VALUES(42, 0, 'dreniack', '9a6a37494940bbb545730610419a8a9e', '1218991625', 0, 0, 3, 0, '0', 'pgellier@numericable.fr');
INSERT INTO `phpraider_profile` VALUES(43, 0, 'noêva', 'a1f7eecf51fd27d2ca6eceea3673d72c', '1219060767', 0, 0, 3, 0, '0', 'chipie2430@hotmail.fr');
INSERT INTO `phpraider_profile` VALUES(44, 0, 'lhena', '89ffd29dcc324d0214b9c8dbe966abf8', '1219076555', 0, 0, 3, 0, '0', 'lhena@darkang.net');
INSERT INTO `phpraider_profile` VALUES(45, 0, 'erwin', 'a33878888f340e7d2286fb416b02c983', '1219192443', 0, 0, 3, 0, '0', 'copinouseb@gmail.com');
INSERT INTO `phpraider_profile` VALUES(46, 0, 'houpeur', '7f86ecf8a8f48549fe9c54ae58298766', '1219689138', 0, 0, 3, 0, '0', 'jalik.messak@wanadoo.fr');
INSERT INTO `phpraider_profile` VALUES(47, 0, 'Inackyn', 'da113681e404853ec49dc1c1aff69e34', '1219825195', 0, 0, 3, 0, '0', 'inackyn@hotmail.fr');
INSERT INTO `phpraider_profile` VALUES(48, 0, 'Passepartous', '68114c081e7001982e0e42fe6c296d28', '1220203530', 0, 0, 3, 0, '0', 'st_jeu@hotmail.com');
INSERT INTO `phpraider_profile` VALUES(49, 0, 'spyres', '1bd196e51948d620a9271aa72a38092e', '1220466155', 0, 0, 3, 0, '0', 'spyreso_o@hotmail.fr');
INSERT INTO `phpraider_profile` VALUES(50, 0, 'Toukane', '7c37be7260f8cd7c1f5e4dbdd7bc5b23', '1220477991', 0, 0, 3, 0, '0', 'romus_aprilia@hotmail.com');

-- --------------------------------------------------------

--
-- Structure de la table `phpraider_race`
--

CREATE TABLE IF NOT EXISTS `phpraider_race` (
  `race_id` int(11) NOT NULL auto_increment,
  `race_name` varchar(45) collate latin1_general_ci NOT NULL default '',
  PRIMARY KEY  (`race_id`)
) ENGINE=MyISAM  DEFAULT CHARSET=latin1 COLLATE=latin1_general_ci AUTO_INCREMENT=7 ;

--
-- Contenu de la table `phpraider_race`
--

INSERT INTO `phpraider_race` VALUES(2, 'Draenei');
INSERT INTO `phpraider_race` VALUES(3, 'Nain');
INSERT INTO `phpraider_race` VALUES(4, 'Gnome');
INSERT INTO `phpraider_race` VALUES(5, 'Humain');
INSERT INTO `phpraider_race` VALUES(6, 'Elfe de la nuit');

-- --------------------------------------------------------

--
-- Structure de la table `phpraider_raid`
--

CREATE TABLE IF NOT EXISTS `phpraider_raid` (
  `raid_id` int(10) NOT NULL auto_increment,
  `expired` int(1) NOT NULL default '0',
  `location` varchar(45) collate latin1_general_ci NOT NULL,
  `raid_leader` varchar(45) collate latin1_general_ci NOT NULL,
  `invite_time` varchar(45) collate latin1_general_ci NOT NULL,
  `maximum` int(3) NOT NULL,
  `description` text collate latin1_general_ci NOT NULL,
  `start_time` varchar(45) collate latin1_general_ci NOT NULL,
  `freeze_time` int(11) NOT NULL default '0',
  `maximum_level` int(11) NOT NULL default '0',
  `minimum_level` int(11) NOT NULL default '0',
  `use_icon` int(1) NOT NULL default '0',
  `use_name` int(1) NOT NULL default '0',
  `icon_name` varchar(45) collate latin1_general_ci NOT NULL,
  `profile_id` int(11) NOT NULL,
  `recurring` varchar(45) collate latin1_general_ci NOT NULL default '0',
  PRIMARY KEY  (`raid_id`)
) ENGINE=MyISAM  DEFAULT CHARSET=latin1 COLLATE=latin1_general_ci AUTO_INCREMENT=56 ;

--
-- Contenu de la table `phpraider_raid`
--

INSERT INTO `phpraider_raid` VALUES(22, 1, 'Zul aman', 'Palafh', '1217189700', 10, 'En un soir ^^ par contre si un vrai lead est tent&eacute;, moi perso je ne connais pas assez ^^', '1217191500', 0, 70, 70, 0, 0, 'za.png', 1, '0');
INSERT INTO `phpraider_raid` VALUES(19, 1, 'Zul aman', 'Lunablack', '1216932300', 10, '<p>En 2 soirs, ceux qui n''y sont jamais all&eacute;s ou pas souvent sont les bienvenus. </p><p>Raid leader: Lunablack </p>', '1216933200', 0, 70, 70, 0, 0, 'za.png', 23, '0');
INSERT INTO `phpraider_raid` VALUES(17, 1, 'Zul aman', 'Palafh', '1216499400', 10, '<p>Termin&eacute; en un soir 21h00 --&gt; 0h00 en faisant des wipes sur Zul jin.</p><p>3&egrave;me timer loop&eacute; &agrave; 2minutes pres&nbsp; </p><p>Gelnus remplac&eacute; par Mixdarion et Twinsen en 3&egrave;me heal </p>', '1216500300', 0, 70, 70, 0, 0, 'za.png', 1, '0');
INSERT INTO `phpraider_raid` VALUES(20, 1, 'Zul aman', 'Lunablack', '1217018700', 10, 'Suite et fin du jeudi 24.', '1217019600', 0, 70, 70, 0, 0, 'za.png', 23, '0');
INSERT INTO `phpraider_raid` VALUES(21, 1, 'Karazhan', 'Lunablack', '1216843200', 10, '<p>J''ai mis l''heure d''invitation &agrave; 20h, mais &agrave; voir entre ceux qui y vont.</p><p>Pilzen : Je prend le lead alors ^^</p><p>Sinon, etant donn&eacute; que wanlorn est lla en heal, il faudra prevoir 3 heal car ca risque de faire juste.&nbsp;</p><p>&nbsp;Ok je te laisse t''occuper des validations alors ou ya que celui qui a cr&eacute;e l''event qui peux?</p><p>Je peux ! Comme tu veux si tu peux motiver les gens In game si tu es co ^^ !&nbsp;</p><p>&nbsp;</p>', '1216845000', 0, 70, 70, 0, 0, 'karazhan.png', 23, '0');
INSERT INTO `phpraider_raid` VALUES(24, 1, 'Karazhan', 'Cedra', '1217450700', 10, 'Sur deux soirs', '1217451600', 8, 70, 70, 0, 0, 'karazhan.png', 18, '0');
INSERT INTO `phpraider_raid` VALUES(25, 1, 'Karazhan', 'Cedra', '1217537100', 10, 'Suite de 30 juillet.', '1217538000', 5, 70, 70, 0, 0, 'karazhan.png', 18, '0');
INSERT INTO `phpraider_raid` VALUES(26, 1, 'Zul aman', 'Twinsen', '1217967600', 10, '<p>A clean.</p>', '1217969100', 20, 70, 70, 0, 0, 'za.png', 22, '0');
INSERT INTO `phpraider_raid` VALUES(27, 1, 'Zul aman', 'Twinsen', '1218226800', 10, 'A clean', '1218228300', 20, 70, 70, 0, 0, 'za.png', 22, '0');
INSERT INTO `phpraider_raid` VALUES(28, 1, 'Karazhan', 'Twinsen', '1218286800', 10, 'Karazhan', '1218288600', 5, 70, 70, 0, 0, 'karazhan.png', 22, '0');
INSERT INTO `phpraider_raid` VALUES(29, 1, 'Karazhan', 'Twinsen', '1218486600', 10, '<p>coin</p>', '1218487500', 0, 70, 70, 0, 0, 'karazhan.png', 22, '0');
INSERT INTO `phpraider_raid` VALUES(30, 1, 'Zul aman', 'Lunablack', '1218487500', 10, 'coin', '1218488400', 0, 70, 70, 0, 0, 'za.png', 23, '0');
INSERT INTO `phpraider_raid` VALUES(31, 1, 'Karazhan', 'Twinsen', '1218831600', 10, '<p>EN UN SOIR SI POSSIBLE</p>', '1218832800', 0, 70, 70, 0, 0, 'karazhan.png', 22, '0');
INSERT INTO `phpraider_raid` VALUES(32, 1, 'Karazhan', 'Twinsen', '1218893400', 10, '<p>KARA L''APRES MIDI, PAS LE SOIR ^^</p>', '1218895200', 0, 70, 70, 0, 0, 'karazhan.png', 22, '0');
INSERT INTO `phpraider_raid` VALUES(33, 1, 'SSC', 'Twinsen', '1218659400', 25, '<p>S''INSCRIRE SUR LE PHP DE PREMIUM OBLIGATOIREMENT, DEMANDEZ SI VOUS SAVEZ PAS FAIRE !!!</p>', '1218661200', 0, 70, 70, 0, 0, 'ssc.png', 22, '0');
INSERT INTO `phpraider_raid` VALUES(34, 1, 'SSC', 'Twinsen', '1218745800', 25, '<p>IDEM QUE LA VEILLE</p>', '1218747600', 0, 70, 70, 0, 0, 'ssc.png', 22, '0');
INSERT INTO `phpraider_raid` VALUES(35, 1, 'Zul aman', 'Twinsen', '1219091400', 10, '<p>ZA EN&nbsp;2 SOIRS, DONC ON S''APPLIQUE ET ON LE CLEAN :)</p>', '1219093200', 0, 70, 70, 0, 0, 'za.png', 22, '0');
INSERT INTO `phpraider_raid` VALUES(36, 1, 'Zul aman', 'Twinsen', '1219177800', 10, '<p>SUITE DE LA VEILLE</p>', '1219179600', 0, 70, 70, 0, 0, 'za.png', 22, '0');
INSERT INTO `phpraider_raid` VALUES(38, 1, 'SSC', 'Lunablack', '1219869000', 25, 'Sanctuaire du serpent', '1219870800', 0, 70, 70, 0, 0, 'ssc.png', 23, '0');
INSERT INTO `phpraider_raid` VALUES(39, 1, 'SSC', 'Lunablack', '1219955400', 25, 'Sanctuaire du serpent', '1219957200', 0, 70, 70, 0, 0, 'ssc.png', 23, '0');
INSERT INTO `phpraider_raid` VALUES(40, 1, 'Karazhan', 'Twinsen', '1219350600', 10, '<p>A VOUS DE VOIR POUR LA SUITE</p>', '1219352400', 0, 70, 70, 0, 0, 'karazhan.png', 22, '0');
INSERT INTO `phpraider_raid` VALUES(41, 1, 'Karazhan', 'Twinsen', '1219584600', 10, '<p>KARA L APRES MIDI</p>', '1219586400', 5, 70, 70, 0, 0, 'karazhan.png', 22, '0');
INSERT INTO `phpraider_raid` VALUES(42, 1, 'Karazhan', 'Twinsen', '1220041800', 10, '<p>A voir avec le groupe pour la suite</p>', '1220043600', 5, 70, 70, 0, 0, 'karazhan.png', 22, '0');
INSERT INTO `phpraider_raid` VALUES(43, 1, 'Zul aman', 'Palafh', '1220299200', 10, 'ff', '1220301000', 0, 70, 70, 0, 0, 'za.png', 1, '0');
INSERT INTO `phpraider_raid` VALUES(44, 1, 'TK', 'Palafh', '1220472900', 25, 'Donjon de la tempete : Void', '1220474700', 0, 70, 70, 0, 0, 'tempest.png', 1, '0');
INSERT INTO `phpraider_raid` VALUES(45, 1, 'TK', 'Palafh', '1220559300', 25, 'Donjon de la tempete', '1220561100', 0, 70, 70, 0, 0, 'tempest.png', 1, '0');
INSERT INTO `phpraider_raid` VALUES(46, 1, 'Karazhan', 'Palafh', '1220645700', 10, '<p>qdsdqsdqsdq</p><p>&nbsp;</p><p>test&nbsp;</p>', '1220647500', 5, 70, 70, 0, 0, 'karazhan.png', 1, '0');
INSERT INTO `phpraider_raid` VALUES(47, 1, 'Karazhan', 'Palafh', '1220128200', 10, '<p>qdsdqsdqsdq</p><p>&nbsp;</p><p>test&nbsp;</p>', '1220130000', 0, 70, 70, 0, 0, 'karazhan.png', 1, '0');
INSERT INTO `phpraider_raid` VALUES(48, 1, 'Zul aman', 'Palafh', '1220819400', 10, 'BLA', '1220820300', 0, 70, 70, 0, 0, 'za.png', 1, '0');
INSERT INTO `phpraider_raid` VALUES(49, 1, 'Mathgé', 'Lunablack', '1221079500', 25, 'Matgheridon', '1221080400', 0, 70, 70, 0, 0, 'mag.png', 23, '0');
INSERT INTO `phpraider_raid` VALUES(51, 1, 'Karazhan', 'Palafh', '1221251400', 10, '<p>qdsdqsdqsdq</p><p>&nbsp;</p><p>test&nbsp;</p>', '1221252300', 0, 70, 70, 0, 0, 'karazhan.png', 1, '0');
INSERT INTO `phpraider_raid` VALUES(52, 0, 'Hyjal', 'Palafh', '1263069000', 25, 'Bataille du mont Hyjal', '1263069900', 0, 70, 70, 0, 0, 'hyjal.png', 1, '0');
INSERT INTO `phpraider_raid` VALUES(53, 1, 'Karazhan', 'Palafh', '1221164100', 10, '<p>qdsdqsdqsdq</p><p>&nbsp;</p><p>test&nbsp;</p>', '1221165900', 5, 70, 70, 0, 0, 'karazhan.png', 1, '0');
INSERT INTO `phpraider_raid` VALUES(54, 0, 'Hyjal', 'Palafh', '1222373700', 25, '<p>Bataille du mont Hyjal</p><p>&nbsp;</p><p>Pour le retour de twin </p>', '1222375500', 0, 70, 70, 0, 0, 'hyjal.png', 1, '0');
INSERT INTO `phpraider_raid` VALUES(55, 0, 'Karazhan', 'manray', '1221856200', 10, '<p>TEST</p><p>&nbsp;</p><p>test&nbsp;</p>', '1221857100', 0, 70, 70, 0, 0, 'karazhan.png', 26, '0');

-- --------------------------------------------------------

--
-- Structure de la table `phpraider_raid_limits`
--

CREATE TABLE IF NOT EXISTS `phpraider_raid_limits` (
  `raid_id` int(11) NOT NULL default '0',
  `role_id` int(11) NOT NULL default '0',
  `raid_limit` int(11) NOT NULL default '0'
) ENGINE=MyISAM DEFAULT CHARSET=latin1 COLLATE=latin1_general_ci;

--
-- Contenu de la table `phpraider_raid_limits`
--

INSERT INTO `phpraider_raid_limits` VALUES(20, 4, 3);
INSERT INTO `phpraider_raid_limits` VALUES(20, 2, 2);
INSERT INTO `phpraider_raid_limits` VALUES(20, 1, 5);
INSERT INTO `phpraider_raid_limits` VALUES(19, 4, 3);
INSERT INTO `phpraider_raid_limits` VALUES(19, 2, 2);
INSERT INTO `phpraider_raid_limits` VALUES(28, 4, 3);
INSERT INTO `phpraider_raid_limits` VALUES(28, 2, 2);
INSERT INTO `phpraider_raid_limits` VALUES(28, 1, 5);
INSERT INTO `phpraider_raid_limits` VALUES(27, 4, 3);
INSERT INTO `phpraider_raid_limits` VALUES(26, 2, 2);
INSERT INTO `phpraider_raid_limits` VALUES(19, 1, 5);
INSERT INTO `phpraider_raid_limits` VALUES(22, 4, 3);
INSERT INTO `phpraider_raid_limits` VALUES(22, 2, 2);
INSERT INTO `phpraider_raid_limits` VALUES(22, 1, 5);
INSERT INTO `phpraider_raid_limits` VALUES(17, 4, 3);
INSERT INTO `phpraider_raid_limits` VALUES(26, 1, 5);
INSERT INTO `phpraider_raid_limits` VALUES(25, 4, 3);
INSERT INTO `phpraider_raid_limits` VALUES(27, 2, 2);
INSERT INTO `phpraider_raid_limits` VALUES(27, 1, 5);
INSERT INTO `phpraider_raid_limits` VALUES(26, 4, 3);
INSERT INTO `phpraider_raid_limits` VALUES(17, 2, 2);
INSERT INTO `phpraider_raid_limits` VALUES(17, 1, 5);
INSERT INTO `phpraider_raid_limits` VALUES(24, 4, 3);
INSERT INTO `phpraider_raid_limits` VALUES(24, 2, 2);
INSERT INTO `phpraider_raid_limits` VALUES(24, 1, 5);
INSERT INTO `phpraider_raid_limits` VALUES(25, 2, 2);
INSERT INTO `phpraider_raid_limits` VALUES(25, 1, 5);
INSERT INTO `phpraider_raid_limits` VALUES(21, 4, 3);
INSERT INTO `phpraider_raid_limits` VALUES(21, 2, 2);
INSERT INTO `phpraider_raid_limits` VALUES(21, 1, 5);
INSERT INTO `phpraider_raid_limits` VALUES(29, 1, 6);
INSERT INTO `phpraider_raid_limits` VALUES(29, 2, 2);
INSERT INTO `phpraider_raid_limits` VALUES(29, 4, 2);
INSERT INTO `phpraider_raid_limits` VALUES(30, 1, 5);
INSERT INTO `phpraider_raid_limits` VALUES(30, 2, 2);
INSERT INTO `phpraider_raid_limits` VALUES(30, 4, 3);
INSERT INTO `phpraider_raid_limits` VALUES(31, 1, 6);
INSERT INTO `phpraider_raid_limits` VALUES(31, 2, 2);
INSERT INTO `phpraider_raid_limits` VALUES(31, 4, 2);
INSERT INTO `phpraider_raid_limits` VALUES(32, 1, 6);
INSERT INTO `phpraider_raid_limits` VALUES(32, 2, 2);
INSERT INTO `phpraider_raid_limits` VALUES(32, 4, 2);
INSERT INTO `phpraider_raid_limits` VALUES(33, 1, 15);
INSERT INTO `phpraider_raid_limits` VALUES(33, 2, 3);
INSERT INTO `phpraider_raid_limits` VALUES(33, 4, 7);
INSERT INTO `phpraider_raid_limits` VALUES(34, 1, 15);
INSERT INTO `phpraider_raid_limits` VALUES(34, 2, 3);
INSERT INTO `phpraider_raid_limits` VALUES(34, 4, 7);
INSERT INTO `phpraider_raid_limits` VALUES(35, 1, 5);
INSERT INTO `phpraider_raid_limits` VALUES(35, 2, 2);
INSERT INTO `phpraider_raid_limits` VALUES(35, 4, 3);
INSERT INTO `phpraider_raid_limits` VALUES(36, 1, 5);
INSERT INTO `phpraider_raid_limits` VALUES(36, 2, 2);
INSERT INTO `phpraider_raid_limits` VALUES(36, 4, 3);
INSERT INTO `phpraider_raid_limits` VALUES(38, 4, 7);
INSERT INTO `phpraider_raid_limits` VALUES(38, 2, 3);
INSERT INTO `phpraider_raid_limits` VALUES(38, 1, 15);
INSERT INTO `phpraider_raid_limits` VALUES(39, 1, 15);
INSERT INTO `phpraider_raid_limits` VALUES(39, 2, 3);
INSERT INTO `phpraider_raid_limits` VALUES(39, 4, 7);
INSERT INTO `phpraider_raid_limits` VALUES(40, 4, 2);
INSERT INTO `phpraider_raid_limits` VALUES(40, 2, 2);
INSERT INTO `phpraider_raid_limits` VALUES(40, 1, 6);
INSERT INTO `phpraider_raid_limits` VALUES(41, 1, 6);
INSERT INTO `phpraider_raid_limits` VALUES(41, 2, 2);
INSERT INTO `phpraider_raid_limits` VALUES(41, 4, 2);
INSERT INTO `phpraider_raid_limits` VALUES(42, 1, 5);
INSERT INTO `phpraider_raid_limits` VALUES(42, 2, 2);
INSERT INTO `phpraider_raid_limits` VALUES(42, 4, 3);
INSERT INTO `phpraider_raid_limits` VALUES(43, 1, 5);
INSERT INTO `phpraider_raid_limits` VALUES(43, 2, 2);
INSERT INTO `phpraider_raid_limits` VALUES(43, 4, 3);
INSERT INTO `phpraider_raid_limits` VALUES(44, 1, 15);
INSERT INTO `phpraider_raid_limits` VALUES(44, 2, 3);
INSERT INTO `phpraider_raid_limits` VALUES(44, 4, 7);
INSERT INTO `phpraider_raid_limits` VALUES(45, 1, 15);
INSERT INTO `phpraider_raid_limits` VALUES(45, 2, 3);
INSERT INTO `phpraider_raid_limits` VALUES(45, 4, 7);
INSERT INTO `phpraider_raid_limits` VALUES(46, 1, 5);
INSERT INTO `phpraider_raid_limits` VALUES(46, 2, 2);
INSERT INTO `phpraider_raid_limits` VALUES(46, 4, 3);
INSERT INTO `phpraider_raid_limits` VALUES(47, 1, 6);
INSERT INTO `phpraider_raid_limits` VALUES(47, 2, 2);
INSERT INTO `phpraider_raid_limits` VALUES(47, 4, 2);
INSERT INTO `phpraider_raid_limits` VALUES(48, 1, 5);
INSERT INTO `phpraider_raid_limits` VALUES(48, 2, 2);
INSERT INTO `phpraider_raid_limits` VALUES(48, 4, 3);
INSERT INTO `phpraider_raid_limits` VALUES(49, 1, 16);
INSERT INTO `phpraider_raid_limits` VALUES(49, 2, 3);
INSERT INTO `phpraider_raid_limits` VALUES(49, 4, 6);
INSERT INTO `phpraider_raid_limits` VALUES(51, 4, 3);
INSERT INTO `phpraider_raid_limits` VALUES(51, 2, 2);
INSERT INTO `phpraider_raid_limits` VALUES(51, 1, 5);
INSERT INTO `phpraider_raid_limits` VALUES(52, 1, 15);
INSERT INTO `phpraider_raid_limits` VALUES(52, 2, 3);
INSERT INTO `phpraider_raid_limits` VALUES(52, 4, 7);
INSERT INTO `phpraider_raid_limits` VALUES(53, 1, 5);
INSERT INTO `phpraider_raid_limits` VALUES(53, 2, 2);
INSERT INTO `phpraider_raid_limits` VALUES(53, 4, 3);
INSERT INTO `phpraider_raid_limits` VALUES(54, 1, 15);
INSERT INTO `phpraider_raid_limits` VALUES(54, 2, 3);
INSERT INTO `phpraider_raid_limits` VALUES(54, 4, 7);
INSERT INTO `phpraider_raid_limits` VALUES(55, 1, 5);
INSERT INTO `phpraider_raid_limits` VALUES(55, 2, 2);
INSERT INTO `phpraider_raid_limits` VALUES(55, 4, 3);

-- --------------------------------------------------------

--
-- Structure de la table `phpraider_raid_templates`
--

CREATE TABLE IF NOT EXISTS `phpraider_raid_templates` (
  `raid_template_id` int(11) NOT NULL auto_increment,
  `icon_name` varchar(45) collate latin1_general_ci NOT NULL,
  `location` varchar(45) collate latin1_general_ci NOT NULL,
  `maximum` varchar(45) collate latin1_general_ci NOT NULL,
  `description` text collate latin1_general_ci NOT NULL,
  `freeze_time` varchar(45) collate latin1_general_ci NOT NULL,
  `minimum_level` varchar(45) collate latin1_general_ci NOT NULL,
  `maximum_level` varchar(45) collate latin1_general_ci NOT NULL,
  `use_icon` int(1) NOT NULL default '0',
  `use_name` int(1) NOT NULL default '0',
  PRIMARY KEY  (`raid_template_id`)
) ENGINE=MyISAM  DEFAULT CHARSET=latin1 COLLATE=latin1_general_ci AUTO_INCREMENT=13 ;

--
-- Contenu de la table `phpraider_raid_templates`
--

INSERT INTO `phpraider_raid_templates` VALUES(1, 'karazhan.png', 'Karazhan', '10', '<p>qdsdqsdqsdq</p><p>&nbsp;</p><p>test&nbsp;</p>', '5', '70', '70', 0, 0);
INSERT INTO `phpraider_raid_templates` VALUES(4, 'ssc.png', 'SSC', '25', 'Sanctuaire du serpent', '0', '70', '70', 0, 0);
INSERT INTO `phpraider_raid_templates` VALUES(5, 'tempest.png', 'TK', '25', 'Donjon de la tempete', '0', '70', '70', 0, 0);
INSERT INTO `phpraider_raid_templates` VALUES(6, 'hyjal.png', 'Hyjal', '25', 'Bataille du mont Hyjal', '0', '70', '70', 0, 0);
INSERT INTO `phpraider_raid_templates` VALUES(10, 'blacktemple.png', 'BT', '25', 'Temple Noir', '0', '70', '70', 0, 0);
INSERT INTO `phpraider_raid_templates` VALUES(8, 'gruul.png', 'Grull', '25', 'Matgrullidon', '0', '70', '70', 0, 0);
INSERT INTO `phpraider_raid_templates` VALUES(9, 'mag.png', 'Mathgé', '25', 'Matgheridon', '0', '70', '70', 0, 0);
INSERT INTO `phpraider_raid_templates` VALUES(11, 'za.png', 'Zul aman', '10', '<p>Ou Kara ...</p><p>Pour le lead ca depens de l''ou on va !&nbsp;</p>', '0', '70', '70', 0, 0);
INSERT INTO `phpraider_raid_templates` VALUES(12, 'karazhan.png', 'Karazhan', '10', 'Dans l''apres midi en un coup', '0', '70', '70', 0, 0);

-- --------------------------------------------------------

--
-- Structure de la table `phpraider_raid_templates_limits`
--

CREATE TABLE IF NOT EXISTS `phpraider_raid_templates_limits` (
  `raid_id` int(11) NOT NULL default '0',
  `role_id` int(11) NOT NULL default '0',
  `raid_limit` int(11) NOT NULL default '0'
) ENGINE=MyISAM DEFAULT CHARSET=latin1 COLLATE=latin1_general_ci;

--
-- Contenu de la table `phpraider_raid_templates_limits`
--

INSERT INTO `phpraider_raid_templates_limits` VALUES(1, 1, 5);
INSERT INTO `phpraider_raid_templates_limits` VALUES(1, 2, 2);
INSERT INTO `phpraider_raid_templates_limits` VALUES(1, 3, 0);
INSERT INTO `phpraider_raid_templates_limits` VALUES(1, 4, 3);
INSERT INTO `phpraider_raid_templates_limits` VALUES(1, 5, 0);
INSERT INTO `phpraider_raid_templates_limits` VALUES(12, 4, 2);
INSERT INTO `phpraider_raid_templates_limits` VALUES(12, 2, 2);
INSERT INTO `phpraider_raid_templates_limits` VALUES(12, 1, 6);
INSERT INTO `phpraider_raid_templates_limits` VALUES(11, 4, 3);
INSERT INTO `phpraider_raid_templates_limits` VALUES(4, 5, 0);
INSERT INTO `phpraider_raid_templates_limits` VALUES(4, 4, 7);
INSERT INTO `phpraider_raid_templates_limits` VALUES(4, 3, 0);
INSERT INTO `phpraider_raid_templates_limits` VALUES(4, 2, 3);
INSERT INTO `phpraider_raid_templates_limits` VALUES(4, 1, 15);
INSERT INTO `phpraider_raid_templates_limits` VALUES(5, 1, 15);
INSERT INTO `phpraider_raid_templates_limits` VALUES(5, 2, 3);
INSERT INTO `phpraider_raid_templates_limits` VALUES(5, 3, 0);
INSERT INTO `phpraider_raid_templates_limits` VALUES(5, 4, 7);
INSERT INTO `phpraider_raid_templates_limits` VALUES(5, 5, 0);
INSERT INTO `phpraider_raid_templates_limits` VALUES(6, 1, 15);
INSERT INTO `phpraider_raid_templates_limits` VALUES(6, 2, 3);
INSERT INTO `phpraider_raid_templates_limits` VALUES(6, 3, 0);
INSERT INTO `phpraider_raid_templates_limits` VALUES(6, 4, 7);
INSERT INTO `phpraider_raid_templates_limits` VALUES(6, 5, 0);
INSERT INTO `phpraider_raid_templates_limits` VALUES(11, 2, 2);
INSERT INTO `phpraider_raid_templates_limits` VALUES(11, 1, 5);
INSERT INTO `phpraider_raid_templates_limits` VALUES(10, 4, 8);
INSERT INTO `phpraider_raid_templates_limits` VALUES(10, 2, 3);
INSERT INTO `phpraider_raid_templates_limits` VALUES(10, 1, 16);
INSERT INTO `phpraider_raid_templates_limits` VALUES(8, 1, 15);
INSERT INTO `phpraider_raid_templates_limits` VALUES(8, 2, 3);
INSERT INTO `phpraider_raid_templates_limits` VALUES(8, 4, 7);
INSERT INTO `phpraider_raid_templates_limits` VALUES(9, 1, 16);
INSERT INTO `phpraider_raid_templates_limits` VALUES(9, 2, 3);
INSERT INTO `phpraider_raid_templates_limits` VALUES(9, 4, 6);

-- --------------------------------------------------------

--
-- Structure de la table `phpraider_role`
--

CREATE TABLE IF NOT EXISTS `phpraider_role` (
  `role_id` int(11) NOT NULL auto_increment,
  `role_name` varchar(255) collate latin1_general_ci NOT NULL,
  `body_color` varchar(255) collate latin1_general_ci NOT NULL,
  `header_color` varchar(255) collate latin1_general_ci NOT NULL,
  `font_color` varchar(255) collate latin1_general_ci NOT NULL,
  PRIMARY KEY  (`role_id`)
) ENGINE=MyISAM  DEFAULT CHARSET=latin1 COLLATE=latin1_general_ci AUTO_INCREMENT=6 ;

--
-- Contenu de la table `phpraider_role`
--

INSERT INTO `phpraider_role` VALUES(1, 'DPS', 'white', '0099ff', 'black');
INSERT INTO `phpraider_role` VALUES(2, 'Main Tank', 'white', '0099ff', 'black');
INSERT INTO `phpraider_role` VALUES(4, 'Healer', 'white', '0099ff', 'black');

-- --------------------------------------------------------

--
-- Structure de la table `phpraider_signups`
--

CREATE TABLE IF NOT EXISTS `phpraider_signups` (
  `raid_id` int(11) NOT NULL default '0',
  `character_id` int(11) NOT NULL default '0',
  `cancel` int(1) NOT NULL default '0',
  `queue` int(1) NOT NULL default '0',
  `profile_id` int(11) NOT NULL default '0',
  `role_id` int(11) NOT NULL default '0',
  `comments` varchar(255) collate latin1_general_ci default NULL,
  `timestamp` varchar(255) collate latin1_general_ci default NULL,
  `class_id` int(11) NOT NULL default '0'
) ENGINE=MyISAM DEFAULT CHARSET=latin1 COLLATE=latin1_general_ci;

--
-- Contenu de la table `phpraider_signups`
--

INSERT INTO `phpraider_signups` VALUES(17, 1, 0, 0, 1, 1, '', '1216135879', 6);
INSERT INTO `phpraider_signups` VALUES(19, 10, 0, 0, 12, 2, 'sans certitude :)', '1216764336', 9);
INSERT INTO `phpraider_signups` VALUES(20, 50, 0, 1, 36, 1, '', '1216760841', 2);
INSERT INTO `phpraider_signups` VALUES(17, 19, 0, 0, 24, 1, '', '1216159778', 6);
INSERT INTO `phpraider_signups` VALUES(17, 15, 0, 0, 13, 1, '', '1216137461', 2);
INSERT INTO `phpraider_signups` VALUES(17, 10, 0, 0, 12, 2, '', '1216142222', 9);
INSERT INTO `phpraider_signups` VALUES(17, 25, 0, 0, 14, 2, '', '1216142879', 9);
INSERT INTO `phpraider_signups` VALUES(19, 50, 0, 1, 36, 1, '', '1216760832', 2);
INSERT INTO `phpraider_signups` VALUES(21, 50, 0, 1, 36, 1, '', '1216760820', 2);
INSERT INTO `phpraider_signups` VALUES(21, 16, 0, 1, 19, 4, '', '1216753211', 5);
INSERT INTO `phpraider_signups` VALUES(17, 8, 1, 0, 10, 1, '', '1216150087', 2);
INSERT INTO `phpraider_signups` VALUES(17, 6, 0, 0, 8, 4, '', '1216159830', 7);
INSERT INTO `phpraider_signups` VALUES(21, 17, 0, 1, 18, 1, 'd''astreinte. En dps pour changer', '1216720640', 1);
INSERT INTO `phpraider_signups` VALUES(17, 26, 0, 0, 9, 1, '', '1216201355', 3);
INSERT INTO `phpraider_signups` VALUES(17, 14, 0, 0, 7, 1, '', '1216201402', 7);
INSERT INTO `phpraider_signups` VALUES(20, 36, 1, 0, 26, 1, '', '1216696953', 2);
INSERT INTO `phpraider_signups` VALUES(21, 48, 0, 1, 31, 1, '', '1216657877', 1);
INSERT INTO `phpraider_signups` VALUES(19, 36, 0, 1, 26, 1, '', '1216696942', 2);
INSERT INTO `phpraider_signups` VALUES(19, 48, 1, 0, 31, 1, '', '1216657838', 1);
INSERT INTO `phpraider_signups` VALUES(17, 9, 1, 0, 11, 1, '', '1216489032', 2);
INSERT INTO `phpraider_signups` VALUES(17, 12, 0, 0, 5, 4, '', '1216491185', 5);
INSERT INTO `phpraider_signups` VALUES(19, 22, 0, 0, 23, 1, '', '1216509617', 5);
INSERT INTO `phpraider_signups` VALUES(20, 22, 0, 1, 23, 1, '', '1216509648', 5);
INSERT INTO `phpraider_signups` VALUES(19, 8, 0, 0, 10, 1, '', '1216508731', 2);
INSERT INTO `phpraider_signups` VALUES(20, 8, 0, 1, 10, 1, '', '1216508737', 2);
INSERT INTO `phpraider_signups` VALUES(19, 2, 1, 0, 1, 4, '', '1216509546', 4);
INSERT INTO `phpraider_signups` VALUES(20, 2, 0, 1, 1, 4, '', '1216509555', 4);
INSERT INTO `phpraider_signups` VALUES(19, 6, 1, 0, 8, 4, '', '1216547863', 7);
INSERT INTO `phpraider_signups` VALUES(20, 6, 1, 0, 8, 4, '', '1216547875', 7);
INSERT INTO `phpraider_signups` VALUES(19, 26, 0, 0, 9, 1, '', '1216554457', 3);
INSERT INTO `phpraider_signups` VALUES(20, 26, 0, 1, 9, 1, '', '1216554476', 3);
INSERT INTO `phpraider_signups` VALUES(19, 14, 0, 0, 7, 1, '', '1216554513', 7);
INSERT INTO `phpraider_signups` VALUES(20, 14, 0, 1, 7, 1, '', '1216554525', 7);
INSERT INTO `phpraider_signups` VALUES(19, 15, 0, 1, 13, 1, '', '1216556687', 2);
INSERT INTO `phpraider_signups` VALUES(20, 15, 0, 1, 13, 1, '', '1216556713', 2);
INSERT INTO `phpraider_signups` VALUES(21, 34, 0, 1, 30, 4, 'Avec les compliments du chef xD', '1216586805', 4);
INSERT INTO `phpraider_signups` VALUES(21, 8, 0, 0, 10, 1, 'Tu es dispo LunaL, il me semblait te voir en indisponible ?', '1216578887', 2);
INSERT INTO `phpraider_signups` VALUES(21, 44, 0, 0, 34, 1, '', '1216590036', 8);
INSERT INTO `phpraider_signups` VALUES(19, 44, 0, 0, 34, 1, '', '1216590054', 8);
INSERT INTO `phpraider_signups` VALUES(20, 44, 0, 1, 34, 1, '', '1216590064', 8);
INSERT INTO `phpraider_signups` VALUES(19, 34, 0, 1, 30, 4, '', '1216590122', 4);
INSERT INTO `phpraider_signups` VALUES(21, 1, 0, 0, 1, 1, '', '1216618891', 6);
INSERT INTO `phpraider_signups` VALUES(21, 13, 0, 0, 17, 2, '', '1216639191', 9);
INSERT INTO `phpraider_signups` VALUES(19, 47, 0, 1, 27, 1, 'je viens de comprendre comment s''inscrire lol', '1216641609', 2);
INSERT INTO `phpraider_signups` VALUES(20, 47, 0, 1, 27, 1, '', '1216641624', 2);
INSERT INTO `phpraider_signups` VALUES(21, 36, 0, 1, 26, 1, '', '1216644652', 2);
INSERT INTO `phpraider_signups` VALUES(20, 10, 1, 0, 12, 2, 'suis en dps...', '1216764347', 9);
INSERT INTO `phpraider_signups` VALUES(22, 1, 0, 0, 1, 1, '', '1216927652', 6);
INSERT INTO `phpraider_signups` VALUES(22, 17, 1, 0, 18, 4, '', '1217051243', 1);
INSERT INTO `phpraider_signups` VALUES(22, 25, 0, 0, 14, 2, '', '1216984479', 9);
INSERT INTO `phpraider_signups` VALUES(22, 9, 1, 0, 11, 1, '', '1216989501', 2);
INSERT INTO `phpraider_signups` VALUES(24, 17, 0, 0, 18, 4, 'Ce n''est pas moi mais Rabît au heal.', '1217357297', 1);
INSERT INTO `phpraider_signups` VALUES(25, 17, 0, 0, 18, 4, 'Ce n''est pas moi, mais Rabît au heal', '1217357406', 1);
INSERT INTO `phpraider_signups` VALUES(22, 10, 0, 1, 12, 2, '', '1217178483', 9);
INSERT INTO `phpraider_signups` VALUES(24, 13, 0, 0, 17, 2, 'Je viens avec un ami dps (fufu), si vous n''y voyez pas d''inconvénients', '1217240066', 9);
INSERT INTO `phpraider_signups` VALUES(25, 13, 0, 0, 17, 2, '', '1217240074', 9);
INSERT INTO `phpraider_signups` VALUES(24, 34, 1, 0, 30, 4, '', '1217259596', 4);
INSERT INTO `phpraider_signups` VALUES(24, 21, 0, 0, 25, 1, '', '1217409756', 6);
INSERT INTO `phpraider_signups` VALUES(25, 21, 0, 1, 25, 1, '', '1217409776', 6);
INSERT INTO `phpraider_signups` VALUES(25, 34, 1, 0, 30, 4, '', '1217425694', 4);
INSERT INTO `phpraider_signups` VALUES(26, 54, 0, 0, 22, 2, '', '1217803322', 4);
INSERT INTO `phpraider_signups` VALUES(26, 34, 0, 0, 30, 4, 'Si personne d''autre je veux bien essayé', '1217778814', 4);
INSERT INTO `phpraider_signups` VALUES(26, 17, 0, 0, 18, 4, '', '1217779118', 1);
INSERT INTO `phpraider_signups` VALUES(26, 25, 0, 0, 14, 2, '', '1217848952', 9);
INSERT INTO `phpraider_signups` VALUES(26, 20, 0, 0, 24, 1, 'Démo (Osons!)', '1217787810', 8);
INSERT INTO `phpraider_signups` VALUES(26, 6, 0, 0, 8, 4, '', '1217787848', 7);
INSERT INTO `phpraider_signups` VALUES(26, 55, 0, 0, 38, 1, '', '1217793252', 3);
INSERT INTO `phpraider_signups` VALUES(27, 56, 1, 0, 38, 4, '', '1217793266', 5);
INSERT INTO `phpraider_signups` VALUES(26, 22, 0, 0, 23, 1, '', '1217870057', 5);
INSERT INTO `phpraider_signups` VALUES(26, 57, 0, 0, 34, 1, '', '1217872908', 9);
INSERT INTO `phpraider_signups` VALUES(26, 26, 0, 1, 9, 1, '', '1217876527', 3);
INSERT INTO `phpraider_signups` VALUES(26, 14, 0, 1, 7, 1, '', '1217876528', 7);
INSERT INTO `phpraider_signups` VALUES(26, 8, 0, 0, 10, 1, '', '1217884850', 2);
INSERT INTO `phpraider_signups` VALUES(27, 20, 0, 0, 24, 1, '', '1217973910', 8);
INSERT INTO `phpraider_signups` VALUES(27, 8, 0, 0, 10, 1, '', '1217974143', 2);
INSERT INTO `phpraider_signups` VALUES(27, 22, 0, 0, 23, 4, '', '1217981904', 5);
INSERT INTO `phpraider_signups` VALUES(27, 6, 1, 0, 8, 4, '', '1218013357', 7);
INSERT INTO `phpraider_signups` VALUES(27, 9, 0, 0, 11, 1, '', '1218038993', 2);
INSERT INTO `phpraider_signups` VALUES(27, 26, 0, 0, 9, 1, '', '1218040483', 3);
INSERT INTO `phpraider_signups` VALUES(27, 14, 0, 0, 7, 1, '', '1218040513', 7);
INSERT INTO `phpraider_signups` VALUES(27, 25, 0, 0, 14, 2, '', '1218109602', 9);
INSERT INTO `phpraider_signups` VALUES(27, 54, 0, 0, 22, 2, '', '1218129090', 4);
INSERT INTO `phpraider_signups` VALUES(28, 51, 0, 0, 37, 1, '', '1218133228', 3);
INSERT INTO `phpraider_signups` VALUES(27, 16, 0, 0, 19, 4, '', '1218185819', 5);
INSERT INTO `phpraider_signups` VALUES(28, 16, 0, 0, 19, 4, 'si on est trop de heal je peux venir avec ma mage', '1218185848', 5);
INSERT INTO `phpraider_signups` VALUES(28, 46, 0, 0, 29, 1, '', '1218186612', 8);
INSERT INTO `phpraider_signups` VALUES(27, 32, 1, 0, 29, 4, 'si besoin', '1218186630', 5);
INSERT INTO `phpraider_signups` VALUES(29, 34, 1, 0, 30, 4, '', '1218216451', 4);
INSERT INTO `phpraider_signups` VALUES(28, 13, 0, 0, 17, 2, '', '1218216611', 9);
INSERT INTO `phpraider_signups` VALUES(28, 58, 1, 0, 34, 1, '', '1218216783', 3);
INSERT INTO `phpraider_signups` VALUES(29, 58, 0, 0, 34, 1, '', '1218216794', 3);
INSERT INTO `phpraider_signups` VALUES(27, 34, 1, 0, 30, 4, 'Si vous ne trouvé personne je suis là, 1600bs', '1218217217', 4);
INSERT INTO `phpraider_signups` VALUES(27, 59, 0, 1, 12, 4, 'Ou tank, si besoin', '1218219827', 5);
INSERT INTO `phpraider_signups` VALUES(27, 12, 0, 1, 5, 4, 'C''est le moment pour s''inscrire...', '1218220146', 5);
INSERT INTO `phpraider_signups` VALUES(28, 10, 0, 0, 12, 2, '', '1218237428', 9);
INSERT INTO `phpraider_signups` VALUES(30, 22, 0, 0, 23, 1, '', '1218237788', 5);
INSERT INTO `phpraider_signups` VALUES(29, 60, 0, 0, 19, 1, '', '1218237855', 3);
INSERT INTO `phpraider_signups` VALUES(30, 13, 0, 0, 17, 2, '', '1218242009', 9);
INSERT INTO `phpraider_signups` VALUES(28, 24, 0, 0, 21, 1, '', '1218272152', 8);
INSERT INTO `phpraider_signups` VALUES(28, 23, 0, 0, 15, 1, 'Tank/dps/ (ou heal mais cest faible mdr)', '1218277351', 1);
INSERT INTO `phpraider_signups` VALUES(30, 10, 1, 0, 12, 2, '', '1218281628', 9);
INSERT INTO `phpraider_signups` VALUES(30, 34, 0, 0, 30, 4, '', '1218301190', 4);
INSERT INTO `phpraider_signups` VALUES(29, 38, 1, 0, 26, 1, '', '1218310314', 8);
INSERT INTO `phpraider_signups` VALUES(30, 32, 1, 0, 29, 4, '', '1218364674', 5);
INSERT INTO `phpraider_signups` VALUES(30, 25, 0, 0, 14, 2, 'dispo en cas d''abs^^', '1218379703', 9);
INSERT INTO `phpraider_signups` VALUES(31, 34, 0, 0, 30, 4, '', '1218385089', 4);
INSERT INTO `phpraider_signups` VALUES(30, 61, 0, 0, 40, 1, '', '1218389015', 2);
INSERT INTO `phpraider_signups` VALUES(33, 61, 0, 1, 40, 1, '', '1218389027', 2);
INSERT INTO `phpraider_signups` VALUES(29, 64, 0, 0, 41, 4, '', '1218391860', 1);
INSERT INTO `phpraider_signups` VALUES(35, 17, 0, 0, 18, 4, 'je ne suis pas d''astreinte ^^', '1218391972', 1);
INSERT INTO `phpraider_signups` VALUES(36, 17, 0, 0, 18, 4, 'pas d''astreinte :)', '1218391990', 1);
INSERT INTO `phpraider_signups` VALUES(35, 36, 0, 0, 26, 1, '', '1218704037', 2);
INSERT INTO `phpraider_signups` VALUES(35, 25, 0, 0, 14, 2, '', '1218395177', 9);
INSERT INTO `phpraider_signups` VALUES(36, 25, 0, 0, 14, 2, '', '1218395186', 9);
INSERT INTO `phpraider_signups` VALUES(31, 36, 0, 1, 26, 1, '', '1218704016', 2);
INSERT INTO `phpraider_signups` VALUES(29, 1, 1, 0, 1, 1, '', '1218456100', 6);
INSERT INTO `phpraider_signups` VALUES(33, 1, 1, 0, 1, 1, '', '1218456112', 6);
INSERT INTO `phpraider_signups` VALUES(34, 1, 1, 0, 1, 1, '', '1218456120', 6);
INSERT INTO `phpraider_signups` VALUES(31, 1, 1, 0, 1, 1, '', '1218456129', 6);
INSERT INTO `phpraider_signups` VALUES(32, 1, 1, 0, 1, 1, '', '1218456143', 6);
INSERT INTO `phpraider_signups` VALUES(35, 1, 1, 0, 1, 1, '', '1218456160', 6);
INSERT INTO `phpraider_signups` VALUES(36, 1, 1, 0, 1, 1, '', '1218456170', 6);
INSERT INTO `phpraider_signups` VALUES(26, 1, 1, 0, 1, 1, '', '1218456189', 6);
INSERT INTO `phpraider_signups` VALUES(30, 1, 1, 0, 1, 1, '', '1218456202', 6);
INSERT INTO `phpraider_signups` VALUES(30, 36, 0, 0, 26, 1, '', '1218462570', 2);
INSERT INTO `phpraider_signups` VALUES(35, 55, 0, 0, 38, 1, '', '1218524732', 3);
INSERT INTO `phpraider_signups` VALUES(36, 55, 0, 0, 38, 1, '', '1218524737', 3);
INSERT INTO `phpraider_signups` VALUES(35, 19, 0, 0, 24, 1, '', '1218562166', 6);
INSERT INTO `phpraider_signups` VALUES(36, 19, 0, 0, 24, 1, '', '1218562172', 6);
INSERT INTO `phpraider_signups` VALUES(35, 6, 0, 0, 8, 4, '', '1218562209', 7);
INSERT INTO `phpraider_signups` VALUES(36, 6, 0, 0, 8, 4, '', '1218562232', 7);
INSERT INTO `phpraider_signups` VALUES(31, 6, 1, 0, 8, 4, '', '1218605451', 7);
INSERT INTO `phpraider_signups` VALUES(35, 42, 0, 0, 20, 4, '', '1218618737', 7);
INSERT INTO `phpraider_signups` VALUES(36, 42, 0, 0, 20, 4, '', '1218618766', 7);
INSERT INTO `phpraider_signups` VALUES(35, 30, 0, 0, 29, 1, '', '1218622638', 3);
INSERT INTO `phpraider_signups` VALUES(36, 30, 0, 0, 29, 1, '', '1218622646', 3);
INSERT INTO `phpraider_signups` VALUES(31, 46, 0, 0, 29, 1, '', '1218622732', 8);
INSERT INTO `phpraider_signups` VALUES(32, 46, 0, 1, 29, 1, '', '1218622739', 8);
INSERT INTO `phpraider_signups` VALUES(35, 34, 0, 1, 30, 4, 'Dispo :)', '1218625453', 4);
INSERT INTO `phpraider_signups` VALUES(33, 44, 0, 1, 34, 1, '', '1218634533', 8);
INSERT INTO `phpraider_signups` VALUES(34, 44, 0, 0, 34, 1, '', '1218634552', 8);
INSERT INTO `phpraider_signups` VALUES(31, 13, 0, 0, 17, 2, '', '1218645375', 9);
INSERT INTO `phpraider_signups` VALUES(31, 60, 1, 0, 19, 1, '', '1218663887', 3);
INSERT INTO `phpraider_signups` VALUES(34, 61, 0, 0, 40, 1, 'trop content de pouvoir faire la suite', '1218664115', 2);
INSERT INTO `phpraider_signups` VALUES(31, 66, 0, 0, 39, 4, '', '1218692076', 4);
INSERT INTO `phpraider_signups` VALUES(35, 13, 0, 0, 17, 2, '', '1218768088', 9);
INSERT INTO `phpraider_signups` VALUES(36, 36, 0, 0, 26, 1, '', '1218704044', 2);
INSERT INTO `phpraider_signups` VALUES(35, 22, 1, 0, 23, 1, '', '1218715026', 5);
INSERT INTO `phpraider_signups` VALUES(36, 13, 1, 0, 17, 2, '', '1218768113', 9);
INSERT INTO `phpraider_signups` VALUES(31, 20, 0, 1, 24, 1, '', '1218788205', 8);
INSERT INTO `phpraider_signups` VALUES(38, 54, 0, 0, 22, 2, '', '1218802558', 4);
INSERT INTO `phpraider_signups` VALUES(39, 54, 0, 0, 22, 2, '', '1218802589', 4);
INSERT INTO `phpraider_signups` VALUES(31, 24, 0, 1, 21, 1, '', '1218808929', 8);
INSERT INTO `phpraider_signups` VALUES(38, 17, 0, 0, 18, 4, '', '1218817054', 1);
INSERT INTO `phpraider_signups` VALUES(39, 17, 0, 0, 18, 4, '', '1218817068', 1);
INSERT INTO `phpraider_signups` VALUES(38, 22, 0, 0, 23, 1, '', '1218858661', 5);
INSERT INTO `phpraider_signups` VALUES(39, 22, 0, 0, 23, 1, '', '1218858670', 5);
INSERT INTO `phpraider_signups` VALUES(38, 35, 0, 0, 26, 1, '', '1218873553', 3);
INSERT INTO `phpraider_signups` VALUES(39, 35, 0, 0, 26, 1, '', '1218873562', 3);
INSERT INTO `phpraider_signups` VALUES(38, 10, 0, 0, 12, 2, '', '1218875968', 9);
INSERT INTO `phpraider_signups` VALUES(39, 10, 0, 0, 12, 2, '', '1218875975', 9);
INSERT INTO `phpraider_signups` VALUES(38, 61, 0, 0, 40, 1, '', '1218888873', 2);
INSERT INTO `phpraider_signups` VALUES(39, 61, 0, 0, 40, 1, '', '1218888880', 2);
INSERT INTO `phpraider_signups` VALUES(36, 61, 1, 0, 40, 1, '', '1218888948', 2);
INSERT INTO `phpraider_signups` VALUES(36, 22, 0, 0, 23, 1, '', '1218903818', 5);
INSERT INTO `phpraider_signups` VALUES(38, 16, 0, 0, 19, 4, '', '1218912759', 5);
INSERT INTO `phpraider_signups` VALUES(39, 16, 0, 0, 19, 4, '', '1218912770', 5);
INSERT INTO `phpraider_signups` VALUES(38, 6, 0, 0, 8, 4, '', '1218961503', 7);
INSERT INTO `phpraider_signups` VALUES(39, 6, 0, 0, 8, 4, '', '1218961512', 7);
INSERT INTO `phpraider_signups` VALUES(35, 61, 0, 1, 40, 1, 'dispo:)', '1218965815', 2);
INSERT INTO `phpraider_signups` VALUES(38, 14, 0, 0, 7, 1, '', '1218970489', 7);
INSERT INTO `phpraider_signups` VALUES(39, 14, 0, 0, 7, 1, '', '1218970497', 7);
INSERT INTO `phpraider_signups` VALUES(38, 26, 0, 0, 9, 1, '', '1218970511', 3);
INSERT INTO `phpraider_signups` VALUES(39, 26, 0, 0, 9, 1, '', '1218970516', 3);
INSERT INTO `phpraider_signups` VALUES(41, 35, 1, 0, 26, 1, '', '1218983564', 3);
INSERT INTO `phpraider_signups` VALUES(38, 19, 0, 0, 24, 1, '', '1218984581', 6);
INSERT INTO `phpraider_signups` VALUES(39, 19, 0, 0, 24, 1, '', '1218984589', 6);
INSERT INTO `phpraider_signups` VALUES(40, 35, 1, 0, 26, 1, '', '1218989712', 3);
INSERT INTO `phpraider_signups` VALUES(38, 25, 1, 0, 14, 2, '', '1218999777', 9);
INSERT INTO `phpraider_signups` VALUES(39, 25, 0, 0, 14, 2, '', '1218999785', 9);
INSERT INTO `phpraider_signups` VALUES(40, 33, 1, 0, 29, 1, '', '1219021471', 2);
INSERT INTO `phpraider_signups` VALUES(41, 33, 0, 0, 29, 1, '', '1219021488', 2);
INSERT INTO `phpraider_signups` VALUES(38, 46, 0, 0, 29, 1, 'ou Cara/Ethel', '1219021632', 8);
INSERT INTO `phpraider_signups` VALUES(39, 46, 0, 0, 29, 1, 'ou Cara/Ethel', '1219021654', 8);
INSERT INTO `phpraider_signups` VALUES(38, 9, 0, 0, 11, 1, '', '1219048747', 2);
INSERT INTO `phpraider_signups` VALUES(39, 9, 0, 0, 11, 1, '', '1219048753', 2);
INSERT INTO `phpraider_signups` VALUES(41, 34, 0, 0, 30, 4, '', '1219052260', 4);
INSERT INTO `phpraider_signups` VALUES(40, 60, 0, 0, 19, 1, '', '1219079583', 3);
INSERT INTO `phpraider_signups` VALUES(38, 66, 0, 0, 39, 4, '', '1219157741', 4);
INSERT INTO `phpraider_signups` VALUES(39, 66, 0, 0, 39, 4, '', '1219157756', 4);
INSERT INTO `phpraider_signups` VALUES(40, 66, 0, 0, 39, 4, '', '1219157814', 4);
INSERT INTO `phpraider_signups` VALUES(40, 69, 0, 0, 42, 1, '', '1219161874', 8);
INSERT INTO `phpraider_signups` VALUES(40, 58, 0, 0, 34, 1, '', '1219166796', 3);
INSERT INTO `phpraider_signups` VALUES(38, 55, 1, 0, 38, 1, '', '1219180263', 3);
INSERT INTO `phpraider_signups` VALUES(39, 55, 1, 0, 38, 1, '', '1219180269', 3);
INSERT INTO `phpraider_signups` VALUES(38, 21, 0, 0, 25, 1, '', '1219181246', 6);
INSERT INTO `phpraider_signups` VALUES(39, 21, 0, 0, 25, 1, '', '1219181315', 6);
INSERT INTO `phpraider_signups` VALUES(40, 10, 1, 0, 12, 2, '', '1219224715', 9);
INSERT INTO `phpraider_signups` VALUES(40, 64, 1, 0, 41, 4, '', '1219226059', 1);
INSERT INTO `phpraider_signups` VALUES(38, 42, 0, 0, 20, 4, '', '1219244976', 7);
INSERT INTO `phpraider_signups` VALUES(40, 23, 1, 0, 15, 2, 'pas dispo', '1219266267', 1);
INSERT INTO `phpraider_signups` VALUES(40, 6, 1, 0, 8, 4, '', '1219305105', 7);
INSERT INTO `phpraider_signups` VALUES(41, 6, 1, 0, 8, 4, '', '1219305117', 7);
INSERT INTO `phpraider_signups` VALUES(40, 61, 0, 1, 40, 1, '', '1219329602', 2);
INSERT INTO `phpraider_signups` VALUES(41, 61, 0, 0, 40, 1, '', '1219345502', 2);
INSERT INTO `phpraider_signups` VALUES(38, 8, 0, 0, 10, 1, '', '1219357741', 2);
INSERT INTO `phpraider_signups` VALUES(39, 8, 0, 0, 10, 1, '', '1219357747', 2);
INSERT INTO `phpraider_signups` VALUES(41, 60, 0, 0, 19, 1, '', '1219406229', 3);
INSERT INTO `phpraider_signups` VALUES(38, 45, 0, 0, 35, 4, 'De retour de congés !!!', '1219441738', 5);
INSERT INTO `phpraider_signups` VALUES(41, 59, 0, 0, 12, 4, '', '1219486191', 5);
INSERT INTO `phpraider_signups` VALUES(38, 11, 0, 0, 5, 1, '', '1219608210', 2);
INSERT INTO `phpraider_signups` VALUES(38, 1, 0, 0, 1, 1, '', '1219650881', 6);
INSERT INTO `phpraider_signups` VALUES(39, 1, 0, 0, 1, 1, '', '1219650888', 6);
INSERT INTO `phpraider_signups` VALUES(38, 70, 0, 0, 46, 1, '', '1219689481', 4);
INSERT INTO `phpraider_signups` VALUES(39, 70, 0, 0, 46, 1, '', '1219689491', 4);
INSERT INTO `phpraider_signups` VALUES(42, 2, 0, 1, 1, 4, 'Pour stuffage Palatank ^^', '1219910202', 4);
INSERT INTO `phpraider_signups` VALUES(42, 35, 0, 1, 26, 1, '', '1219839282', 3);
INSERT INTO `phpraider_signups` VALUES(38, 23, 1, 0, 15, 2, 'Dsl (Kat gronde pas^^)', '1219856463', 1);
INSERT INTO `phpraider_signups` VALUES(42, 58, 1, 0, 34, 1, '', '1219860992', 3);
INSERT INTO `phpraider_signups` VALUES(42, 20, 0, 1, 24, 1, '', '1219866395', 8);
INSERT INTO `phpraider_signups` VALUES(42, 16, 0, 1, 19, 1, '', '1219874481', 5);
INSERT INTO `phpraider_signups` VALUES(39, 23, 1, 0, 15, 2, 'pas dispo non pu dsl', '1219912514', 1);
INSERT INTO `phpraider_signups` VALUES(42, 61, 0, 1, 40, 1, '', '1219914817', 2);
INSERT INTO `phpraider_signups` VALUES(43, 2, 0, 0, 1, 4, 'Ou pilzen', '1219963976', 4);
INSERT INTO `phpraider_signups` VALUES(44, 1, 0, 0, 1, 1, 'Ou palafh ca depend de ou on va ^^', '1219963985', 6);
INSERT INTO `phpraider_signups` VALUES(45, 1, 0, 0, 1, 1, '', '1219963993', 6);
INSERT INTO `phpraider_signups` VALUES(46, 2, 0, 0, 1, 4, 'ou tank si le stuff le permet', '1219964018', 4);
INSERT INTO `phpraider_signups` VALUES(44, 9, 0, 0, 11, 1, '', '1219965075', 2);
INSERT INTO `phpraider_signups` VALUES(45, 9, 0, 0, 11, 1, '', '1219965080', 2);
INSERT INTO `phpraider_signups` VALUES(49, 36, 0, 0, 26, 1, '', '1220297824', 2);
INSERT INTO `phpraider_signups` VALUES(42, 6, 1, 0, 8, 4, '', '1219980181', 7);
INSERT INTO `phpraider_signups` VALUES(49, 2, 0, 0, 1, 4, 'pour stuffage Palatank', '1220283613', 4);
INSERT INTO `phpraider_signups` VALUES(44, 10, 0, 0, 12, 2, '', '1219993906', 9);
INSERT INTO `phpraider_signups` VALUES(45, 10, 0, 0, 12, 2, '', '1219993913', 9);
INSERT INTO `phpraider_signups` VALUES(44, 8, 0, 0, 10, 1, '', '1220008912', 2);
INSERT INTO `phpraider_signups` VALUES(45, 8, 0, 0, 10, 1, '', '1220008915', 2);
INSERT INTO `phpraider_signups` VALUES(47, 2, 0, 0, 1, 4, '', '1220051494', 4);
INSERT INTO `phpraider_signups` VALUES(47, 61, 0, 1, 40, 1, '', '1220051795', 2);
INSERT INTO `phpraider_signups` VALUES(26, 61, 0, 1, 40, 1, '', '1220051858', 2);
INSERT INTO `phpraider_signups` VALUES(27, 61, 0, 1, 40, 1, '', '1220051867', 2);
INSERT INTO `phpraider_signups` VALUES(47, 60, 0, 1, 19, 1, '', '1220077686', 3);
INSERT INTO `phpraider_signups` VALUES(46, 60, 0, 0, 19, 1, '', '1220077733', 3);
INSERT INTO `phpraider_signups` VALUES(43, 16, 0, 0, 19, 4, '', '1220077745', 5);
INSERT INTO `phpraider_signups` VALUES(44, 16, 0, 0, 19, 4, '', '1220077753', 5);
INSERT INTO `phpraider_signups` VALUES(45, 16, 0, 0, 19, 4, '', '1220077761', 5);
INSERT INTO `phpraider_signups` VALUES(43, 13, 0, 0, 17, 2, '', '1220077906', 9);
INSERT INTO `phpraider_signups` VALUES(43, 61, 0, 0, 40, 1, '', '1220079864', 2);
INSERT INTO `phpraider_signups` VALUES(44, 61, 0, 0, 40, 1, '', '1220079869', 2);
INSERT INTO `phpraider_signups` VALUES(45, 61, 0, 0, 40, 1, '', '1220079874', 2);
INSERT INTO `phpraider_signups` VALUES(46, 61, 0, 0, 40, 1, '', '1220079880', 2);
INSERT INTO `phpraider_signups` VALUES(44, 65, 0, 0, 20, 1, '', '1220084456', 1);
INSERT INTO `phpraider_signups` VALUES(47, 35, 0, 1, 26, 1, '', '1220097256', 3);
INSERT INTO `phpraider_signups` VALUES(46, 36, 0, 0, 26, 1, '', '1220097285', 2);
INSERT INTO `phpraider_signups` VALUES(44, 35, 1, 0, 26, 1, '', '1220097307', 3);
INSERT INTO `phpraider_signups` VALUES(45, 35, 1, 0, 26, 1, '', '1220097314', 3);
INSERT INTO `phpraider_signups` VALUES(43, 25, 1, 0, 14, 2, 'probleme de compte dsl :$ je revien dem1 :''(', '1220116097', 9);
INSERT INTO `phpraider_signups` VALUES(44, 25, 0, 0, 14, 2, '', '1220116185', 9);
INSERT INTO `phpraider_signups` VALUES(45, 25, 0, 0, 14, 2, '', '1220116191', 9);
INSERT INTO `phpraider_signups` VALUES(44, 14, 0, 0, 7, 1, '', '1220118535', 7);
INSERT INTO `phpraider_signups` VALUES(44, 26, 0, 0, 9, 1, '', '1220118536', 3);
INSERT INTO `phpraider_signups` VALUES(45, 14, 0, 0, 7, 1, '', '1220118554', 7);
INSERT INTO `phpraider_signups` VALUES(45, 26, 0, 0, 9, 1, '', '1220118556', 3);
INSERT INTO `phpraider_signups` VALUES(46, 6, 1, 0, 8, 4, '', '1220167492', 7);
INSERT INTO `phpraider_signups` VALUES(44, 6, 0, 0, 8, 4, '', '1220167531', 7);
INSERT INTO `phpraider_signups` VALUES(45, 6, 0, 0, 8, 4, '', '1220167547', 7);
INSERT INTO `phpraider_signups` VALUES(43, 20, 0, 0, 24, 1, '', '1220168370', 8);
INSERT INTO `phpraider_signups` VALUES(43, 6, 0, 0, 8, 4, '', '1220168372', 7);
INSERT INTO `phpraider_signups` VALUES(44, 19, 0, 0, 24, 1, '', '1220168408', 6);
INSERT INTO `phpraider_signups` VALUES(45, 19, 0, 0, 24, 1, '', '1220168412', 6);
INSERT INTO `phpraider_signups` VALUES(46, 20, 0, 0, 24, 1, '', '1220168429', 8);
INSERT INTO `phpraider_signups` VALUES(44, 47, 0, 0, 27, 1, '', '1220185399', 2);
INSERT INTO `phpraider_signups` VALUES(45, 47, 0, 0, 27, 1, '', '1220185410', 2);
INSERT INTO `phpraider_signups` VALUES(46, 74, 0, 0, 48, 2, '', '1220204040', 6);
INSERT INTO `phpraider_signups` VALUES(43, 74, 0, 0, 48, 2, 'si dessistement ou 2eme groupe', '1220204174', 6);
INSERT INTO `phpraider_signups` VALUES(44, 74, 0, 0, 48, 2, '', '1220204181', 6);
INSERT INTO `phpraider_signups` VALUES(45, 74, 0, 0, 48, 2, '', '1220204189', 6);
INSERT INTO `phpraider_signups` VALUES(48, 2, 0, 0, 1, 4, '', '1220215607', 4);
INSERT INTO `phpraider_signups` VALUES(48, 74, 0, 0, 48, 2, '', '1220306961', 9);
INSERT INTO `phpraider_signups` VALUES(46, 70, 0, 0, 46, 2, 'Tourmentine et pas Houpeur. bébé tank ou dps', '1220259508', 4);
INSERT INTO `phpraider_signups` VALUES(44, 45, 0, 0, 35, 4, '', '1220260448', 5);
INSERT INTO `phpraider_signups` VALUES(44, 22, 0, 0, 23, 1, '', '1220269462', 5);
INSERT INTO `phpraider_signups` VALUES(45, 22, 0, 0, 23, 1, '', '1220269468', 5);
INSERT INTO `phpraider_signups` VALUES(44, 11, 0, 0, 5, 1, 'S''il vous manque trop de heal je peux bien sûr venir avec Neito mais j''aimerais tester ma nouvelle arme... *sifflote*', '1220273496', 2);
INSERT INTO `phpraider_signups` VALUES(45, 76, 0, 0, 45, 4, '', '1220285435', 5);
INSERT INTO `phpraider_signups` VALUES(48, 76, 0, 0, 45, 4, '', '1220285652', 5);
INSERT INTO `phpraider_signups` VALUES(49, 74, 0, 0, 48, 2, '', '1220306975', 9);
INSERT INTO `phpraider_signups` VALUES(49, 61, 1, 0, 40, 1, '', '1220308210', 2);
INSERT INTO `phpraider_signups` VALUES(48, 8, 1, 0, 10, 1, 'Désolée j''ai quelque chose Irl ce soir la je viens juste de m''en rappeler....', '1220393368', 2);
INSERT INTO `phpraider_signups` VALUES(49, 47, 1, 0, 27, 1, '', '1220441102', 2);
INSERT INTO `phpraider_signups` VALUES(45, 69, 0, 0, 42, 1, '', '1220442897', 8);
INSERT INTO `phpraider_signups` VALUES(46, 77, 0, 0, 49, 1, '', '1220466655', 1);
INSERT INTO `phpraider_signups` VALUES(45, 77, 0, 0, 49, 1, '', '1220466648', 1);
INSERT INTO `phpraider_signups` VALUES(49, 65, 0, 0, 20, 1, 'dps/ off tank', '1220460961', 1);
INSERT INTO `phpraider_signups` VALUES(44, 77, 0, 1, 49, 1, '', '1220466636', 1);
INSERT INTO `phpraider_signups` VALUES(46, 76, 1, 0, 45, 4, ' ', '1220481960', 5);
INSERT INTO `phpraider_signups` VALUES(45, 13, 0, 1, 17, 2, 'Dispo si besoin ;)', '1220505949', 9);
INSERT INTO `phpraider_signups` VALUES(45, 17, 0, 1, 18, 4, 'je suis d''astreinte encore.', '1220506804', 1);
INSERT INTO `phpraider_signups` VALUES(48, 25, 0, 0, 14, 2, '', '1220613236', 9);
INSERT INTO `phpraider_signups` VALUES(49, 13, 1, 0, 17, 2, '', '1220624029', 9);
INSERT INTO `phpraider_signups` VALUES(48, 13, 1, 0, 17, 2, '', '1220624054', 9);
INSERT INTO `phpraider_signups` VALUES(49, 18, 0, 0, 18, 1, '', '1220680604', 8);
INSERT INTO `phpraider_signups` VALUES(49, 69, 0, 0, 42, 1, '', '1220725881', 8);
INSERT INTO `phpraider_signups` VALUES(48, 69, 0, 0, 42, 1, '', '1220725933', 8);
INSERT INTO `phpraider_signups` VALUES(46, 69, 0, 1, 42, 1, '', '1220725988', 8);
INSERT INTO `phpraider_signups` VALUES(48, 22, 0, 0, 23, 1, '', '1220792422', 5);
INSERT INTO `phpraider_signups` VALUES(48, 20, 0, 1, 24, 1, '', '1220811495', 8);
INSERT INTO `phpraider_signups` VALUES(48, 6, 0, 1, 8, 4, '', '1220811742', 7);
INSERT INTO `phpraider_signups` VALUES(49, 21, 0, 0, 25, 1, '', '1220871567', 6);
INSERT INTO `phpraider_signups` VALUES(51, 47, 1, 0, 27, 1, 'Une fois n''est pas coutume, je suis pas encore sorti du taf et il est 19:40... amusez vous bien', '1220975185', 2);
INSERT INTO `phpraider_signups` VALUES(51, 36, 0, 1, 26, 1, '', '1221074735', 2);
INSERT INTO `phpraider_signups` VALUES(51, 18, 0, 0, 18, 1, '', '1220982624', 8);
INSERT INTO `phpraider_signups` VALUES(51, 74, 0, 0, 48, 2, '', '1220983998', 9);
INSERT INTO `phpraider_signups` VALUES(51, 2, 0, 0, 1, 4, '', '1221025228', 4);
INSERT INTO `phpraider_signups` VALUES(49, 23, 1, 0, 15, 2, 'Soirée IRL ^^', '1221045086', 1);
INSERT INTO `phpraider_signups` VALUES(49, 25, 0, 0, 14, 2, '', '1221046491', 9);
INSERT INTO `phpraider_signups` VALUES(53, 2, 0, 1, 1, 4, 'ou tank', '1221062861', 4);
INSERT INTO `phpraider_signups` VALUES(53, 74, 1, 0, 48, 2, 'n/a', '1221063073', 9);
INSERT INTO `phpraider_signups` VALUES(54, 16, 0, 1, 19, 4, 'Juste une visite, ca vaut le coup d''oeil^^', '1221071135', 5);
INSERT INTO `phpraider_signups` VALUES(53, 69, 0, 1, 42, 1, '', '1221073627', 8);
INSERT INTO `phpraider_signups` VALUES(54, 36, 0, 1, 26, 1, '', '1221074151', 2);
INSERT INTO `phpraider_signups` VALUES(54, 10, 0, 1, 12, 1, '', '1221117140', 9);
INSERT INTO `phpraider_signups` VALUES(54, 61, 0, 1, 40, 1, '', '1221123009', 2);
INSERT INTO `phpraider_signups` VALUES(54, 47, 0, 1, 27, 1, '', '1221123456', 2);
INSERT INTO `phpraider_signups` VALUES(53, 25, 0, 1, 14, 1, '', '1221127496', 9);
INSERT INTO `phpraider_signups` VALUES(54, 17, 0, 1, 18, 4, 'comme d''hab, d''astreinte le jeudi soir :(', '1221211620', 1);
INSERT INTO `phpraider_signups` VALUES(51, 6, 1, 0, 8, 4, '', '1221239345', 7);
INSERT INTO `phpraider_signups` VALUES(51, 69, 0, 1, 42, 1, '', '1221239638', 8);
INSERT INTO `phpraider_signups` VALUES(54, 69, 0, 1, 42, 1, '', '1221318847', 8);
INSERT INTO `phpraider_signups` VALUES(54, 31, 0, 1, 29, 2, '', '1221322002', 9);
INSERT INTO `phpraider_signups` VALUES(54, 8, 0, 1, 10, 1, '', '1221339310', 2);
INSERT INTO `phpraider_signups` VALUES(55, 36, 0, 1, 26, 1, '', '1221396153', 2);
INSERT INTO `phpraider_signups` VALUES(55, 17, 0, 1, 18, 4, '', '1221716759', 1);
INSERT INTO `phpraider_signups` VALUES(54, 9, 0, 1, 11, 1, '', '1221650584', 2);

-- --------------------------------------------------------

--
-- Structure de la table `phpraider_subclass`
--

CREATE TABLE IF NOT EXISTS `phpraider_subclass` (
  `character_id` tinyint(1) NOT NULL,
  `class_id` tinyint(1) NOT NULL
) ENGINE=MyISAM DEFAULT CHARSET=latin1 COLLATE=latin1_general_ci;

--
-- Contenu de la table `phpraider_subclass`
--

INSERT INTO `phpraider_subclass` VALUES(6, 7);

-- --------------------------------------------------------

--
-- Structure de la table `roster_account`
--

CREATE TABLE IF NOT EXISTS `roster_account` (
  `account_id` smallint(6) NOT NULL auto_increment,
  `name` varchar(30) collate latin1_general_ci NOT NULL default '',
  `hash` varchar(32) collate latin1_general_ci NOT NULL default '',
  PRIMARY KEY  (`account_id`)
) ENGINE=MyISAM DEFAULT CHARSET=latin1 COLLATE=latin1_general_ci AUTO_INCREMENT=1 ;

--
-- Contenu de la table `roster_account`
--


-- --------------------------------------------------------

--
-- Structure de la table `roster_buffs`
--

CREATE TABLE IF NOT EXISTS `roster_buffs` (
  `member_id` int(11) unsigned NOT NULL default '0',
  `name` varchar(96) collate latin1_general_ci NOT NULL default '',
  `rank` varchar(32) collate latin1_general_ci NOT NULL default '',
  `count` int(11) unsigned NOT NULL default '0',
  `icon` varchar(64) collate latin1_general_ci NOT NULL default '',
  `tooltip` mediumtext collate latin1_general_ci NOT NULL,
  PRIMARY KEY  (`member_id`,`name`)
) ENGINE=MyISAM DEFAULT CHARSET=latin1 COLLATE=latin1_general_ci;

--
-- Contenu de la table `roster_buffs`
--

INSERT INTO `roster_buffs` VALUES(3, 'Armure de givre', 'Rang 3', 0, 'Interface/Icons/Spell_Frost_FrostArmor02', 'Armure de givre	Magie\nAugmente l''Armure de 200 et peut ralentir les attaquants.\n16 minutes restantes');
INSERT INTO `roster_buffs` VALUES(29, 'Camouflage', 'Rang 4', 0, 'Interface/Icons/Ability_Stealth', 'Camouflage\nCamouflé. Déplacement réduit de 30%.');
INSERT INTO `roster_buffs` VALUES(34, 'Intelligence des arcanes', 'Rang 3', 0, 'Interface/Icons/Spell_Holy_MagicalSentry', 'Intelligence des arcanes	Magie\nAugmente l''Intelligence de 15.');
INSERT INTO `roster_buffs` VALUES(18, 'Golden Gryphon', '', 0, 'Interface/Icons/Ability_Mount_Gryphon_01', 'Golden Gryphon\nIncreases flight speed by 60%.');
INSERT INTO `roster_buffs` VALUES(18, 'Greater Blessing of Kings', '', 0, 'Interface/Icons/Spell_Magic_GreaterBlessingofKings', 'Greater Blessing of Kings	Magic\nIncreases stats by 10%.');
INSERT INTO `roster_buffs` VALUES(36, 'Supériorité des Flammes infernales', 'Rang 3', 0, 'Interface/Icons/INV_BannerPVP_02', 'Supériorité des Flammes infernales\nAugmente les dégâts infligés de 5%.');
INSERT INTO `roster_buffs` VALUES(36, 'Armure de givre', 'Rang 3', 0, 'Interface/Icons/Spell_Frost_FrostArmor02', 'Armure de givre	Magie\nAugmente l''Armure de 200 et peut ralentir les attaquants.\n4 minutes restantes');
INSERT INTO `roster_buffs` VALUES(13, 'Aura de croisé', '', 0, 'Interface/Icons/Spell_Holy_CrusaderAura', 'Aura de croisé\nVitesse de déplacement monté augmentée de 20%. Ne s''additionne pas avec les autres effets qui augmentent la vitesse de déplacement.');
INSERT INTO `roster_buffs` VALUES(13, 'Bénédiction de puissance', 'Rang 8', 0, 'Interface/Icons/Spell_Holy_FistOfJustice', 'Bénédiction de puissance	Magie\nAugmente de 220 la puissance d’attaque.\n4 minutes restantes');
INSERT INTO `roster_buffs` VALUES(36, 'Intelligence des arcanes', 'Rang 5', 0, 'Interface/Icons/Spell_Holy_MagicalSentry', 'Intelligence des arcanes	Magie\nAugmente l''Intelligence de 31.\n4 minutes restantes');
INSERT INTO `roster_buffs` VALUES(12, 'Don du fauve', 'Rang 3', 0, 'Interface/Icons/Spell_Nature_GiftoftheWild', 'Don du fauve	Magie\nAugmente l''Armure de 340, toutes les caractéristiques de 14 et toutes les résistances de 25.');
INSERT INTO `roster_buffs` VALUES(18, 'Arcane Brilliance', 'Rank 1', 0, 'Interface/Icons/Spell_Holy_ArcaneIntellect', 'Arcane Brilliance	Magic\nIncreases Intellect by 31.');
INSERT INTO `roster_buffs` VALUES(56, 'Combustion', '', 0, 'Interface/Icons/Spell_Fire_SealOfFire', 'Combustion	Magie\nAugmente de 10% les chances de coup critique des sorts de dégâts de Feu.');
INSERT INTO `roster_buffs` VALUES(12, 'Prière de robustesse', 'Rang 3', 0, 'Interface/Icons/Spell_Holy_PrayerOfFortitude', 'Prière de robustesse	Magie\nAugmente l''Endurance de 79.');
INSERT INTO `roster_buffs` VALUES(12, 'Aspect du faucon', 'Rang 8', 0, 'Interface/Icons/Spell_Nature_RavenForm', 'Aspect du faucon\nAugmente la puissance d''attaque à distance de 155.');
INSERT INTO `roster_buffs` VALUES(12, 'Aura de précision', 'Rang 4', 0, 'Interface/Icons/Ability_TrueShot', 'Aura de précision	Magie\nAugmente de 125 la puissance d’attaque.');
INSERT INTO `roster_buffs` VALUES(20, 'Flacon instable du médecin', '', 0, 'Interface/Icons/INV_Potion_70', 'Flacon instable du médecin\nIntelligence augmentée de 20, endurance de 30, et soins de 44 au maximum. Ne fonctionne que sur les plateaux des Tranchantes et dans le Repaire de Gruul.\n4 minutes restantes');

-- --------------------------------------------------------

--
-- Structure de la table `roster_config`
--

CREATE TABLE IF NOT EXISTS `roster_config` (
  `id` int(11) NOT NULL,
  `config_name` varchar(255) collate latin1_general_ci default NULL,
  `config_value` tinytext collate latin1_general_ci,
  `form_type` mediumtext collate latin1_general_ci,
  `config_type` varchar(255) collate latin1_general_ci default NULL,
  PRIMARY KEY  (`id`)
) ENGINE=MyISAM DEFAULT CHARSET=latin1 COLLATE=latin1_general_ci;

--
-- Contenu de la table `roster_config`
--

INSERT INTO `roster_config` VALUES(1, 'config_list', 'main_conf|guild_conf|menu_conf|display_conf|index_conf|char_conf|realmstatus_conf|data_links|guildbank_conf|update_access', 'display', 'master');
INSERT INTO `roster_config` VALUES(2, 'roster_upd_pw', '03b9d3284b953ec6c58a148e7e327479', 'password:30|30', 'master');
INSERT INTO `roster_config` VALUES(3, 'roster_dbver', '5', 'display', 'master');
INSERT INTO `roster_config` VALUES(4, 'version', '1.7.3', 'display', 'master');
INSERT INTO `roster_config` VALUES(1000, 'sqldebug', '0', 'radio{on^1|off^0', 'main_conf');
INSERT INTO `roster_config` VALUES(1001, 'debug_mode', '0', 'radio{on^1|off^0', 'main_conf');
INSERT INTO `roster_config` VALUES(1002, 'sql_window', '0', 'radio{on^1|off^0', 'main_conf');
INSERT INTO `roster_config` VALUES(1010, 'minCPver', '2.0.0', 'text{10|10', 'main_conf');
INSERT INTO `roster_config` VALUES(1020, 'minGPver', '2.0.0', 'text{10|10', 'main_conf');
INSERT INTO `roster_config` VALUES(1030, 'minPvPLogver', '0.6.1', 'text{10|10', 'main_conf');
INSERT INTO `roster_config` VALUES(1040, 'roster_lang', 'frFR', 'function{rosterLangValue', 'main_conf');
INSERT INTO `roster_config` VALUES(1060, 'website_address', 'http://tenebraecdt.free.fr', 'text{128|30', 'main_conf');
INSERT INTO `roster_config` VALUES(1070, 'roster_dir', '/roster', 'text{128|30', 'main_conf');
INSERT INTO `roster_config` VALUES(1080, 'server_name_comp', '0', 'radio{on^1|off^0', 'main_conf');
INSERT INTO `roster_config` VALUES(1085, 'interface_url', 'img/', 'text{128|30', 'main_conf');
INSERT INTO `roster_config` VALUES(1090, 'img_suffix', 'jpg', 'select{jpg^jpg|png^png|gif^gif', 'main_conf');
INSERT INTO `roster_config` VALUES(1095, 'alt_img_suffix', 'gif', 'select{jpg^jpg|png^png|gif^gif', 'main_conf');
INSERT INTO `roster_config` VALUES(1100, 'img_url', 'img/', 'text{128|30', 'main_conf');
INSERT INTO `roster_config` VALUES(1110, 'timezone', 'PST', 'text{10|10', 'main_conf');
INSERT INTO `roster_config` VALUES(1120, 'localtimeoffset', '0', 'select{-12^-12|-11^-11|-10^-10|-9^-9|-8^-8|-7^-7|-6^-6|-5^-5|-4^-4|-3.5^-3.5|-3^-3|-2^-2|-1^-1|0^0|+1^1|+2^2|+3^3|+3.5^3.5|+4^4|+4.5^4.5|+5^5|+5.5^5.5|+6^6|+6.5^6.5|+7^7|+8^8|+9^9|+9.5^9.5|+10^10|+11^11|+12^12|+13^13', 'main_conf');
INSERT INTO `roster_config` VALUES(1130, 'pvp_log_allow', '1', 'radio{yes^1|no^0', 'main_conf');
INSERT INTO `roster_config` VALUES(1140, 'use_update_triggers', '1', 'radio{on^1|off^0', 'main_conf');
INSERT INTO `roster_config` VALUES(2000, 'guild_name', 'Tenebrae Angelus', 'text{50|30', 'guild_conf');
INSERT INTO `roster_config` VALUES(2010, 'server_name', 'Confrérie du Thorium', 'text{50|30', 'guild_conf');
INSERT INTO `roster_config` VALUES(2020, 'guild_desc', '^^', 'text{255|30', 'guild_conf');
INSERT INTO `roster_config` VALUES(2030, 'server_type', 'RP', 'select{PvE^PvE|PvP^PvP|RP^RP|RPPvP^RPPvP', 'guild_conf');
INSERT INTO `roster_config` VALUES(2040, 'alt_type', 'reroll', 'text{30|30', 'guild_conf');
INSERT INTO `roster_config` VALUES(2050, 'alt_location', 'note', 'select{Player Note^note|Officer Note^officer_note|Guild Rank Number^guild_rank|Guild Title^guild_title', 'guild_conf');
INSERT INTO `roster_config` VALUES(3000, 'index_pvplist', '0', 'radio{on^1|off^0', 'index_conf');
INSERT INTO `roster_config` VALUES(3010, 'index_hslist', '0', 'radio{on^1|off^0', 'index_conf');
INSERT INTO `roster_config` VALUES(3015, 'hspvp_list_disp', 'hide', 'radio{show^show|hide^hide', 'index_conf');
INSERT INTO `roster_config` VALUES(3020, 'index_member_tooltip', '1', 'radio{on^1|off^0', 'index_conf');
INSERT INTO `roster_config` VALUES(3030, 'index_update_inst', '1', 'radio{on^1|off^0', 'index_conf');
INSERT INTO `roster_config` VALUES(3040, 'index_sort', 'guild_title', 'select{Default Sort^|Name^name|Class^class|Level^level|Guild Title^guild_title|PvP Rank^RankName|Note^note|Hearthstone Location^hearth|Zone Location^zone', 'index_conf');
INSERT INTO `roster_config` VALUES(3050, 'index_motd', '1', 'radio{on^1|off^0', 'index_conf');
INSERT INTO `roster_config` VALUES(3060, 'index_level_bar', '1', 'radio{on^1|off^0', 'index_conf');
INSERT INTO `roster_config` VALUES(3070, 'index_iconsize', '16', 'select{8px^8|9px^9|10px^10|11px^11|12px^12|13px^13|14px^14|15px^15|16px^16|17px^17|18px^18|19px^19|20px^20', 'index_conf');
INSERT INTO `roster_config` VALUES(3080, 'index_tradeskill_icon', '1', 'radio{on^1|off^0', 'index_conf');
INSERT INTO `roster_config` VALUES(3090, 'index_tradeskill_loc', 'professions', 'select{Name^name|Class^class|Level^level|Guild Title^guild_title|PvP Rank^RankName|Note^note|Professions^professions|Hearthed^hearth|Last Zone^zone|Last On-line^lastonline|Last Updated^last_update', 'index_conf');
INSERT INTO `roster_config` VALUES(3100, 'index_class_color', '1', 'radio{on^1|off^0', 'index_conf');
INSERT INTO `roster_config` VALUES(3110, 'index_classicon', '1', 'radio{on^1|off^0', 'index_conf');
INSERT INTO `roster_config` VALUES(3120, 'index_honoricon', '1', 'radio{on^1|off^0', 'index_conf');
INSERT INTO `roster_config` VALUES(3130, 'index_prof', '1', 'radio{on^1|off^0', 'index_conf');
INSERT INTO `roster_config` VALUES(3140, 'index_currenthonor', '0', 'radio{on^1|off^0', 'index_conf');
INSERT INTO `roster_config` VALUES(3150, 'index_note', '1', 'radio{on^1|off^0', 'index_conf');
INSERT INTO `roster_config` VALUES(3160, 'index_title', '1', 'radio{on^1|off^0', 'index_conf');
INSERT INTO `roster_config` VALUES(3170, 'index_hearthed', '0', 'radio{on^1|off^0', 'index_conf');
INSERT INTO `roster_config` VALUES(3180, 'index_zone', '0', 'radio{on^1|off^0', 'index_conf');
INSERT INTO `roster_config` VALUES(3190, 'index_lastonline', '1', 'radio{on^1|off^0', 'index_conf');
INSERT INTO `roster_config` VALUES(3200, 'index_lastupdate', '1', 'radio{on^1|off^0', 'index_conf');
INSERT INTO `roster_config` VALUES(4000, 'menu_left_pane', '1', 'radio{on^1|off^0', 'menu_conf');
INSERT INTO `roster_config` VALUES(4010, 'menu_right_pane', '1', 'radio{on^1|off^0', 'menu_conf');
INSERT INTO `roster_config` VALUES(4020, 'menu_memberlog', '1', 'radio{on^1|off^0', 'menu_conf');
INSERT INTO `roster_config` VALUES(4040, 'menu_guild_info', '1', 'radio{on^1|off^0', 'menu_conf');
INSERT INTO `roster_config` VALUES(4050, 'menu_stats_page', '1', 'radio{on^1|off^0', 'menu_conf');
INSERT INTO `roster_config` VALUES(4055, 'menu_pvp_page', '1', 'radio{on^1|off^0', 'menu_conf');
INSERT INTO `roster_config` VALUES(4060, 'menu_honor_page', '1', 'radio{on^1|off^0', 'menu_conf');
INSERT INTO `roster_config` VALUES(4070, 'menu_guildbank', '1', 'radio{on^1|off^0', 'menu_conf');
INSERT INTO `roster_config` VALUES(4080, 'menu_keys_page', '1', 'radio{on^1|off^0', 'menu_conf');
INSERT INTO `roster_config` VALUES(4090, 'menu_tradeskills_page', '1', 'radio{on^1|off^0', 'menu_conf');
INSERT INTO `roster_config` VALUES(4100, 'menu_update_page', '1', 'radio{on^1|off^0', 'menu_conf');
INSERT INTO `roster_config` VALUES(4110, 'menu_quests_page', '1', 'radio{on^1|off^0', 'menu_conf');
INSERT INTO `roster_config` VALUES(4120, 'menu_search_page', '1', 'radio{on^1|off^0', 'menu_conf');
INSERT INTO `roster_config` VALUES(5000, 'stylesheet', 'css/styles.css', 'text{128|30', 'display_conf');
INSERT INTO `roster_config` VALUES(5005, 'roster_js', 'css/js/mainjs.js', 'text{128|30', 'display_conf');
INSERT INTO `roster_config` VALUES(5008, 'tabcontent', 'css/js/tabcontent.js', 'text{128|30', 'display_conf');
INSERT INTO `roster_config` VALUES(5010, 'overlib', 'css/js/overlib.js', 'text{128|30', 'display_conf');
INSERT INTO `roster_config` VALUES(5015, 'overlib_hide', 'css/js/overlib_hideform.js', 'text{128|30', 'display_conf');
INSERT INTO `roster_config` VALUES(5020, 'logo', 'img/wowroster_logo.jpg', 'text{128|30', 'display_conf');
INSERT INTO `roster_config` VALUES(5025, 'roster_bg', 'img/wowroster_bg.jpg', 'text{128|30', 'display_conf');
INSERT INTO `roster_config` VALUES(5030, 'motd_display_mode', '1', 'radio{Image^1|Text^0', 'display_conf');
INSERT INTO `roster_config` VALUES(5035, 'compress_note', '1', 'radio{Icon^1|Text^0', 'display_conf');
INSERT INTO `roster_config` VALUES(5040, 'signaturebackground', 'img/default.png', 'text{128|30', 'display_conf');
INSERT INTO `roster_config` VALUES(5050, 'processtime', '1', 'radio{on^1|off^0', 'display_conf');
INSERT INTO `roster_config` VALUES(6000, 'questlink_1', '1', 'radio{on^1|off^0', 'data_links');
INSERT INTO `roster_config` VALUES(6010, 'questlink_2', '1', 'radio{on^1|off^0', 'data_links');
INSERT INTO `roster_config` VALUES(6020, 'questlink_3', '1', 'radio{on^1|off^0', 'data_links');
INSERT INTO `roster_config` VALUES(6100, 'profiler', 'http://www.rpgoutfitter.com/Addons/CharacterProfiler.cfm', 'text{128|30', 'data_links');
INSERT INTO `roster_config` VALUES(6110, 'pvplogger', 'http://www.wowroster.net/Downloads/details/id=51.html', 'text{128|30', 'data_links');
INSERT INTO `roster_config` VALUES(6120, 'uploadapp', 'http://www.wowroster.net/Downloads/c=2.html', 'text{128|30', 'data_links');
INSERT INTO `roster_config` VALUES(7000, 'char_bodyalign', 'center', 'select{left^left|center^center|right^right', 'char_conf');
INSERT INTO `roster_config` VALUES(7010, 'char_header_logo', '1', 'radio{on^1|off^0', 'char_conf');
INSERT INTO `roster_config` VALUES(7015, 'show_talents', '1', 'radio{on^1|off^0|user^2', 'char_conf');
INSERT INTO `roster_config` VALUES(7020, 'show_spellbook', '1', 'radio{on^1|off^0|user^2', 'char_conf');
INSERT INTO `roster_config` VALUES(7030, 'show_mail', '0', 'radio{on^1|off^0|user^2', 'char_conf');
INSERT INTO `roster_config` VALUES(7040, 'show_inventory', '0', 'radio{on^1|off^0|user^2', 'char_conf');
INSERT INTO `roster_config` VALUES(7050, 'show_money', '0', 'radio{on^1|off^0|user^2', 'char_conf');
INSERT INTO `roster_config` VALUES(7060, 'show_bank', '0', 'radio{on^1|off^0|user^2', 'char_conf');
INSERT INTO `roster_config` VALUES(7070, 'show_recipes', '1', 'radio{on^1|off^0|user^2', 'char_conf');
INSERT INTO `roster_config` VALUES(7080, 'show_quests', '1', 'radio{on^1|off^0|user^2', 'char_conf');
INSERT INTO `roster_config` VALUES(7090, 'show_bg', '1', 'radio{on^1|off^0|user^2', 'char_conf');
INSERT INTO `roster_config` VALUES(7100, 'show_pvp', '1', 'radio{on^1|off^0|user^2', 'char_conf');
INSERT INTO `roster_config` VALUES(7110, 'show_duels', '1', 'radio{on^1|off^0|user^2', 'char_conf');
INSERT INTO `roster_config` VALUES(7120, 'show_item_bonuses', '1', 'radio{on^1|off^0|user^2', 'char_conf');
INSERT INTO `roster_config` VALUES(7130, 'show_signature', '1', 'radio{yes^1|no^0', 'char_conf');
INSERT INTO `roster_config` VALUES(7140, 'show_avatar', '1', 'radio{yes^1|no^0', 'char_conf');
INSERT INTO `roster_config` VALUES(8000, 'realmstatus_url', 'http://www.wow-europe.com/en/serverstatus/index.xml', 'select{US Servers^http://www.worldofwarcraft.com/realmstatus/status.xml|EU Servers^http://www.wow-europe.com/en/serverstatus/index.xml', 'realmstatus_conf');
INSERT INTO `roster_config` VALUES(8010, 'rs_display', 'full', 'select{full^full|half^half', 'realmstatus_conf');
INSERT INTO `roster_config` VALUES(8020, 'rs_mode', '1', 'radio{Image^1|DIV Container^0', 'realmstatus_conf');
INSERT INTO `roster_config` VALUES(8030, 'realmstatus', '', 'text{50|30', 'realmstatus_conf');
INSERT INTO `roster_config` VALUES(9000, 'guildbank_ver', '', 'select{Table^|Inventory^2', 'guildbank_conf');
INSERT INTO `roster_config` VALUES(9010, 'bank_money', '1', 'radio{yes^1|no^0', 'guildbank_conf');
INSERT INTO `roster_config` VALUES(9020, 'banker_rankname', 'BankMule', 'text{50|30', 'guildbank_conf');
INSERT INTO `roster_config` VALUES(9030, 'banker_fieldname', 'note', 'select{Player Note^note|Officer Note^officer_note|Guild Rank Number^guild_rank|Guild Title^guild_title|Player Name^name', 'guildbank_conf');
INSERT INTO `roster_config` VALUES(10000, 'authenticated_user', '1', 'radio{enable^1|disable^0', 'update_access');

-- --------------------------------------------------------

--
-- Structure de la table `roster_guild`
--

CREATE TABLE IF NOT EXISTS `roster_guild` (
  `guild_id` int(11) unsigned NOT NULL auto_increment,
  `guild_name` varchar(64) collate latin1_general_ci NOT NULL default '',
  `server` varchar(32) collate latin1_general_ci NOT NULL default '',
  `faction` varchar(8) collate latin1_general_ci default NULL,
  `guild_motd` varchar(255) collate latin1_general_ci NOT NULL default '',
  `guild_num_members` int(11) NOT NULL default '0',
  `guild_num_accounts` int(11) NOT NULL default '0',
  `update_time` datetime default NULL,
  `guild_dateupdatedutc` varchar(18) collate latin1_general_ci default NULL,
  `GPversion` varchar(6) collate latin1_general_ci default NULL,
  `guild_info_text` mediumtext collate latin1_general_ci,
  PRIMARY KEY  (`guild_id`),
  KEY `guild` (`guild_name`,`server`)
) ENGINE=MyISAM  DEFAULT CHARSET=latin1 COLLATE=latin1_general_ci AUTO_INCREMENT=2 ;

--
-- Contenu de la table `roster_guild`
--

INSERT INTO `roster_guild` VALUES(1, 'Tenebrae Angelus', 'Confrérie du Thorium', 'Alliance', 'Concours de Screenshot sur le Forum => des cadeaux a gagner : )                 Voir info guilde pour le prochain groupe kara.', 48, 32, '2007-12-15 18:19:00', '12/15/07 17:19:39', '2.3.1', 'Groupe Kara: Rendralk, Bleulune, Kalindura, Aerith, Lyophème, Eusebiade, Harclerus, Alundiel, Murthag, Papinova (faites nous signes si vous êtes pas dispo jeudi et lundi)\nProchain Kara Mardi 20h30 soyez a l''heure!\n\nTS : 212.227.100.220:8767\nCanal : Tenebrae Angelus (Gr1)\n           Tenebrae Angelus 2 (Gr2)\nMot de passe: albie\n(à créer éventuellement)\n\nForum :\nhttp://tenebraecdt.free.fr/phpbbroot\n\nRAID à partir de 20h30 chaque mercredi et dimanche (autres dates à voir en intra.\n');

-- --------------------------------------------------------

--
-- Structure de la table `roster_items`
--

CREATE TABLE IF NOT EXISTS `roster_items` (
  `member_id` int(11) unsigned NOT NULL default '0',
  `item_name` varchar(96) collate latin1_general_ci NOT NULL default '',
  `item_parent` varchar(64) collate latin1_general_ci NOT NULL default '',
  `item_slot` varchar(32) collate latin1_general_ci NOT NULL default '',
  `item_color` varchar(16) collate latin1_general_ci NOT NULL default '',
  `item_id` varchar(64) collate latin1_general_ci default NULL,
  `item_texture` varchar(64) collate latin1_general_ci NOT NULL default '',
  `item_quantity` int(11) default NULL,
  `item_tooltip` mediumtext collate latin1_general_ci NOT NULL,
  `level` int(11) default NULL,
  `item_level` int(11) default NULL,
  PRIMARY KEY  (`member_id`,`item_parent`,`item_slot`),
  KEY `parent` (`item_parent`),
  KEY `slot` (`item_slot`),
  KEY `name` (`item_name`)
) ENGINE=MyISAM DEFAULT CHARSET=latin1 COLLATE=latin1_general_ci;

--
-- Contenu de la table `roster_items`
--

INSERT INTO `roster_items` VALUES(56, 'Trousse de joaillier', 'Bag1', '5', 'ffffff', '20815:0:0:0:0:0:0:0', 'Interface/Icons/INV_Box_02', 1, 'Trousse de joaillier', NULL, NULL);
INSERT INTO `roster_items` VALUES(56, 'Focalisateur en cristal chargé', 'Bag1', '6', 'ffffff', '32578:0:0:0:0:0:0:1351537180', 'Interface/Icons/INV_Stone_04', 2, 'Focalisateur en cristal chargé\nLié\nUtiliser : Rend instantanément 2000 points de vie. La rumeur dit que le focalisateur peut déverrouiller des pouvoirs spéciaux des démons possédés. Kronk à Ogri''la pourrait sûrement vous en dire plus.', NULL, NULL);
INSERT INTO `roster_items` VALUES(56, 'Cidre de pomme chaud', 'Bag2', '2', 'ffffff', '34411:0:0:0:0:0:0:1923492039', 'Interface/Icons/INV_Drink_23', 1, 'Cidre de pomme chaud\nNiveau 65 requis\nUtiliser : Rend 7200 points de mana en 30 sec. Vous devez rester assis pendant que vous buvez. Si vous passez au moins 10 secondes à boire, vous serez \\"bien nourri\\" et bénéficierez d''un bonus de 20 à l''Endurance et à l''Esprit pendant 30 min. Alcool normal.', 65, NULL);
INSERT INTO `roster_items` VALUES(56, 'Potion de mana instable', 'Bag0', '3', 'ffffff', '28101:0:0:0:0:0:0:128808980', 'Interface/Icons/INV_Potion_75', 2, 'Potion de mana instable\nNiveau 55 requis\nUtiliser : Rend 1350 à 2250 points de mana.', 55, NULL);
INSERT INTO `roster_items` VALUES(56, 'Potion de super-mana', 'Bag0', '2', 'ffffff', '22832:0:0:0:0:0:0:0', 'Interface/Icons/INV_Potion_137', 2, 'Potion de super-mana\nNiveau 55 requis\nUtiliser : Rend 1800 à 3000 points de mana.', 55, NULL);
INSERT INTO `roster_items` VALUES(56, 'Pierre de foyer', 'Bag0', '1', 'ffffff', '6948:0:0:0:0:0:0:0', 'Interface/Icons/INV_Misc_Rune_01', 1, 'Pierre de foyer\nLié\nUnique\nUtiliser : Vous renvoie à La Foudreflèche. Parlez à l''aubergiste d''une autre ville pour changer votre foyer. (1 heure de recharge)', NULL, NULL);
INSERT INTO `roster_items` VALUES(29, 'Chevalière pourpre', 'Bank Bag3', '2', '0070dd', '29280:0:0:0:0:0:0:905970470', 'Interface/Icons/INV_Jewelry_Ring_62', 1, 'Chevalière pourpre\nLié\nUnique\nDoigt\n+19 Endurance\nÉquipé : Augmente de 18 le score de toucher.\nÉquipé : Augmente de 42 la puissance d''attaque.', NULL, NULL);
INSERT INTO `roster_items` VALUES(29, 'Essence planaire supérieure', 'Bank Bag3', '1', '1eff00', '22446:0:0:0:0:0:0:2136765955', 'Interface/Icons/INV_Enchant_EssenceArcaneLarge', 7, 'Essence planaire supérieure\nUtiliser : Scinde une Essence planaire supérieure pour en obtenir trois inférieures.', NULL, NULL);
INSERT INTO `roster_items` VALUES(20, 'Rouleau de tisse-néant', 'Bag3', '12', 'ffffff', '21840:0:0:0:0:0:0:610661754', 'Interface/Icons/INV_Fabric_Netherweave_Bolt', 10, 'Rouleau de tisse-néant', NULL, NULL);
INSERT INTO `roster_items` VALUES(29, 'Parchemin d''Agilité V', 'Bank Bag2', '14', 'ffffff', '27498:0:0:0:0:0:0:1236465341', 'Interface/Icons/INV_Scroll_02', 1, 'Parchemin d''Agilité V\nNiveau 60 requis\nUtiliser : Augmente de 20 l’Agilité de la cible pendant 30 min.', 60, NULL);
INSERT INTO `roster_items` VALUES(20, 'Tabard de guilde', 'equip', 'Tabard', 'ffffff', '5976:0:0:0:0:0:0:0', 'Interface/Icons/INV_Shirt_GuildTabard_01', 1, 'Tabard de guilde\nTabard', NULL, NULL);
INSERT INTO `roster_items` VALUES(20, 'Ceinturon de conquérant de guérison', 'equip', 'Waist', '1eff00', '25006:0:0:0:0:0:-26:1575354408', 'Interface/Icons/INV_Belt_11', 1, 'Ceinturon de conquérant de guérison\nLié\nTaille	Plaques\nArmure : 590\n|cffffffff+88 aux soins|r\nDurabilité 40 / 40\nNiveau 68 requis', 68, NULL);
INSERT INTO `roster_items` VALUES(29, 'Malchazine', 'equip', 'SecondaryHand', 'a335ee', '28768:2673:0:0:0:0:0:-1882506388', 'Interface/Icons/INV_Weapon_Shortblade_40', 1, 'Malchazine\nLié\nUnique\nÀ une main	Dague\nDégâts: 132 - 199	Vitesse 1.80\n(91.9 dégâts par seconde)\n+16 Endurance\nMangouste\nPoison mortel VII (14 min)\nDurabilité 67 / 75\nNiveau 70 requis\nÉquipé : Augmente de 15 le score de toucher.\nÉquipé : Augmente de 50 la puissance d''attaque.', 70, NULL);
INSERT INTO `roster_items` VALUES(29, 'Sac en tisse-néant', 'bags', 'Bag2', '1eff00', '21841:0:0:0:0:0:0:1317630842', 'Interface/Icons/INV_Misc_Bag_23_Netherweave', 16, 'Sac en tisse-néant\nLié\nConteneur 16 emplacements\n|cff00ff00<Artisan : Gelnus>|r', NULL, NULL);
INSERT INTO `roster_items` VALUES(3, 'Barre de fer', 'Bank Bag1', '15', 'ffffff', '3575:0:0:0:0:0:0:760127926', 'Interface/Icons/INV_Ingot_Iron', 20, 'Barre de fer', NULL, NULL);
INSERT INTO `roster_items` VALUES(3, 'Barre d''argent', 'Bank Bag1', '11', '1eff00', '2842:0:0:0:0:0:0:1015897975', 'Interface/Icons/INV_Ingot_01', 11, 'Barre d''argent', NULL, NULL);
INSERT INTO `roster_items` VALUES(3, 'Barre de fer', 'Bank Bag1', '13', 'ffffff', '3575:0:0:0:0:0:0:571569398', 'Interface/Icons/INV_Ingot_Iron', 20, 'Barre de fer', NULL, NULL);
INSERT INTO `roster_items` VALUES(3, 'Rouleau d''étoffe en lin', 'Bank Bag0', '22', 'ffffff', '2996:0:0:0:0:0:0:2066507914', 'Interface/Icons/INV_Fabric_Linen_02', 2, 'Rouleau d''étoffe en lin', NULL, NULL);
INSERT INTO `roster_items` VALUES(3, 'Eau élémentaire', 'Bank Bag0', '21', 'ffffff', '7070:0:0:0:0:0:0:-1562971436', 'Interface/Icons/INV_Potion_03', 1, 'Eau élémentaire', NULL, NULL);
INSERT INTO `roster_items` VALUES(29, 'Spallières de l''anneau', 'equip', 'Shoulder', '1eff00', '25565:0:0:0:0:0:0:854218152', 'Interface/Icons/INV_Shoulder_15', 1, 'Spallières de l''anneau\nLié\nÉpaule	Cuir\nArmure : 183\n+28 Endurance\nDurabilité 44 / 50\nÉquipé : Augmente de 19 le score de coup critique.\nÉquipé : Augmente de 36 la puissance d''attaque.', NULL, NULL);
INSERT INTO `roster_items` VALUES(3, 'Soie des ténèbres', 'Bag1', '9', 'ffffff', '10285:0:0:0:0:0:0:830219963', 'Interface/Icons/Spell_Nature_Web', 1, 'Soie des ténèbres', NULL, NULL);
INSERT INTO `roster_items` VALUES(3, 'Soie d''araignée épaisse', 'Bag1', '10', 'ffffff', '4337:0:0:0:0:0:0:-1886289960', 'Interface/Icons/Spell_Nature_Web', 1, 'Soie d''araignée épaisse', NULL, NULL);
INSERT INTO `roster_items` VALUES(3, 'Sac en étoffe runique', 'bags', 'Bag2', 'ffffff', '14046:0:0:0:0:0:0:1035168897', 'Interface/Icons/INV_Misc_Bag_19', 14, 'Sac en étoffe runique\nConteneur 14 emplacements\n|cff00ff00<Artisan : Lilicub>|r', NULL, NULL);
INSERT INTO `roster_items` VALUES(3, 'Rouleau d''étoffe de soie', 'Bag2', '1', 'ffffff', '4305:0:0:0:0:0:0:735408145', 'Interface/Icons/INV_Fabric_Silk_03', 6, 'Rouleau d''étoffe de soie', NULL, NULL);
INSERT INTO `roster_items` VALUES(3, 'Patte d''araignée fondante', 'Bag0', '12', 'ffffff', '2251:0:0:0:0:0:0:774180594', 'Interface/Icons/INV_Misc_MonsterSpiderCarapace_01', 6, 'Patte d''araignée fondante', NULL, NULL);
INSERT INTO `roster_items` VALUES(3, 'Canine pointue', 'Bag0', '6', '9d9d9d', '3301:0:0:0:0:0:0:2085322942', 'Interface/Icons/INV_Misc_Bone_08', 1, 'Canine pointue', NULL, NULL);
INSERT INTO `roster_items` VALUES(3, 'Bobine de fil raffiné', 'Bag0', '7', 'ffffff', '2321:0:0:0:0:0:0:0', 'Interface/Icons/INV_Fabric_Wool_02', 4, 'Bobine de fil raffiné', NULL, NULL);
INSERT INTO `roster_items` VALUES(3, 'Bonbons', 'Bag0', '8', 'ffffff', '20389:0:0:0:0:0:0:-624855685', 'Interface/Icons/INV_Misc_Food_30', 2, 'Bonbons\nLié\nUtiliser : Vous rend 3% de vos points de vie et de mana par seconde pendant 25 sec. Vous devez rester assis pendant que vous mangez.', NULL, NULL);
INSERT INTO `roster_items` VALUES(3, 'Journal de Teronis', 'Bag0', '9', 'ffffff', '5505:0:0:0:0:0:0:125199040', 'Interface/Icons/INV_Misc_Book_09', 1, 'Journal de Teronis\nObjet de quête\nUnique\n\\"Le journal est détrempé, mais par ailleurs il est en bon état.\\"\n<Clic droit pour lire>', NULL, NULL);
INSERT INTO `roster_items` VALUES(3, 'Pic de guerre', 'Bag0', '10', '9d9d9d', '1819:0:0:0:0:0:0:1058794277', 'Interface/Icons/INV_Pick_02', 1, 'Pic de guerre\nMain droite	Hache\nDégâts: 8 - 16	Vitesse 1.80\n(6.7 dégâts par seconde)\nDurabilité 60 / 60\nNiveau 17 requis\n\\"Peut aussi servir de pioche de mineur.\\"', 17, NULL);
INSERT INTO `roster_items` VALUES(29, 'Marque d''honneur de la vallée d''Alterac', 'Bank Bag4', '7', '1eff00', '20560:0:0:0:0:0:0:508013732', 'Interface/Icons/INV_Jewelry_Necklace_21', 51, 'Marque d''honneur de la vallée d''Alterac\nLié\nUnique (100)\n\\"Une médaille accordée aux combattants de la vallée d''Alterac\\"', NULL, NULL);
INSERT INTO `roster_items` VALUES(29, 'Tamis à sel', 'Bag4', '1', 'ffffff', '15846:0:0:0:0:0:0:1031252609', 'Interface/Icons/INV_Egg_05', 1, 'Tamis à sel\nTravail du cuir (250) requis\nUtiliser : Permet à un artisan du cuir expérimenté de transformer du Sel de Fonderoc en Sel de Fonderoc raffiné. L''utilisation de cet objet expose le porteur à des radiations, il ne faut pas l''utiliser plus d''une fois tous les quelques jours.\n|cff00ff00<Artisan : Malain>|r', NULL, NULL);
INSERT INTO `roster_items` VALUES(12, 'Bottes eldr''naan de protection contre l''Ombre', 'Bank Bag0', '14', '1eff00', '24670:0:0:0:0:0:-35:-631701464', 'Interface/Icons/INV_Boots_Chain_11', 1, 'Bottes eldr''naan de protection contre l''Ombre\nLié\nPieds	Tissu\nArmure : 97\n|cffffffff+40 Endurance|r\n|cffffffff+26 à la résistance à l''Ombre|r\nDurabilité 35 / 35\nNiveau 68 requis', 68, NULL);
INSERT INTO `roster_items` VALUES(29, 'Lunectoplasmes', 'Bag2', '14', 'ffffff', '30721:0:0:0:0:0:0:997501774', 'Interface/Icons/INV_Helmet_47', 1, 'Lunectoplasmes\nLié\nUnique\nTête\nÉquipé : Permettent au porteur de voir le monde fantomatique de la vallée d''Ombrelune. Efficace uniquement dans la vallée d''Ombrelune.\n\\"*ATTENTION* Les fantômes n''aiment pas être vus.\\"', NULL, NULL);
INSERT INTO `roster_items` VALUES(12, 'Potion de super-soins', 'Bag3', '8', 'ffffff', '22829:0:0:0:0:0:0:-1689531560', 'Interface/Icons/INV_Potion_131', 2, 'Potion de super-soins\nNiveau 55 requis\nUtiliser : Rend 1500 à 2500 points de vie.', 55, NULL);
INSERT INTO `roster_items` VALUES(12, 'Barre de mithril', 'Bag3', '9', 'ffffff', '3860:0:0:0:0:0:0:1336395164', 'Interface/Icons/INV_Ingot_06', 20, 'Barre de mithril', NULL, NULL);
INSERT INTO `roster_items` VALUES(3, 'Oeil de tigre', 'Bank Bag2', '12', '1eff00', '818:0:0:0:0:0:0:1085981515', 'Interface/Icons/INV_Misc_Gem_Opal_03', 20, 'Oeil de tigre', NULL, NULL);
INSERT INTO `roster_items` VALUES(20, 'Pioche de mineur', 'Bag2', '11', 'ffffff', '2901:0:0:0:0:0:0:0', 'Interface/Icons/INV_Pick_02', 1, 'Pioche de mineur\nMain droite\nDégâts: 2 - 4	Vitesse 2.00\n(1.5 dégâts par seconde)\n\\"Les mineurs ont besoin d''une pioche pour creuser.\\"', NULL, NULL);
INSERT INTO `roster_items` VALUES(12, 'Batterie en or', 'Bag3', '11', 'ffffff', '10558:0:0:0:0:0:0:1887902134', 'Interface/Icons/INV_Battery_02', 7, 'Batterie en or', NULL, NULL);
INSERT INTO `roster_items` VALUES(20, 'Rouleau de tisse-néant', 'Bag3', '11', 'ffffff', '21840:0:0:0:0:0:0:1510121323', 'Interface/Icons/INV_Fabric_Netherweave_Bolt', 10, 'Rouleau de tisse-néant', NULL, NULL);
INSERT INTO `roster_items` VALUES(20, 'Poussière sacrée', 'Bag3', '8', 'ffffff', '29735:0:0:0:0:0:0:525379028', 'Interface/Icons/INV_Misc_Dust_06', 31, 'Poussière sacrée\nLié\n\\"Cette poussière chatoyante sert de matériau pour les inscriptions de l''Aldor.\\"', NULL, NULL);
INSERT INTO `roster_items` VALUES(20, 'Bottes de bravoure', 'equip', 'Feet', 'a335ee', '28569:0:0:0:0:0:0:1595374542', 'Interface/Icons/INV_Boots_Chain_05', 1, 'Bottes de bravoure\nLié\nPieds	Plaques\nArmure : 997\n+28 Endurance\n+28 Intelligence\nDurabilité 75 / 75\nNiveau 70 requis\nÉquipé : Augmente de 25 le score de coup critique des sorts.\nÉquipé : Augmente les soins prodigués d''un maximum de 55 et les dégâts d''un maximum de 19 pour tous les sorts et effets magiques.', 70, NULL);
INSERT INTO `roster_items` VALUES(3, 'Gâteaux au crabe brun', 'Bag2', '13', 'ffffff', '2250:0:0:0:0:0:0:1809438016', 'Interface/Icons/INV_Misc_Food_08', 1, 'Gâteaux au crabe brun\nObjet de quête\nUnique', NULL, NULL);
INSERT INTO `roster_items` VALUES(3, 'Sac à dos de compagnon', 'bags', 'Bag3', 'ffffff', '3914:0:0:0:0:0:0:-1934570018', 'Interface/Icons/INV_Misc_Bag_07_Black', 14, 'Sac à dos de compagnon\nConteneur 14 emplacements', NULL, NULL);
INSERT INTO `roster_items` VALUES(29, 'Trousseau de clés', 'bags', 'Bag5', '', '', 'Interface/Icons/UI-Button-KeyRing', 16, 'Trousseau de clés\nTrousseau de clés 16 emplacements', NULL, NULL);
INSERT INTO `roster_items` VALUES(29, 'Clé du cabinet de Dalson', 'Bag5', '1', 'ffffff', '12739:0:0:0:0:0:0:1660516758', 'Interface/Icons/INV_Misc_Key_12', 1, 'Clé du cabinet de Dalson\nLié\nUnique', NULL, NULL);
INSERT INTO `roster_items` VALUES(29, 'Clé des toilettes de Dalson', 'Bag5', '2', 'ffffff', '12738:0:0:0:0:0:0:536294958', 'Interface/Icons/INV_Misc_Key_06', 1, 'Clé des toilettes de Dalson\nLié\nUnique', NULL, NULL);
INSERT INTO `roster_items` VALUES(29, 'Clé du Bond-o-tron 4000', 'Bag5', '3', '1eff00', '27808:0:0:0:0:0:0:1333081621', 'Interface/Icons/INV_Misc_Key_02', 1, 'Clé du Bond-o-tron 4000\nLié\nUnique\nUtiliser : Met le Bond-o-tron 4000 sous tension.\n\\"Inscrit sur le côté : Koissa ne saurait être tenu responsable de tout accident survenu suite à l''utilisation du Bond-o-tron 4000.\\"', NULL, NULL);
INSERT INTO `roster_items` VALUES(20, 'Minerai de khorium', 'Bag3', '4', '1eff00', '23426:0:0:0:0:0:0:1752652938', 'Interface/Icons/INV_Ore_Khorium', 2, 'Minerai de khorium', NULL, NULL);
INSERT INTO `roster_items` VALUES(3, 'Cape brodée de perles', 'equip', 'Back', '1eff00', '5542:0:0:0:0:0:0:787062769', 'Interface/Icons/INV_Misc_Cape_11', 1, 'Cape brodée de perles\nLié\nDos\nArmure : 16\n+3 Intelligence\nNiveau 14 requis\n|cff00ff00<Artisan : Tirelirette>|r', 14, NULL);
INSERT INTO `roster_items` VALUES(3, 'Chemisette du noeud astral', 'equip', 'Chest', '1eff00', '9516:0:0:0:0:0:0:1767582762', 'Interface/Icons/INV_Shirt_11', 1, 'Chemisette du noeud astral\nLié\nTorse	Tissu\nArmure : 44\n+6 Endurance\n+9 Intelligence\nDurabilité 70 / 70\nClasses : Mage', NULL, NULL);
INSERT INTO `roster_items` VALUES(3, 'Gants de sage de l''aigle', 'equip', 'Hands', '1eff00', '6615:0:0:0:0:0:851:1362533590', 'Interface/Icons/INV_Gauntlets_16', 1, 'Gants de sage de l''aigle\nLié\nMains	Tissu\nArmure : 26\n|cffffffff+5 Intelligence|r\n|cffffffff+5 Endurance|r\nDurabilité 24 / 25\nNiveau 24 requis', 24, NULL);
INSERT INTO `roster_items` VALUES(29, 'Tissu conjonctif', 'Bag2', '10', '9d9d9d', '30477:0:0:0:0:0:0:-2025621712', 'Interface/Icons/INV_Misc_LeatherScrap_09', 5, 'Tissu conjonctif', NULL, NULL);
INSERT INTO `roster_items` VALUES(3, 'Ceinture de prophète', 'equip', 'Waist', '1eff00', '4699:0:0:0:0:0:0:1645110061', 'Interface/Icons/INV_Belt_22', 1, 'Ceinture de prophète\nLié\nTaille	Tissu\nArmure : 18\n+4 Intelligence\nDurabilité 18 / 20\nNiveau 13 requis', 13, NULL);
INSERT INTO `roster_items` VALUES(3, 'Collier d''oeil de tigre orné', 'equip', 'Neck', '1eff00', '21934:0:0:0:0:0:0:1975708117', 'Interface/Icons/INV_Jewelry_Necklace_02', 1, 'Collier d''oeil de tigre orné\nLié\nCou\n+2 Esprit\nNiveau 15 requis\n|cff00ff00<Artisan : Lothyne>|r', 15, NULL);
INSERT INTO `roster_items` VALUES(3, 'Recette : Délice de sagerelle', 'Bank Bag0', '19', 'ffffff', '21219:0:0:0:0:0:0:0', 'Interface/Icons/INV_Scroll_03', 1, 'Recette : Délice de sagerelle\nCuisine (175) requis\nUtiliser : Vous apprend à préparer un Délice de sagerelle.\n\nDélice de sagerelle\nNiveau 30 requis\nUtiliser : Rend 840 points de vie et 1260 points de mana en 21 sec. Vous devez rester assis pendant que vous mangez. Si vous passez au moins 10 secondes à manger, vous serez \\"bien nourri\\" et vous recevrez 6 points de mana toutes les 5 secondes pendant 15 min.\n\nRequiert Grande sagerelle crue, Epices fortes', 30, NULL);
INSERT INTO `roster_items` VALUES(3, 'Rouleau d''étoffe de laine', 'Bank Bag0', '16', 'ffffff', '2997:0:0:0:0:0:0:209919742', 'Interface/Icons/INV_Fabric_Wool_03', 10, 'Rouleau d''étoffe de laine', NULL, NULL);
INSERT INTO `roster_items` VALUES(3, 'Bourse de gemmes', 'Bank Bag0', '17', '1eff00', '30747:0:0:0:0:0:0:0', 'Interface/Icons/INV_Misc_Bag_06', 1, 'Bourse de gemmes\nLié quand équipé\nSac de gemmes 20 emplacements', NULL, NULL);
INSERT INTO `roster_items` VALUES(3, 'Perle d''ombre', 'Bank Bag0', '18', '1eff00', '24479:0:0:0:0:0:0:1353715541', 'Interface/Icons/INV_Misc_Gem_Pearl_01', 2, 'Perle d''ombre', NULL, NULL);
INSERT INTO `roster_items` VALUES(12, 'Essence de non-mort', 'Bank Bag3', '16', '1eff00', '12808:0:0:0:0:0:0:2035967766', 'Interface/Icons/Spell_Shadow_ShadeTrueSight', 1, 'Essence de non-mort', NULL, NULL);
INSERT INTO `roster_items` VALUES(29, 'Oeil de basilic trempécaille', 'Bank Bag1', '16', 'ffffff', '25744:0:0:0:0:0:0:1609584302', 'Interface/Icons/INV_Misc_Eye_01', 8, 'Oeil de basilic trempécaille', NULL, NULL);
INSERT INTO `roster_items` VALUES(12, 'Cristal des arcanes', 'Bank Bag3', '4', '1eff00', '12363:0:0:0:0:0:0:1167122337', 'Interface/Icons/INV_Misc_Gem_Topaz_01', 2, 'Cristal des arcanes', NULL, NULL);
INSERT INTO `roster_items` VALUES(12, 'Carquois en peau de worg', 'bags', 'Bag1', '0070dd', '29144:0:0:0:0:0:0:0', 'Interface/Icons/INV_Misc_Quiver_06', 18, 'Carquois en peau de worg\nLié\nUnique\nCarquois 18 emplacements\nClasses : Chasseur\nNiveau 68 requis\nRequiert Kurenaï - Honorée\nÉquipé : Augmente la vitesse des attaques à distance de 15%.', 68, NULL);
INSERT INTO `roster_items` VALUES(29, 'Cuir granuleux lourd', 'Bag4', '9', 'ffffff', '23793:0:0:0:0:0:0:1248794065', 'Interface/Icons/INV_Misc_LeatherScrap_11', 10, 'Cuir granuleux lourd', NULL, NULL);
INSERT INTO `roster_items` VALUES(29, 'Ecailles du vent', 'Bag4', '10', 'ffffff', '29547:0:0:0:0:0:0:1627555854', 'Interface/Icons/INV_Misc_MonsterScales_06', 2, 'Ecailles du vent', NULL, NULL);
INSERT INTO `roster_items` VALUES(3, 'Etoile d''Elune', 'Bank Bag2', '14', '0070dd', '23438:0:0:0:0:0:0:-2007073272', 'Interface/Icons/INV_Jewelcrafting_StarOfElune_02', 1, 'Etoile d''Elune', NULL, NULL);
INSERT INTO `roster_items` VALUES(3, 'Bourse de gemmes', 'bags', 'Bank Bag2', '1eff00', '30747:0:0:0:0:0:0:0', 'Interface/Icons/INV_Misc_Bag_06', 20, 'Bourse de gemmes\nLié\nSac de gemmes 20 emplacements', NULL, NULL);
INSERT INTO `roster_items` VALUES(29, 'Cristal de l''Aile-du-Néant', 'Bank Bag1', '13', 'ffffff', '32427:0:0:0:0:0:0:1084438663', 'Interface/Icons/INV_Misc_Gem_CrystalCut_01', 2, 'Cristal de l''Aile-du-Néant\nLié', NULL, NULL);
INSERT INTO `roster_items` VALUES(29, 'Graine d''olemba', 'Bank Bag1', '14', 'ffffff', '25745:0:0:0:0:0:0:1055525931', 'Interface/Icons/INV_Misc_Food_45', 2, 'Graine d''olemba\nObjet de quête\n\\"Ces graines huileuses, de la taille d''un poing, proviennent d''un olemba de la forêt de Terokkar.\\"', NULL, NULL);
INSERT INTO `roster_items` VALUES(29, 'Air primordial', 'Bank Bag1', '15', '1eff00', '22451:0:0:0:0:0:0:100721745', 'Interface/Icons/INV_Elemental_Primal_Air', 1, 'Air primordial', NULL, NULL);
INSERT INTO `roster_items` VALUES(12, 'Sac en tisse-néant imprégné', 'bags', 'Bag3', '1eff00', '21843:0:0:0:0:0:0:600643478', 'Interface/Icons/INV_Misc_Bag_24_Netherweave_Imbued', 18, 'Sac en tisse-néant imprégné\nLié\nConteneur 18 emplacements\n|cff00ff00<Artisan : Bourgnana>|r', NULL, NULL);
INSERT INTO `roster_items` VALUES(12, 'Canne à pêche solide', 'Bank Bag0', '28', 'ffffff', '6365:0:0:0:0:0:0:0', 'Interface/Icons/INV_Fishingpole_02', 1, 'Canne à pêche solide\nDeux mains	Canne à pêche\nDégâts : 13 - 21	Vitesse 3,00\n(5,7 dégâts par seconde)\nDurabilité 25 / 25\nNiveau 5 requis\nPêche (10) requis\nÉquipé : Pêche augmentée de 5.', 5, NULL);
INSERT INTO `roster_items` VALUES(12, 'Sac en tisse-néant', 'bags', 'Bank Bag1', '1eff00', '21841:0:0:0:0:0:0:1057454647', 'Interface/Icons/INV_Misc_Bag_23_Netherweave', 16, 'Sac en tisse-néant\nLié\nConteneur 16 emplacements', NULL, NULL);
INSERT INTO `roster_items` VALUES(12, 'Granule d''ombre', 'Bank Bag1', '1', 'ffffff', '22577:0:0:0:0:0:0:1485224346', 'Interface/Icons/INV_Elemental_Mote_Shadow01', 2, 'Granule d''ombre\nUtiliser : Transforme dix Granules d’ombre en ombre primordiale.', NULL, NULL);
INSERT INTO `roster_items` VALUES(12, 'Granule d''eau', 'Bank Bag1', '2', 'ffffff', '22578:0:0:0:0:0:0:1251481926', 'Interface/Icons/INV_Elemental_Mote_Water01', 9, 'Granule d''eau\nUtiliser : Transforme dix granules d’eau en eau primordiale.', NULL, NULL);
INSERT INTO `roster_items` VALUES(12, 'Granule de vie', 'Bank Bag1', '3', 'ffffff', '22575:0:0:0:0:0:0:876626762', 'Interface/Icons/INV_Elemental_Mote_Life01', 7, 'Granule de vie\nUtiliser : Transforme dix granules de vie en vie primordiale.', NULL, NULL);
INSERT INTO `roster_items` VALUES(12, 'Griffon violet rapide', 'Bank Bag0', '3', 'a335ee', '25529:0:0:0:0:0:0:0', 'Interface/Icons/Ability_Mount_Gryphon_01', 1, 'Griffon violet rapide\nLié\nUnique\nMonture\nNiveau 70 requis\nMonte (300) requis\nUtiliser : Invoque et renvoie un griffon. C''est une monture très rapide. Cette monture ne peut être invoquée qu''en Outreterre.', 70, NULL);
INSERT INTO `roster_items` VALUES(29, 'Etoffe de tisse-néant', 'Bag2', '1', 'ffffff', '21877:0:0:0:0:0:0:-1919558146', 'Interface/Icons/INV_Fabric_Netherweave', 19, 'Etoffe de tisse-néant', NULL, NULL);
INSERT INTO `roster_items` VALUES(29, 'Insigne de Zaxxis', 'Bag2', '2', 'ffffff', '29209:0:0:0:0:0:0:1938777810', 'Interface/Icons/INV_Misc_WartornScrap_Leather', 1, 'Insigne de Zaxxis\nLié\n\\"C''est clair, ils ne le portent pas tous. Bande de lâches !\\"', NULL, NULL);
INSERT INTO `roster_items` VALUES(29, 'Parchemin d''Endurance V', 'Bag2', '3', 'ffffff', '27502:0:0:0:0:0:0:1206320229', 'Interface/Icons/INV_Scroll_07', 1, 'Parchemin d''Endurance V\nNiveau 60 requis\nUtiliser : Augmente de 20 l’Endurance de la cible pendant 30 min.', 60, NULL);
INSERT INTO `roster_items` VALUES(29, 'Cuir granuleux lourd', 'Bag4', '4', 'ffffff', '23793:0:0:0:0:0:0:1956528778', 'Interface/Icons/INV_Misc_LeatherScrap_11', 20, 'Cuir granuleux lourd', NULL, NULL);
INSERT INTO `roster_items` VALUES(29, 'Flèche de vol noir', 'equip', 'Ammo', 'ffffff', '28056:0:0:0:0:0:0:0', 'Interface/Icons/INV_Misc_Ammo_Arrow_01', 1, 'Flèche de vol noir', NULL, NULL);
INSERT INTO `roster_items` VALUES(29, 'Ceinture de furtif tombe-farouche', 'equip', 'Waist', '1eff00', '31660:0:0:0:0:0:0:843525587', 'Interface/Icons/INV_Belt_23', 1, 'Ceinture de furtif tombe-farouche\nLié\nTaille	Cuir\nArmure : 133\n+19 Agilité\n+27 Endurance\nDurabilité 27 / 30\nÉquipé : Augmente de 36 la puissance d''attaque.', NULL, NULL);
INSERT INTO `roster_items` VALUES(29, 'Bottes du pied sûr', 'equip', 'Feet', '0070dd', '25717:2841:0:0:0:0:0:1972911814', 'Interface/Icons/INV_Boots_Cloth_05', 1, 'Bottes du pied sûr\nLié\nUnique\nPieds	Cuir\nArmure : 155\n+20 Agilité\n+28 Endurance\n+10 Endurance\nDurabilité 45 / 50\nÉquipé : Augmente de 38 la puissance d''attaque.', NULL, NULL);
INSERT INTO `roster_items` VALUES(29, 'Brassards de Brillaube', 'equip', 'Wrist', '1eff00', '30384:1593:0:0:0:0:0:1140696152', 'Interface/Icons/INV_Bracer_07', 1, 'Brassards de Brillaube\nLié\nPoignets	Cuir\nArmure : 109\n+13 Agilité\n+18 Endurance\n+24 à la puissance d''attaque\nDurabilité 27 / 30\nÉquipé : Augmente de 36 la puissance d''attaque.', NULL, NULL);
INSERT INTO `roster_items` VALUES(29, 'Bague de l''angoisse', 'equip', 'Finger0', '0070dd', '30973:0:0:0:0:0:0:128424618', 'Interface/Icons/INV_Jewelry_Ring_44', 1, 'Bague de l''angoisse\nLié\nDoigt\n+13 Agilité\nÉquipé : Augmente de 10 le score de toucher.\nÉquipé : Augmente de 50 la puissance d''attaque.', NULL, NULL);
INSERT INTO `roster_items` VALUES(29, 'Jambières d''assassinat', 'equip', 'Legs', '0070dd', '27908:0:0:0:0:0:0:-1933427324', 'Interface/Icons/INV_Pants_Leather_03', 1, 'Jambières d''assassinat\nLié\nJambes	Cuir\nArmure : 256\n+40 Agilité\n+33 Endurance\nDurabilité 66 / 75\nNiveau 70 requis\nÉquipé : Augmente de 22 le score de toucher.\nÉquipé : Augmente de 44 la puissance d''attaque.\n \nArmure d''assassinat (1/5)\n  Manicles d''assassinat\n  Casque d''assassinat\n  Jambières d''assassinat\n  Protège-épaules d''assassinat\n  Tunique d''assassinat\n \n(2) Ensemble : Vos attaques Coup bas et Aiguillon perfide ajoutent 160 à votre score de hâte pendant 6 sec.\n(4) Ensemble : Vos techniques Eviscération et Envenimer coûtent 10 points d''énergie en moins.', 70, NULL);
INSERT INTO `roster_items` VALUES(3, 'Patte d''araignée croustillante', 'Bag2', '10', 'ffffff', '22644:0:0:0:0:0:0:2080562088', 'Interface/Icons/INV_Misc_AhnQirajTrinket_02', 8, 'Patte d''araignée croustillante', NULL, NULL);
INSERT INTO `roster_items` VALUES(29, 'Canne à pêche de Seth en graphite', 'Bank Bag0', '1', '1eff00', '25978:0:0:0:0:0:0:339862378', 'Interface/Icons/INV_Fishingpole_01', 1, 'Canne à pêche de Seth en graphite\nLié\nDeux mains	Canne à pêche\nDégâts: 111 - 168	Vitesse 3.00\n(46.5 dégâts par seconde)\n+52 Endurance\nDurabilité 55 / 55\nPêche (200) requis\nÉquipé : Pêche augmentée de 20.', NULL, NULL);
INSERT INTO `roster_items` VALUES(29, 'Sac à dos de compagnon', 'bags', 'Bag3', 'ffffff', '3914:0:0:0:0:0:0:1479104951', 'Interface/Icons/INV_Misc_Bag_07_Black', 14, 'Sac à dos de compagnon\nConteneur 14 emplacements', NULL, NULL);
INSERT INTO `roster_items` VALUES(29, 'Nectar d''Hyjal', 'Bag3', '5', 'ffffff', '18300:0:0:0:0:0:0:-1808096772', 'Interface/Icons/INV_Drink_14', 2, 'Nectar d''Hyjal\nNiveau 55 requis\nUtiliser : Rend 4200 points de mana en 30 sec. Vous devez rester assis pendant que vous buvez.', 55, NULL);
INSERT INTO `roster_items` VALUES(3, 'Barre de mithril', 'Bag3', '11', 'ffffff', '3860:0:0:0:0:0:0:1739609922', 'Interface/Icons/INV_Ingot_06', 10, 'Barre de mithril', NULL, NULL);
INSERT INTO `roster_items` VALUES(3, 'Rune de téléportation', 'Bag3', '13', 'ffffff', '17031:0:0:0:0:0:0:0', 'Interface/Icons/INV_Misc_Rune_06', 8, 'Rune de téléportation', NULL, NULL);
INSERT INTO `roster_items` VALUES(3, 'Anneau doré de puissance', 'Bag0', '5', '0070dd', '29157:0:0:0:0:0:0:297810436', 'Interface/Icons/INV_Jewelry_Ring_46', 1, 'Anneau doré de puissance\nLié quand équipé\nUnique - Equipé\nDoigt\n+4 Endurance\n+5 Intelligence\n+5 Esprit\nNiveau 31 requis\nÉquipé : Augmente les dégâts et les soins produits par les sorts et effets magiques de 6 au maximum.\n|cff00ff00<Artisan : Lothyne>|r', 31, NULL);
INSERT INTO `roster_items` VALUES(3, 'Etoffe de tisse-mage', 'Bag0', '3', 'ffffff', '4338:0:0:0:0:0:0:-2131872336', 'Interface/Icons/INV_Fabric_Mageweave_01', 20, 'Etoffe de tisse-mage', NULL, NULL);
INSERT INTO `roster_items` VALUES(3, 'Lumière d''Elune', 'Bag0', '4', 'ffffff', '5816:0:0:0:0:0:0:991528341', 'Interface/Icons/INV_Potion_13', 1, 'Lumière d''Elune\nLié\nUnique\nUtiliser : Confère l''immunité aux sorts et aux dégâts pendant 10 sec.', NULL, NULL);
INSERT INTO `roster_items` VALUES(3, 'Poignets rituels d''Intelligence', 'equip', 'Wrist', '1eff00', '14122:0:0:0:0:0:26:-1989533431', 'Interface/Icons/INV_Bracer_10', 1, 'Poignets rituels d''Intelligence\nLié\nPoignets	Tissu\nArmure : 14\n|cffffffff+3 Intelligence|r\nDurabilité 20 / 20\nNiveau 13 requis', 13, NULL);
INSERT INTO `roster_items` VALUES(3, 'Barre de cuivre', 'Bank Bag1', '18', 'ffffff', '2840:0:0:0:0:0:0:1735036030', 'Interface/Icons/INV_Ingot_02', 8, 'Barre de cuivre', NULL, NULL);
INSERT INTO `roster_items` VALUES(3, 'Epaulières à double couture en laine', 'equip', 'Shoulder', 'ffffff', '4314:0:0:0:0:0:0:304687182', 'Interface/Icons/INV_Shoulder_06', 1, 'Epaulières à double couture en laine\nÉpaule	Tissu\nArmure : 26\nDurabilité 35 / 35\nNiveau 17 requis\n|cff00ff00<Artisan : Lothyne>|r', 17, NULL);
INSERT INTO `roster_items` VALUES(3, 'Chaperon azur en soie', 'equip', 'Head', 'ffffff', '7048:0:0:0:0:0:0:1100927122', 'Interface/Icons/INV_Helmet_29', 1, 'Chaperon azur en soie\nTête	Tissu\nArmure : 33\nDurabilité 45 / 45\nNiveau 24 requis\n|cff00ff00<Artisan : Lothyne>|r', 24, NULL);
INSERT INTO `roster_items` VALUES(3, 'Pantalon en laine épaisse', 'equip', 'Legs', '1eff00', '4316:0:0:0:0:0:0:1973677802', 'Interface/Icons/INV_Pants_01', 1, 'Pantalon en laine épaisse\nLié\nJambes	Tissu\nArmure : 31\n+3 Intelligence\n+6 Esprit\nDurabilité 45 / 45\nNiveau 17 requis\n|cff00ff00<Artisan : Lothyne>|r', 17, NULL);
INSERT INTO `roster_items` VALUES(3, 'Bottes en soie d''araignée', 'equip', 'Feet', '0070dd', '4320:0:0:0:0:0:0:1447267463', 'Interface/Icons/INV_Boots_05', 1, 'Bottes en soie d''araignée\nLié\nPieds	Tissu\nArmure : 29\n+4 Endurance\n+4 Intelligence\n+7 Esprit\nDurabilité 40 / 40\nNiveau 20 requis\n|cff00ff00<Artisan : Lothyne>|r', 20, NULL);
INSERT INTO `roster_items` VALUES(20, 'Attracteur de poissons aquadynamique', 'Bag0', '3', 'ffffff', '6533:0:0:0:0:0:0:1864740962', 'Interface/Icons/INV_Misc_Food_26', 5, 'Attracteur de poissons aquadynamique\nPêche (100) requis\nUtiliser : Attaché à votre canne à pêche, il augmente votre compétence de pêche de 100 points pendant 10 minutes.', NULL, NULL);
INSERT INTO `roster_items` VALUES(20, 'La Clé écarlate', 'Bag5', '2', '1eff00', '7146:0:0:0:0:0:0:1984162456', 'Interface/Icons/INV_Misc_Key_01', 1, 'La Clé écarlate\nLié\nUnique', NULL, NULL);
INSERT INTO `roster_items` VALUES(20, 'Clé du capitaine', 'Bag5', '3', '1eff00', '9249:0:0:0:0:0:0:705409132', 'Interface/Icons/INV_Misc_Key_01', 1, 'Clé du capitaine\nUnique', NULL, NULL);
INSERT INTO `roster_items` VALUES(29, 'Gants de la Lame-néant', 'equip', 'Hands', 'a335ee', '29048:0:0:0:0:0:0:0', 'Interface/Icons/INV_Gauntlets_28', 1, 'Gants de la Lame-néant\nLié\nMains	Cuir\nArmure : 237\n+34 Endurance\nDurabilité 35 / 40\nClasses : Voleur\nNiveau 70 requis\nÉquipé : Augmente de 17 le score de toucher.\nÉquipé : Augmente de 25 le score de coup critique.\nÉquipé : Augmente de 72 la puissance d''attaque.\n \nLame-Néant (2/5)\n  Braies de la Lame-néant\n  Plastron de la Lame-néant\n  Masque de la Lame-néant\n  Gants de la Lame-néant\n  Protège-épaules de la Lame-néant\n \nComplet : Augmente la durée de votre technique Débiter de 3 sec.\n(4) Ensemble : Vos coups de grâce ont 15% de chances de vous faire gagner un point de combo.', 70, NULL);
INSERT INTO `roster_items` VALUES(56, 'Pioche de mineur', 'Bag1', '11', 'ffffff', '2901:0:0:0:0:0:0:0', 'Interface/Icons/INV_Pick_02', 1, 'Pioche de mineur\nMain droite\nDégâts: 2 - 4	Vitesse 2.00\n(1.5 dégâts par seconde)\n\\"Les mineurs ont besoin d''une pioche pour creuser.\\"', NULL, NULL);
INSERT INTO `roster_items` VALUES(56, 'Elixir des ombres', 'Bag4', '3', 'ffffff', '32446:0:0:0:0:0:0:1042685216', 'Interface/Icons/INV_Poison_MindNumbing', 1, 'Elixir des ombres\nLié\nUtiliser : Permet à celui qui le boit de voir les esprits ténébreux de Skettis.', NULL, NULL);
INSERT INTO `roster_items` VALUES(56, 'Eclat apogide', 'Bag4', '4', 'ffffff', '32569:0:0:0:0:0:0:1716594390', 'Interface/Icons/INV_Misc_Apexis_Shard', 218, 'Eclat apogide\nLié\n\\"Une esquille provenant d''un cristal apogide.\\"', NULL, NULL);
INSERT INTO `roster_items` VALUES(56, 'Fragment de sombrerune', 'Bag4', '5', 'ffffff', '33784:0:0:0:0:0:0:-278296913', 'Interface/Icons/INV_Misc_Rune_04', 1, 'Fragment de sombrerune\nLié\nUnique (5)\nUtiliser : Combiner cinq Fragments de sombrerune pour créer une Sombrerune.\n\\"La rune a été brisée en cinq morceaux.\\"', NULL, NULL);
INSERT INTO `roster_items` VALUES(56, 'Totem des esprits', 'Bag4', '6', 'ffffff', '30094:0:0:0:0:0:0:259140736', 'Interface/Icons/INV_Waepon_Bow_ZulGrub_D_02', 1, 'Totem des esprits\nObjet de quête\nUnique\nUtiliser : Place au sol un totem des esprits qui récolte les âmes élémentaires des esprits élémentaires enragés.', NULL, NULL);
INSERT INTO `roster_items` VALUES(12, 'Insigne de capitaine', 'Bank Bag3', '14', '0070dd', '32695:0:0:0:0:0:0:129129696', 'Interface/Icons/INV_Misc_Gem_Sapphire_01', 1, 'Insigne de capitaine\nLié\nUnique - Equipé\nBijou\nRequiert Aile-du-Néant - Honorée\nUtiliser : Appelle un Allié de l''Aile-du-Néant pour qu''il combatte à vos côtés. (10 Min de recharge)', NULL, NULL);
INSERT INTO `roster_items` VALUES(12, 'Harnais de traqueur de démons', 'equip', 'Chest', 'a335ee', '29082:2661:3112:3109:2739:0:0:0', 'Interface/Icons/INV_Chest_Chain_15', 1, 'Harnais de traqueur de démons\nLié\nTorse	Mailles\nArmure : 846\n+26 Agilité\n+24 Endurance\n+35 Intelligence\n+6 à toutes les caractéristiques\n|cffffffff+4 au score de coup critique et +8 à la puissance d''attaque|r\n|cffffffff+8 à la puissance d''attaque et +2 points de mana toutes les 5 secondes|r\n|cffffffff+4 Agilité et +6 Endurance|r\nBonus de sertissage : +8 à la puissance d''attaque\nDurabilité 140 / 140\nClasses : Chasseur\nNiveau 70 requis\nÉquipé : Augmente de 70 la puissance d''attaque.\nÉquipé : Rend 6 points de mana toutes les 5 sec.\n \nArmure de traqueur de démon (3/5)\n  Gantelets de traqueur de démons\n  Grand casque de traqueur de démons\n  Grèves de traqueur de démons\n  Harnais de traqueur de démons\n  Garde-épaules de traqueur de démons\n \nComplet : Réduit la probabilité que l''on résiste à votre technique Feindre la mort de 5%.\n(4) Ensemble : Réduit de 10% le coût en mana de votre technique Flèches multiples.\n<Maj clic-droit pour sertir>', 70, NULL);
INSERT INTO `roster_items` VALUES(12, 'Pinte de wolpertinger', 'Bank Bag2', '11', '0070dd', '32233:0:0:0:0:0:0:1314299696', 'Interface/Icons/INV_Drink_13', 1, 'Pinte de wolpertinger\nLié\nUtiliser : Clic droit pour invoquer votre Wolpertinger invisible ou le renvoyer dans la chope d''un litre de bière où il vit.', NULL, NULL);
INSERT INTO `roster_items` VALUES(12, 'Rob-fusée mécanique', 'Bank Bag2', '13', '0070dd', '34425:0:0:0:0:0:0:-414741165', 'Interface/Icons/INV_Gizmo_06', 1, 'Rob-fusée mécanique\nLié\nUtiliser : Clic droit pour invoquer ou renvoyer votre jouet remonté.', NULL, NULL);
INSERT INTO `roster_items` VALUES(12, 'Houx préservé', 'Bank Bag2', '15', '1eff00', '21213:0:0:0:0:0:0:-295793325', 'Interface/Icons/INV_Misc_Branch_01', 2, 'Houx préservé\nNiveau 40 requis\nUtiliser : Transforme votre monture en quelque chose de plus festif. (1 Min de recharge)', 40, NULL);
INSERT INTO `roster_items` VALUES(12, 'Bière de fête flamboyante', 'Bank Bag2', '16', 'ffffff', '23246:0:0:0:0:0:0:1770119108', 'Interface/Icons/INV_SummerFest_FireDrink', 7, 'Bière de fête flamboyante\nLié\nDurée : 14 jours\nUtiliser : Cette boisson alcoolisée forte et piquante vous fera cracher du feu.', NULL, NULL);
INSERT INTO `roster_items` VALUES(12, 'Garde-épaules de traqueur de démons', 'Bank Bag2', '2', 'a335ee', '29084:2994:2726:2756:0:0:0:0', 'Interface/Icons/INV_Shoulder_14', 1, 'Garde-épaules de traqueur de démons\nLié\nÉpaule	Mailles\nArmure : 634\n+23 Endurance\n+23 Intelligence\n+13 aux score de coup critique des sorts\n|cffffffff+8 Agilité|r\n|cffffffff+4 au score de toucher et +4 Agilité|r\nBonus de sertissage : +3 Intelligence\nDurabilité 85 / 85\nClasses : Chasseur\nNiveau 70 requis\nÉquipé : Augmente de 19 le score de coup critique.\nÉquipé : Augmente de 44 la puissance d''attaque.\nÉquipé : Rend 5 points de mana toutes les 5 sec.\n \nArmure de traqueur de démon (3/5)\n  Gantelets de traqueur de démons\n  Grand casque de traqueur de démons\n  Grèves de traqueur de démons\n  Harnais de traqueur de démons\n  Garde-épaules de traqueur de démons\n \nComplet : Réduit la probabilité que l''on résiste à votre technique Feindre la mort de 5%.\n(4) Ensemble : Réduit de 10% le coût en mana de votre technique Flèches multiples.\n<Maj clic-droit pour sertir>', 70, NULL);
INSERT INTO `roster_items` VALUES(20, 'Marque d''honneur de la vallée d''Alterac', 'Bank Bag0', '27', '1eff00', '20560:0:0:0:0:0:0:97902697', 'Interface/Icons/INV_Jewelry_Necklace_21', 6, 'Marque d''honneur de la vallée d''Alterac\nLié\nUnique (100)\n\\"Une médaille accordée aux combattants de la vallée d''Alterac\\"', NULL, NULL);
INSERT INTO `roster_items` VALUES(20, 'Sac en tisse-néant', 'bags', 'Bank Bag1', '1eff00', '21841:0:0:0:0:0:0:1223595906', 'Interface/Icons/INV_Misc_Bag_23_Netherweave', 16, 'Sac en tisse-néant\nLié\nConteneur 16 emplacements\n|cff00ff00<Artisan : Gelnus>|r', NULL, NULL);
INSERT INTO `roster_items` VALUES(20, 'Gage de bataille de Halaa', 'Bank Bag0', '25', '1eff00', '26045:0:0:0:0:0:0:1909550138', 'Interface/Icons/INV_Misc_Rune_08', 6, 'Gage de bataille de Halaa\nLié', NULL, NULL);
INSERT INTO `roster_items` VALUES(29, 'Rênes de sabre-tempête rapide', 'Bag0', '2', 'a335ee', '18902:0:0:0:0:0:0:0', 'Interface/Icons/Ability_Mount_WhiteTiger', 1, 'Rênes de sabre-tempête rapide\nLié\nRaces : Humain, Nain, Elfe de la nuit, Gnome, Draeneï\nNiveau 60 requis\nMonte (150) requis\nUtiliser : Invoque et renvoie un sabre-tempête rapide. C''est une monture très rapide.', 60, NULL);
INSERT INTO `roster_items` VALUES(29, 'Pierre de foyer', 'Bag0', '1', 'ffffff', '6948:0:0:0:0:0:0:0', 'Interface/Icons/INV_Misc_Rune_01', 1, 'Pierre de foyer\nLié\nUnique\nUtiliser : Vous renvoie à Shattrath. Parlez à l''aubergiste d''une autre ville pour changer votre foyer. (1 heure de recharge)', NULL, NULL);
INSERT INTO `roster_items` VALUES(20, 'Parchemin d''Endurance V', 'Bag2', '16', 'ffffff', '27502:0:0:0:0:0:0:99395074', 'Interface/Icons/INV_Scroll_07', 2, 'Parchemin d''Endurance V\nNiveau 60 requis\nUtiliser : Augmente de 20 l’Endurance de la cible pendant 30 min.', 60, NULL);
INSERT INTO `roster_items` VALUES(20, 'Croque-ravageur', 'Bag2', '14', 'ffffff', '27655:0:0:0:0:0:0:435226566', 'Interface/Icons/INV_Misc_Food_53', 5, 'Croque-ravageur\nNiveau 55 requis\nUtiliser : Rend 4320 points de vie en 30 sec. Vous devez rester assis pendant que vous mangez. Si vous passez au moins 10 secondes à manger, vous serez \\"bien nourri\\" et vous bénéficierez d''un bonus de 40 à la puissance d''attaque et de 20 à l''Esprit pendant 30 min.\n\\"Ne demandez pas avec quoi il est fait.\\"', 55, NULL);
INSERT INTO `roster_items` VALUES(12, 'Tabard trophée des Illidari violet', 'Bank Bag4', '14', '1eff00', '31405:0:0:0:0:0:0:-11900905', 'Interface/Icons/INV_Shirt_15', 1, 'Tabard trophée des Illidari violet\nLié\nUnique\nTabard\n\\"Un trophée commémorant une victoire sur Illidan Hurlorage.\\"', NULL, NULL);
INSERT INTO `roster_items` VALUES(12, 'Tabard de guilde', 'Bank Bag4', '13', 'ffffff', '5976:0:0:0:0:0:0:0', 'Interface/Icons/INV_Shirt_GuildTabard_01', 1, 'Tabard de guilde\nTabard', NULL, NULL);
INSERT INTO `roster_items` VALUES(12, 'Vengeance d''Angelista', 'equip', 'Finger1', 'a335ee', '34887:0:0:0:0:0:0:0', 'Interface/Icons/INV_JEWELRY_RING_79', 1, 'Vengeance d''Angelista\nLié\nUnique\nDoigt\n+29 Agilité\n+28 Endurance\nNiveau 70 requis\nÉquipé : Augmente de 58 la puissance d''attaque.\nÉquipé : Vos attaques ignorent 126 points de l''armure de votre adversaire.', 70, NULL);
INSERT INTO `roster_items` VALUES(20, 'Cape immaculée des coeurs purs', 'equip', 'Back', 'a335ee', '28765:0:0:0:0:0:0:1754097226', 'Interface/Icons/INV_Misc_Cape_06', 1, 'Cape immaculée des coeurs purs\nLié\nDos\nArmure : 105\n+22 Endurance\n+23 Intelligence\nNiveau 70 requis\nÉquipé : Augmente les soins prodigués d''un maximum de 53 et les dégâts d''un maximum de 18 pour tous les sorts et effets magiques.\nÉquipé : Rend 7 points de mana toutes les 5 sec.', 70, NULL);
INSERT INTO `roster_items` VALUES(20, 'Gants de justicier', 'equip', 'Hands', 'a335ee', '29065:2322:0:0:0:0:0:0', 'Interface/Icons/INV_Gauntlets_25', 1, 'Gants de justicier\nLié\nMains	Plaques\nArmure : 944\n+29 Endurance\n+30 Intelligence\n+35 aux sorts de soins et +12 aux dégâts des sorts\nDurabilité 55 / 55\nClasses : Paladin\nNiveau 70 requis\nÉquipé : Augmente de 22 le score de coup critique des sorts.\nÉquipé : Augmente les soins prodigués d''un maximum de 75 et les dégâts d''un maximum de 25 pour tous les sorts et effets magiques.\n \nGrande tenue de justicier (3/5)\n  Plastron de justicier\n  Diadème de justicier\n  Gants de justicier\n  Jambières de justicier\n  Espauliers de justicier\n \nComplet : Augmente le nombre de points de vie rendus par votre Jugement de lumière de 20.\n(4) Ensemble : Réduit le temps de recharge de votre technique Faveur divine de 15 sec.', 70, NULL);
INSERT INTO `roster_items` VALUES(20, 'Marque d''honneur du goulet des Chanteguerres', 'Bag1', '4', '1eff00', '20558:0:0:0:0:0:0:1571835371', 'Interface/Icons/INV_Misc_Rune_07', 4, 'Marque d''honneur du goulet des Chanteguerres\nLié\nUnique (100)\n\\"Une médaille accordée aux combattants du goulet des Chanteguerres\\"', NULL, NULL);
INSERT INTO `roster_items` VALUES(20, 'Symbole des rois', 'Bag1', '5', 'ffffff', '21177:0:0:0:0:0:0:0', 'Interface/Icons/INV_Misc_SymbolofKings_01', 16, 'Symbole des rois', NULL, NULL);
INSERT INTO `roster_items` VALUES(20, 'Clé d''atelier', 'Bag5', '4', 'ffffff', '6893:0:0:0:0:0:0:1439467810', 'Interface/Icons/INV_Misc_Key_06', 1, 'Clé d''atelier\nLié\nUnique', NULL, NULL);
INSERT INTO `roster_items` VALUES(20, 'Clé du coffret à relique', 'Bag5', '5', 'ffffff', '11078:0:0:0:0:0:0:1126416295', 'Interface/Icons/INV_Misc_Key_03', 1, 'Clé du coffret à relique\nUtiliser : Ouvre la porte d''un Coffret à relique de la Voûte noire.', NULL, NULL);
INSERT INTO `roster_items` VALUES(20, 'Clé squelette', 'Bag5', '6', 'ffffff', '13704:0:0:0:0:0:0:223783740', 'Interface/Icons/INV_Misc_Key_11', 1, 'Clé squelette\nObjet de quête\nUnique', NULL, NULL);
INSERT INTO `roster_items` VALUES(20, 'Clé en croissant', 'Bag5', '7', 'ffffff', '18249:0:0:0:0:0:0:1443641981', 'Interface/Icons/INV_Misc_Key_10', 1, 'Clé en croissant\nLié\nUnique', NULL, NULL);
INSERT INTO `roster_items` VALUES(20, 'Clé du Bond-o-tron 4000', 'Bag5', '8', '1eff00', '27808:0:0:0:0:0:0:405483766', 'Interface/Icons/INV_Misc_Key_02', 1, 'Clé du Bond-o-tron 4000\nLié\nUnique\nUtiliser : Met le Bond-o-tron 4000 sous tension.\n\\"Inscrit sur le côté : Koissa ne saurait être tenu responsable de tout accident survenu suite à l''utilisation du Bond-o-tron 4000.\\"', NULL, NULL);
INSERT INTO `roster_items` VALUES(20, 'Potion de respiration aquatique', 'Bag4', '2', 'ffffff', '25539:0:0:0:0:0:0:13157280', 'Interface/Icons/INV_Potion_05', 1, 'Potion de respiration aquatique\nLié\nUnique\nNiveau 60 requis\nUtiliser : Permet à la personne qui le boit de respirer sous l''eau pendant 1 heure.', 60, NULL);
INSERT INTO `roster_items` VALUES(20, 'Cerise de Nagrand', 'Bag4', '1', 'ffffff', '24421:0:0:0:0:0:0:638484769', 'Interface/Icons/INV_Misc_Food_43', 2, 'Cerise de Nagrand\nLié\nUtiliser : Permet à la personne qui le boit de respirer sous l''eau pendant 30 min.', NULL, NULL);
INSERT INTO `roster_items` VALUES(20, 'Sac en tisse-néant', 'bags', 'Bag4', '1eff00', '21841:0:0:0:0:0:0:1429317644', 'Interface/Icons/INV_Misc_Bag_23_Netherweave', 16, 'Sac en tisse-néant\nLié\nConteneur 16 emplacements\n|cff00ff00<Artisan : Pikaglace>|r', NULL, NULL);
INSERT INTO `roster_items` VALUES(20, 'Clé du réservoir', 'Bag5', '20', 'ffffff', '30623:0:0:0:0:0:0:0', 'Interface/Icons/INV_Misc_Key_13', 1, 'Clé du réservoir\nLié\nUnique\nRequiert Expédition cénarienne - Honoré\n\\"Déverrouille le mode héroïque pour les instances du réservoir de Glissecroc.\\"', NULL, NULL);
INSERT INTO `roster_items` VALUES(20, 'Espauliers de justicier', 'equip', 'Shoulder', 'a335ee', '29064:2979:3051:2727:0:0:0:0', 'Interface/Icons/INV_Shoulder_14', 1, 'Espauliers de justicier\nLié\nÉpaule	Plaques\nArmure : 1133\n+31 Endurance\n+24 Intelligence\n+29 aux soins\n|cffffffff+11 aux soins et +6 Endurance|r\n|cffffffff+18 aux soins et +6 aux dégâts des sorts|r\nBonus de sertissage : +3 Intelligence\nDurabilité 100 / 100\nClasses : Paladin\nNiveau 70 requis\nÉquipé : Augmente les soins prodigués d''un maximum de 68 et les dégâts d''un maximum de 23 pour tous les sorts et effets magiques.\nÉquipé : Rend 5 points de mana toutes les 5 sec.\n \nGrande tenue de justicier (3/5)\n  Plastron de justicier\n  Diadème de justicier\n  Gants de justicier\n  Jambières de justicier\n  Espauliers de justicier\n \nComplet : Augmente le nombre de points de vie rendus par votre Jugement de lumière de 20.\n(4) Ensemble : Réduit le temps de recharge de votre technique Faveur divine de 15 sec.\n<Maj clic-droit pour sertir>', 70, NULL);
INSERT INTO `roster_items` VALUES(20, 'Justice de la Lumière', 'equip', 'MainHand', 'a335ee', '28771:2343:0:0:0:0:0:681707282', 'Interface/Icons/INV_Mace_46', 1, 'Justice de la Lumière\nLié\nMain droite	Masse\nDégâts: 24 - 125	Vitesse 1.80\n(41.4 dégâts par seconde)\n+16 Endurance\n+21 Intelligence\n+20 Esprit\n+81 aux sorts de soins et +27 aux dégâts des sorts\nDurabilité 105 / 105\nNiveau 70 requis\nÉquipé : Augmente les soins prodigués d''un maximum de 382 et les dégâts d''un maximum de 128 pour tous les sorts et effets magiques.', 70, NULL);
INSERT INTO `roster_items` VALUES(20, 'Anneau de convalescence', 'equip', 'Finger1', '0070dd', '29169:0:0:0:0:0:0:0', 'Interface/Icons/INV_Jewelry_Ring_43', 1, 'Anneau de convalescence\nLié\nUnique\nDoigt\n+15 Intelligence\nNiveau 70 requis\nRequiert Bastion de l''Honneur - Révéré\nÉquipé : Augmente les soins prodigués d''un maximum de 57 et les dégâts d''un maximum de 19 pour tous les sorts et effets magiques.\nÉquipé : Rend 4 points de mana toutes les 5 sec.', 70, NULL);
INSERT INTO `roster_items` VALUES(20, 'Corselet ornementé du gladiateur impitoyable', 'equip', 'Chest', 'a335ee', '32020:2661:2727:2727:2742:0:0:0', 'Interface/Icons/INV_Chest_Plate05', 1, 'Corselet ornementé du gladiateur impitoyable\nLié\nTorse	Plaques\nArmure : 1704\n+51 Endurance\n+33 Intelligence\n+6 à toutes les caractéristiques\n|cffffffff+18 aux soins et +6 aux dégâts des sorts|r\n|cffffffff+18 aux soins et +6 aux dégâts des sorts|r\n|cffffffff+9 aux soins, +3 aux dégâts des sorts et +4 Intelligence|r\nBonus de sertissage : +4 au score de coup critique des sorts\nDurabilité 165 / 165\nClasses : Paladin\nNiveau 70 requis\nÉquipé : Augmente de 32 le score de coup critique des sorts.\nÉquipé : Augmente de 28 le score de résilience.\nÉquipé : Augmente les soins prodigués d''un maximum de 46 et les dégâts d''un maximum de 16 pour tous les sorts et effets magiques.\n \nRédemption de gladiateur (1/5)\n  Corselet ornementé du gladiateur impitoyable\n  Gants ornementés de gladiateur\n  Couvre-chef ornementé de gladiateur\n  Cuissards ornementés de gladiateur\n  Spallières ornementées de gladiateur\n \n(2) Ensemble : +35 au score de résilience.\n(4) Ensemble : Réduit le temps de recharge de votre Marteau de la justice de 10 sec.\n<Maj clic-droit pour sertir>', 70, NULL);
INSERT INTO `roster_items` VALUES(20, 'Essence du martyr', 'equip', 'Trinket0', 'a335ee', '29376:0:0:0:0:0:0:0', 'Interface/Icons/INV_ValentinePerfumeBottle', 1, 'Essence du martyr\nLié\nUnique\nBijou\nNiveau 70 requis\nÉquipé : Augmente les soins prodigués d''un maximum de 84 et les dégâts d''un maximum de 28 pour tous les sorts et effets magiques.\nUtiliser : Augmente les soins des sorts d''un maximum de 297 et les dégâts des sorts d''un maximum de 99 pendant 20 sec. (2 min de recharge)', 70, NULL);
INSERT INTO `roster_items` VALUES(56, 'Barre d''or', 'Bank Bag3', '5', '1eff00', '3577:0:0:0:0:0:0:288997400', 'Interface/Icons/INV_Ingot_03', 20, 'Barre d''or', NULL, NULL);
INSERT INTO `roster_items` VALUES(56, 'Barre d''acier', 'Bank Bag3', '6', 'ffffff', '3859:0:0:0:0:0:0:1067770366', 'Interface/Icons/INV_Ingot_Steel', 1, 'Barre d''acier', NULL, NULL);
INSERT INTO `roster_items` VALUES(56, 'Brassards cramoisis de l''obscurité', 'equip', 'Wrist', '0070dd', '27462:369:0:0:0:0:0:2064935392', 'Interface/Icons/INV_Bracer_13', 1, 'Brassards cramoisis de l''obscurité\nLié\nPoignets	Tissu\nArmure : 68\n+18 Endurance\n+18 Intelligence\n+12 Intelligence\nDurabilité 30 / 30\nNiveau 70 requis\nÉquipé : Augmente de 12 le score de toucher des sorts.\nÉquipé : Augmente les dégâts et les soins produits par les sorts et effets magiques de 22 au maximum.', 70, NULL);
INSERT INTO `roster_items` VALUES(56, 'Don de Xi''ri', 'equip', 'Trinket1', '0070dd', '29179:0:0:0:0:0:0:0', 'Interface/Icons/INV_Misc_ElvenCoins', 1, 'Don de Xi''ri\nLié\nUnique - Equipé\nBijou\nNiveau 70 requis\nRequiert Les Sha''tar - Révérée\nÉquipé : Augmente de 32 le score de coup critique des sorts.\nUtiliser : Augmente de 150 au maximum les dégâts des sorts et de 280 au maximum les soins pendant 15 sec. (2 min de recharge)', 70, NULL);
INSERT INTO `roster_items` VALUES(29, 'Chapeluisant', 'Bank Bag2', '3', 'ffffff', '24245:0:0:0:0:0:0:1156624842', 'Interface/Icons/INV_Mushroom_02', 54, 'Chapeluisant', NULL, NULL);
INSERT INTO `roster_items` VALUES(29, 'Plume d''arakkoa', 'Bank Bag2', '1', 'ffffff', '25719:0:0:0:0:0:0:1700982152', 'Interface/Icons/INV_Feather_06', 28, 'Plume d''arakkoa', NULL, NULL);
INSERT INTO `roster_items` VALUES(29, 'Spores étranges', 'Bank Bag2', '2', 'ffffff', '27676:0:0:0:0:0:0:-1959214773', 'Interface/Icons/INV_Misc_Dust_04', 14, 'Spores étranges', NULL, NULL);
INSERT INTO `roster_items` VALUES(29, 'Ecaille de scorpide épaisse', 'Bank Bag5', '11', 'ffffff', '15408:0:0:0:0:0:0:1749444491', 'Interface/Icons/INV_Misc_MonsterScales_03', 2, 'Ecaille de scorpide épaisse', NULL, NULL);
INSERT INTO `roster_items` VALUES(29, 'Plumacier', 'Bank Bag5', '12', 'ffffff', '15420:0:0:0:0:0:0:-1809257284', 'Interface/Icons/INV_Feather_05', 31, 'Plumacier', NULL, NULL);
INSERT INTO `roster_items` VALUES(3, 'Petite perle satinée', 'Bag4', '5', '1eff00', '5498:0:0:0:0:0:0:-536190662', 'Interface/Icons/INV_Misc_Gem_Pearl_03', 1, 'Petite perle satinée', NULL, NULL);
INSERT INTO `roster_items` VALUES(3, 'Monture en bronze', 'Bag4', '9', 'ffffff', '20817:0:0:0:0:0:0:863827068', 'Interface/Icons/INV_Jewelcrafting_BronzeSetting', 4, 'Monture en bronze', NULL, NULL);
INSERT INTO `roster_items` VALUES(29, 'Sac à dos de compagnon', 'bags', 'Bank Bag6', 'ffffff', '3914:0:0:0:0:0:0:2060842954', 'Interface/Icons/INV_Misc_Bag_07_Black', 14, 'Sac à dos de compagnon\nConteneur 14 emplacements', NULL, NULL);
INSERT INTO `roster_items` VALUES(29, 'Peau d''écorcheur mine-néant', 'Bank Bag6', '1', 'ffffff', '32470:0:0:0:0:0:0:924272554', 'Interface/Icons/INV_Misc_Rune_12', 3, 'Peau d''écorcheur mine-néant', NULL, NULL);
INSERT INTO `roster_items` VALUES(56, 'Minerai de gangrefer', 'Bag2', '1', 'ffffff', '23424:0:0:0:0:0:0:1434348504', 'Interface/Icons/INV_Ore_FelIron', 5, 'Minerai de gangrefer\nProspection possible', NULL, NULL);
INSERT INTO `roster_items` VALUES(56, 'Sac en tisse-néant', 'bags', 'Bag1', '1eff00', '21841:0:0:0:0:0:0:1762585521', 'Interface/Icons/INV_Misc_Bag_23_Netherweave', 16, 'Sac en tisse-néant\nLié\nConteneur 16 emplacements\n|cff00ff00<Artisan : Jadel>|r', NULL, NULL);
INSERT INTO `roster_items` VALUES(56, 'Palefroi bai rapide', 'Bag1', '1', 'a335ee', '18777:0:0:0:0:0:0:0', 'Interface/Icons/Ability_Mount_RidingHorse', 1, 'Palefroi bai rapide\nLié\nRaces : Humain, Nain, Elfe de la nuit, Gnome, Draeneï\nNiveau 60 requis\nMonte (150) requis\nUtiliser : Invoque et renvoie un palefroi bai rapide. C''est une monture très rapide.', 60, NULL);
INSERT INTO `roster_items` VALUES(56, 'Lettre simple', 'Bag0', '10', 'ffffff', '8383:0:0:0:0:0:0:0', 'Interface/Icons/INV_Misc_Note_01', 1, 'Lettre simple\nÉcrit par Ishandra\n<Clic droit pour lire>', NULL, NULL);
INSERT INTO `roster_items` VALUES(56, 'Lettre simple', 'Bag0', '11', 'ffffff', '8383:0:0:0:0:0:0:0', 'Interface/Icons/INV_Misc_Note_01', 1, 'Lettre simple\nÉcrit par Réndralk\n<Clic droit pour lire>', NULL, NULL);
INSERT INTO `roster_items` VALUES(56, 'Mantelet des trois terreurs', 'equip', 'Shoulder', '0070dd', '27994:2981:0:0:0:0:0:672150230', 'Interface/Icons/INV_Shoulder_36', 1, 'Mantelet des trois terreurs\nLié\nÉpaule	Tissu\nArmure : 114\n+29 Endurance\n+25 Intelligence\n+15 à la puissance des sorts\nDurabilité 50 / 50\nNiveau 68 requis\nÉquipé : Augmente de 12 le score de toucher des sorts.\nÉquipé : Augmente les dégâts et les soins produits par les sorts et effets magiques de 29 au maximum.', 68, NULL);
INSERT INTO `roster_items` VALUES(56, 'Cravache d''équitation', 'equip', 'Trinket0', '0070dd', '25653:0:0:0:0:0:0:1269146617', 'Interface/Icons/INV_Misc_Crop_02', 1, 'Cravache d''équitation\nLié\nUnique - Equipé\nBijou\nNiveau 69 requis\nÉquipé : Vitesse de monture augmentée de 10%.\n|cff00ff00<Artisan : Aveline>|r', 69, NULL);
INSERT INTO `roster_items` VALUES(56, 'Châle des probabilités incertaines', 'equip', 'Back', 'a335ee', '29369:2938:0:0:0:0:0:0', 'Interface/Icons/INV_Misc_Cape_16', 1, 'Châle des probabilités incertaines\nLié\nDos\nArmure : 93\n+18 Endurance\n+16 Intelligence\n+20 à la pénétration des sorts\nNiveau 70 requis\nÉquipé : Augmente de 22 le score de coup critique des sorts.\nÉquipé : Augmente les dégâts et les soins produits par les sorts et effets magiques de 21 au maximum.', 70, NULL);
INSERT INTO `roster_items` VALUES(29, 'Etoffe de tisse-mage', 'Bank Bag6', '4', 'ffffff', '4338:0:0:0:0:0:0:1795911764', 'Interface/Icons/INV_Fabric_Mageweave_01', 16, 'Etoffe de tisse-mage', NULL, NULL);
INSERT INTO `roster_items` VALUES(3, 'Rubis étoilé', 'Bank Bag2', '2', '1eff00', '7910:0:0:0:0:0:0:606549601', 'Interface/Icons/INV_Misc_Gem_Ruby_02', 14, 'Rubis étoilé', NULL, NULL);
INSERT INTO `roster_items` VALUES(12, 'Poudre d''explosion dense', 'Bag3', '15', 'ffffff', '15992:0:0:0:0:0:0:1105812020', 'Interface/Icons/INV_Misc_Ammo_Gunpowder_01', 18, 'Poudre d''explosion dense', NULL, NULL);
INSERT INTO `roster_items` VALUES(20, 'Libram des âmes rachetées', 'equip', 'Ranged', 'a335ee', '28592:0:0:0:0:0:0:1474369506', 'Interface/Icons/INV_Relics_LibramofGrace', 1, 'Libram des âmes rachetées\nLié\nUnique\nRelique	Libram\nNiveau 70 requis\nÉquipé : Augmente de 105 les bénéfices apportés par la Bénédiction de lumière à vos sorts Eclair lumineux et Lumière sacrée.', 70, NULL);
INSERT INTO `roster_items` VALUES(20, 'Marque d''honneur du bassin d''Arathi', 'Bank Bag0', '26', '1eff00', '20559:0:0:0:0:0:0:1710790815', 'Interface/Icons/INV_Jewelry_Amulet_07', 16, 'Marque d''honneur du bassin d''Arathi\nLié\nUnique (100)\n\\"Une médaille accordée aux combattants du bassin d''Arathi\\"', NULL, NULL);
INSERT INTO `roster_items` VALUES(20, 'Livre béni de Nagrand', 'Bank Bag0', '21', '0070dd', '25644:0:0:0:0:0:0:236057743', 'Interface/Icons/INV_Relics_LibramofHope', 1, 'Livre béni de Nagrand\nLié\nUnique\nRelique	Libram\nÉquipé : Augmente les soins prodigués par Eclair lumineux de 79 au maximum.', NULL, NULL);
INSERT INTO `roster_items` VALUES(20, 'Libram du Porteur de Lumière', 'Bank Bag0', '22', '0070dd', '28296:0:0:0:0:0:0:306535308', 'Interface/Icons/INV_Misc_Book_12', 1, 'Libram du Porteur de Lumière\nLié\nUnique\nRelique	Libram\nNiveau 70 requis\nÉquipé : Augmente les soins prodigués par Lumière sacrée de 87 au maximum.', 70, NULL);
INSERT INTO `roster_items` VALUES(20, 'Opale de feu d''assassin', 'Bank Bag0', '23', 'a335ee', '30565:0:0:0:0:0:0:1814157792', 'Interface/Icons/INV_Jewelcrafting_NobleTopaz_03', 1, 'Opale de feu d''assassin\nLié\nUnique - Equipé\n+ 6 au score de critique et +5 au score d''esquive\n\\"Correspond à une châsse rouge ou jaune.\\"', NULL, NULL);
INSERT INTO `roster_items` VALUES(20, 'Morceaux de plantes non identifiées', 'Bank Bag1', '7', 'ffffff', '24401:0:0:0:0:0:0:1396379040', 'Interface/Icons/INV_Misc_Flower_03', 48, 'Morceaux de plantes non identifiées', NULL, NULL);
INSERT INTO `roster_items` VALUES(20, 'Gage de recherche de Halaa', 'Bank Bag1', '6', '1eff00', '26044:0:0:0:0:0:0:1596233736', 'Interface/Icons/INV_Misc_Rune_09', 12, 'Gage de recherche de Halaa\nLié', NULL, NULL);
INSERT INTO `roster_items` VALUES(3, 'Barre de thorium', 'Bank Bag1', '6', 'ffffff', '12359:0:0:0:0:0:0:1385448096', 'Interface/Icons/INV_Ingot_07', 20, 'Barre de thorium', NULL, NULL);
INSERT INTO `roster_items` VALUES(3, 'Barre de thorium', 'Bank Bag1', '7', 'ffffff', '12359:0:0:0:0:0:0:876719318', 'Interface/Icons/INV_Ingot_07', 20, 'Barre de thorium', NULL, NULL);
INSERT INTO `roster_items` VALUES(3, 'Topaze noble', 'Bank Bag0', '3', '0070dd', '23439:0:0:0:0:0:0:-1842410256', 'Interface/Icons/INV_Jewelcrafting_NobleTopaz_02', 2, 'Topaze noble', NULL, NULL);
INSERT INTO `roster_items` VALUES(3, 'Pierre dense', 'Bank Bag3', '16', 'ffffff', '12365:0:0:0:0:0:0:2143042074', 'Interface/Icons/INV_Misc_StoneTablet_07', 20, 'Pierre dense', NULL, NULL);
INSERT INTO `roster_items` VALUES(3, 'Aigue-marine', 'Bank Bag2', '1', '1eff00', '7909:0:0:0:0:0:0:222532302', 'Interface/Icons/INV_Misc_Gem_Crystal_02', 13, 'Aigue-marine', NULL, NULL);
INSERT INTO `roster_items` VALUES(29, 'Fragment du médaillon d''Uylaru', 'Bag0', '11', 'ffffff', '30694:0:0:0:0:0:0:-2116220920', 'Interface/Icons/INV_Qiraj_JewelGlyphed', 1, 'Fragment du médaillon d''Uylaru\nObjet de quête', NULL, NULL);
INSERT INTO `roster_items` VALUES(12, 'Granule de mana', 'Bank Bag1', '4', 'ffffff', '22576:0:0:0:0:0:0:-1822464866', 'Interface/Icons/INV_Elemental_Mote_Mana', 5, 'Granule de mana\nUtiliser : Transforme dix granules de mana en mana primordial.', NULL, NULL);
INSERT INTO `roster_items` VALUES(12, 'Rênes de sabre-de-nuit rayé', 'Bank Bag0', '1', '0070dd', '8629:0:0:0:0:0:0:0', 'Interface/Icons/Ability_Mount_BlackPanther', 1, 'Rênes de sabre-de-nuit rayé\nLié\nMonture\nRaces : Humain, Nain, Elfe de la nuit, Gnome, Draeneï\nNiveau 40 requis\nMonte (75) requis\nUtiliser : Invoque et renvoie un sabre-de-nuit rayé (monture).', 40, NULL);
INSERT INTO `roster_items` VALUES(12, 'Superbe robe violette', 'Bank Bag4', '15', 'ffffff', '22280:0:0:0:0:0:0:1810683470', 'Interface/Icons/INV_Chest_Cloth_17', 1, 'Superbe robe violette\nLié\nTorse', NULL, NULL);
INSERT INTO `roster_items` VALUES(12, 'Bank Contents', 'bags', 'Bank Bag0', '', '', 'Interface/Icons/INV_Misc_Bag_15', 28, 'Bank Contents', NULL, NULL);
INSERT INTO `roster_items` VALUES(3, 'Pierre de lune azur', 'Bank Bag0', '13', '1eff00', '23117:0:0:0:0:0:0:1656622261', 'Interface/Icons/INV_Misc_Gem_AzureDraenite_03', 16, 'Pierre de lune azur', NULL, NULL);
INSERT INTO `roster_items` VALUES(29, 'Outils de voleur', 'Bag2', '9', 'ffffff', '5060:0:0:0:0:0:0:0', 'Interface/Icons/INV_Misc_Gear_03', 1, 'Outils de voleur\nLié\nUnique\nNiveau 15 requis', 15, NULL);
INSERT INTO `roster_items` VALUES(12, 'Elixir de sagesse draenique', 'Bag2', '17', 'ffffff', '32067:0:0:0:0:0:0:308172976', 'Interface/Icons/INV_Potion_155', 4, 'Elixir de sagesse draenique\nNiveau 50 requis\nUtiliser : Augmente l''Intelligence et l''Esprit de 30 pendant 1 heure. Elixir du Gardien.', 50, NULL);
INSERT INTO `roster_items` VALUES(20, 'Minerai de gangrefer', 'Bank Bag7', '2', 'ffffff', '23424:0:0:0:0:0:0:2033405334', 'Interface/Icons/INV_Ore_FelIron', 20, 'Minerai de gangrefer', NULL, NULL);
INSERT INTO `roster_items` VALUES(20, 'Minerai de gangrefer', 'Bank Bag7', '3', 'ffffff', '23424:0:0:0:0:0:0:493655839', 'Interface/Icons/INV_Ore_FelIron', 20, 'Minerai de gangrefer', NULL, NULL);
INSERT INTO `roster_items` VALUES(20, 'Minerai de gangrefer', 'Bank Bag7', '4', 'ffffff', '23424:0:0:0:0:0:0:1793535227', 'Interface/Icons/INV_Ore_FelIron', 20, 'Minerai de gangrefer', NULL, NULL);
INSERT INTO `roster_items` VALUES(20, 'Minerai de gangrefer', 'Bank Bag7', '5', 'ffffff', '23424:0:0:0:0:0:0:1654556700', 'Interface/Icons/INV_Ore_FelIron', 20, 'Minerai de gangrefer', NULL, NULL);
INSERT INTO `roster_items` VALUES(20, 'Minerai de gangrefer', 'Bank Bag7', '6', 'ffffff', '23424:0:0:0:0:0:0:1477948091', 'Interface/Icons/INV_Ore_FelIron', 20, 'Minerai de gangrefer', NULL, NULL);
INSERT INTO `roster_items` VALUES(20, 'Minerai de thorium', 'Bank Bag7', '9', 'ffffff', '10620:0:0:0:0:0:0:1824710200', 'Interface/Icons/INV_Ore_Thorium_02', 20, 'Minerai de thorium', NULL, NULL);
INSERT INTO `roster_items` VALUES(20, 'Minerai de thorium', 'Bank Bag7', '10', 'ffffff', '10620:0:0:0:0:0:0:1632161934', 'Interface/Icons/INV_Ore_Thorium_02', 20, 'Minerai de thorium', NULL, NULL);
INSERT INTO `roster_items` VALUES(12, 'Cuir épais', 'Bag2', '18', 'ffffff', '4304:0:0:0:0:0:0:684765315', 'Interface/Icons/INV_Misc_LeatherScrap_08', 4, 'Cuir épais', NULL, NULL);
INSERT INTO `roster_items` VALUES(20, 'Canne à pêche en arcanite', 'Bag1', '6', '0070dd', '19970:0:0:0:0:0:0:127901763', 'Interface/Icons/INV_Fishingpole_01', 1, 'Canne à pêche en arcanite\nLié\nUnique\nDeux mains	Canne à pêche\nDégâts: 42 - 63	Vitesse 3.00\n(17.5 dégâts par seconde)\nDurabilité 45 / 45\nPêche (300) requis\nÉquipé : Pêche augmentée de 35.\n\\"Il semblerait que Nat Pagle en personne ait utilisé cette canne à pêche.\\"', NULL, NULL);
INSERT INTO `roster_items` VALUES(20, 'Ceinture doublentine', 'Bag2', '2', '9d9d9d', '3808:0:0:0:0:0:0:-1792969509', 'Interface/Icons/INV_Belt_06', 1, 'Ceinture doublentine\nTaille	Mailles\nArmure : 106\nDurabilité 35 / 35\nNiveau 29 requis', 29, NULL);
INSERT INTO `roster_items` VALUES(12, 'Elixir de sangrelle', 'Bag3', '12', 'ffffff', '34537:0:0:0:0:0:0:737886058', 'Interface/Icons/INV_Potion_111', 1, 'Elixir de sangrelle\nNiveau 70 requis\nUtiliser : Toutes les caractéristiques sont augmentées de 15 pendant 2 heures. Elixir de bataille. Cet effet ne fonctionne que sur le Plateau du Puits de soleil.', 70, NULL);
INSERT INTO `roster_items` VALUES(12, 'Aigue-marine', 'Bag3', '13', '1eff00', '7909:0:0:0:0:0:0:-1979682069', 'Interface/Icons/INV_Misc_Gem_Crystal_02', 1, 'Aigue-marine', NULL, NULL);
INSERT INTO `roster_items` VALUES(12, 'Biscuit de manne invoqué', 'Bag4', '7', 'ffffff', '34062:0:0:0:0:0:0:1908617810', 'Interface/Icons/INV_Misc_Food_100', 20, 'Biscuit de manne invoqué\nObjet invoqué\nUnique (80)\nNiveau 65 requis\nUtiliser : Rend 7500 points de vie et 7200 points de mana en 30 sec. Vous devez rester assis pendant que vous mangez.', 65, NULL);
INSERT INTO `roster_items` VALUES(12, 'Cerise de Nagrand', 'Bag4', '6', 'ffffff', '24421:0:0:0:0:0:0:1231630352', 'Interface/Icons/INV_Misc_Food_43', 5, 'Cerise de Nagrand\nLié\nUtiliser : Permet à la personne qui le boit de respirer sous l''eau pendant 30 min.', NULL, NULL);
INSERT INTO `roster_items` VALUES(20, 'Sac de mineur', 'bags', 'Bank Bag6', '1eff00', '30746:0:0:0:0:0:0:0', 'Interface/Icons/INV_Misc_Bag_10_Blue', 20, 'Sac de mineur\nLié\nSac de mineur 20 emplacements', NULL, NULL);
INSERT INTO `roster_items` VALUES(20, 'Minerai de gangrefer', 'Bank Bag6', '1', 'ffffff', '23424:0:0:0:0:0:0:1240543186', 'Interface/Icons/INV_Ore_FelIron', 20, 'Minerai de gangrefer', NULL, NULL);
INSERT INTO `roster_items` VALUES(46, 'Poignets festonnés de champignons de Jessera', 'equip', 'Wrist', '1eff00', '26028:0:0:0:0:0:0:231832823', 'Interface/Icons/INV_Bracer_12', 1, 'Poignets festonnés de champignons de Jessera\nLié\nPoignets	Cuir\nArmure : 28\n+1 Endurance\nDurabilité 20 / 20', NULL, NULL);
INSERT INTO `roster_items` VALUES(56, 'Clé rochepoing', 'Bag5', '6', 'ffffff', '25490:0:0:0:0:0:0:1642213826', 'Interface/Icons/INV_Misc_Key_11', 1, 'Clé rochepoing\nObjet de quête\nUnique\nUtiliser : Déverrouille la prison de Corki.', NULL, NULL);
INSERT INTO `roster_items` VALUES(56, 'Bandage épais en tisse-néant', 'Bag0', '12', 'ffffff', '21991:0:0:0:0:0:0:1078695722', 'Interface/Icons/INV_Misc_Bandage_Netherweave_Heavy', 19, 'Bandage épais en tisse-néant\nPremiers soins (325) requis\nUtiliser : Rend 3400 points de vie en 8 sec.', NULL, NULL);
INSERT INTO `roster_items` VALUES(56, 'Lettre simple', 'Bag0', '13', 'ffffff', '8383:0:0:0:0:0:0:0', 'Interface/Icons/INV_Misc_Note_01', 1, 'Lettre simple\nÉcrit par Ishandra\n<Clic droit pour lire>', NULL, NULL);
INSERT INTO `roster_items` VALUES(12, 'Broche sanguinaire', 'equip', 'Trinket1', 'a335ee', '29383:0:0:0:0:0:0:0', 'Interface/Icons/INV_Misc_MonsterScales_15', 1, 'Broche sanguinaire\nLié\nUnique\nBijou\nNiveau 70 requis\nÉquipé : Augmente de 72 la puissance d''attaque.\nUtiliser : Augmente la puissance d''attaque de 278 pendant 20 sec. (2 Min de recharge)', 70, NULL);
INSERT INTO `roster_items` VALUES(29, 'Peau épaisse', 'Bank Bag6', '14', 'ffffff', '8169:0:0:0:0:0:0:1396985530', 'Interface/Icons/INV_Misc_Pelt_Bear_Ruin_01', 3, 'Peau épaisse', NULL, NULL);
INSERT INTO `roster_items` VALUES(29, 'Peau de félin des ombres', 'Bank Bag6', '12', 'ffffff', '7428:0:0:0:0:0:0:1976535026', 'Interface/Icons/INV_Misc_Pelt_01', 3, 'Peau de félin des ombres', NULL, NULL);
INSERT INTO `roster_items` VALUES(29, 'Terre élémentaire', 'Bank Bag6', '13', 'ffffff', '7067:0:0:0:0:0:0:-2015530734', 'Interface/Icons/INV_Ore_Iron_01', 4, 'Terre élémentaire', NULL, NULL);
INSERT INTO `roster_items` VALUES(3, 'Potion de mana mineure', 'Bag3', '1', 'ffffff', '2455:0:0:0:0:0:0:1475837284', 'Interface/Icons/INV_Potion_70', 4, 'Potion de mana mineure\nNiveau 5 requis\nUtiliser : Rend 140 à 180 points de mana.', 5, NULL);
INSERT INTO `roster_items` VALUES(12, 'Flèche mystérieuse', 'Bag1', '12', 'a335ee', '34581:0:0:0:0:0:0:0', 'Interface/Icons/INV_Misc_Ammo_Arrow_02', 200, 'Flèche mystérieuse\nLié\nProjectile	Flèche\nAjoute 46,5 dégâts par seconde\nNiveau 70 requis\nRequiert L''Œil pourpre - Révérée', 70, NULL);
INSERT INTO `roster_items` VALUES(12, 'Flèche mystérieuse', 'Bag1', '13', 'a335ee', '34581:0:0:0:0:0:0:0', 'Interface/Icons/INV_Misc_Ammo_Arrow_02', 200, 'Flèche mystérieuse\nLié\nProjectile	Flèche\nAjoute 46,5 dégâts par seconde\nNiveau 70 requis\nRequiert L''Œil pourpre - Révérée', 70, NULL);
INSERT INTO `roster_items` VALUES(12, 'Résidu de Néant', 'Bag0', '4', 'ffffff', '35229:0:0:0:0:0:0:-2145346023', 'Interface/Icons/INV_MISC_DUST_03', 5, 'Résidu de Néant\nObjet de quête', NULL, NULL);
INSERT INTO `roster_items` VALUES(12, 'Potion de super-mana', 'Bag0', '5', 'ffffff', '22832:0:0:0:0:0:0:171468917', 'Interface/Icons/INV_Potion_137', 2, 'Potion de super-mana\nNiveau 55 requis\nUtiliser : Rend 1800 à 3000 points de mana.', 55, NULL);
INSERT INTO `roster_items` VALUES(20, 'Jambières d''âmeterre', 'equip', 'Legs', 'a335ee', '28591:2745:2742:2742:2741:0:0:697982388', 'Interface/Icons/INV_Pants_Mail_15', 1, 'Jambières d''âmeterre\nLié\nJambes	Cuir\nArmure : 319\n+25 Endurance\n+30 Intelligence\n+24 Esprit\n+46 aux soins, +16 aux dégâts des sorts et +15 Endurance\n|cffffffff+9 aux soins, +3 aux dégâts des sorts et +4 Intelligence|r\n|cffffffff+9 aux soins, +3 aux dégâts des sorts et +4 Intelligence|r\n|cffffffff+9 aux soins, +3 aux dégâts des sorts et +2 points de mana toutes les 5 secondes|r\nBonus de sertissage : +4 Esprit\nDurabilité 90 / 90\nNiveau 70 requis\nÉquipé : Augmente les soins prodigués d''un maximum de 81 et les dégâts d''un maximum de 27 pour tous les sorts et effets magiques.\n<Maj clic-droit pour sertir>', 70, NULL);
INSERT INTO `roster_items` VALUES(29, 'Vie primordiale', 'Bank Bag1', '11', '1eff00', '21886:0:0:0:0:0:0:614799200', 'Interface/Icons/INV_Elemental_Primal_Life', 1, 'Vie primordiale', NULL, NULL);
INSERT INTO `roster_items` VALUES(29, 'Bandage en tisse-néant', 'Bank Bag1', '12', 'ffffff', '21990:0:0:0:0:0:0:1098885768', 'Interface/Icons/INV_Misc_Bandage_Netherweave', 2, 'Bandage en tisse-néant\nPremiers soins (300) requis\nUtiliser : Rend 2800 points de vie en 8 sec.', NULL, NULL);
INSERT INTO `roster_items` VALUES(29, 'Lanières de cuir granuleux', 'Bank Bag6', '2', 'ffffff', '25649:0:0:0:0:0:0:655274536', 'Interface/Icons/INV_Misc_LeatherScrap_09', 20, 'Lanières de cuir granuleux', NULL, NULL);
INSERT INTO `roster_items` VALUES(29, 'Lanières de cuir granuleux', 'Bank Bag6', '3', 'ffffff', '25649:0:0:0:0:0:0:733223532', 'Interface/Icons/INV_Misc_LeatherScrap_09', 20, 'Lanières de cuir granuleux', NULL, NULL);
INSERT INTO `roster_items` VALUES(29, 'Lanières de cuir granuleux', 'Bank Bag5', '5', 'ffffff', '25649:0:0:0:0:0:0:1697285063', 'Interface/Icons/INV_Misc_LeatherScrap_09', 1, 'Lanières de cuir granuleux', NULL, NULL);
INSERT INTO `roster_items` VALUES(29, 'Quatre d''Orages', 'Bank Bag5', '4', '0070dd', '31895:0:0:0:0:0:0:1404224466', 'Interface/Icons/INV_Misc_Ticket_Tarot_Storms', 1, 'Quatre d''Orages\nUtiliser : Rassemblez les cartes de l''As au Huit d''Orages pour compléter la suite.', NULL, NULL);
INSERT INTO `roster_items` VALUES(56, 'Meule simple', 'Bag1', '14', 'ffffff', '20824:0:0:0:0:0:0:0', 'Interface/Icons/INV_Stone_GrindingStone_01', 1, 'Meule simple', NULL, NULL);
INSERT INTO `roster_items` VALUES(56, 'Serpent croustillant', 'Bag1', '15', 'ffffff', '31673:0:0:0:0:0:0:987957524', 'Interface/Icons/INV_Misc_Food_88_RavagerNuggets', 3, 'Serpent croustillant\nNiveau 55 requis\nUtiliser : Rend 7500 points de vie en 30 sec. Vous devez rester assis pendant que vous mangez. Si vous passez au moins 10 secondes à manger, vous serez \\"bien nourri\\" et vous bénéficierez d''un bonus de 23 aux dégâts des sorts et de 20 à l''Esprit pendant 30 min.', 55, NULL);
INSERT INTO `roster_items` VALUES(56, 'Griffon d''ébène', 'Bag1', '2', '0070dd', '25471:0:0:0:0:0:0:0', 'Interface/Icons/Ability_Mount_Gryphon_01', 1, 'Griffon d''ébène\nLié\nUnique\nNiveau 70 requis\nMonte (225) requis\nUtiliser : Invoque et renvoie un griffon. Cette monture ne peut être invoquée qu''en Outreterre.', 70, NULL);
INSERT INTO `roster_items` VALUES(56, 'Lance-fusée marteau-hardi', 'Bag4', '7', 'ffffff', '31310:0:0:0:0:0:0:550649767', 'Interface/Icons/INV_Weapon_Rifle_10', 1, 'Lance-fusée marteau-hardi\nLié\nUnique\nUtiliser : Commande à un chevaucheur de griffon Marteau-hardi de voler jusqu''à l''endroit où vous vous trouvez.', NULL, NULL);
INSERT INTO `roster_items` VALUES(29, 'Fil runique', 'Bag4', '3', 'ffffff', '14341:0:0:0:0:0:0:0', 'Interface/Icons/Spell_Shadow_AntiMagicShell', 14, 'Fil runique', NULL, NULL);
INSERT INTO `roster_items` VALUES(29, 'Sel de Fonderoc raffiné', 'Bag4', '2', 'ffffff', '15409:0:0:0:0:0:0:829310549', 'Interface/Icons/INV_Misc_Dust_01', 17, 'Sel de Fonderoc raffiné', NULL, NULL);
INSERT INTO `roster_items` VALUES(20, 'Elixir des ombres', 'Bag4', '5', 'ffffff', '32446:0:0:0:0:0:0:2055703076', 'Interface/Icons/INV_Poison_MindNumbing', 3, 'Elixir des ombres\nLié\nUtiliser : Permet à celui qui le boit de voir les esprits ténébreux de Skettis.', NULL, NULL);
INSERT INTO `roster_items` VALUES(20, 'Bandage épais en tisse-néant', 'Bag4', '6', 'ffffff', '21991:0:0:0:0:0:0:2138577408', 'Interface/Icons/INV_Misc_Bandage_Netherweave_Heavy', 5, 'Bandage épais en tisse-néant\nPremiers soins (325) requis\nUtiliser : Rend 3400 points de vie en 8 sec.', NULL, NULL);
INSERT INTO `roster_items` VALUES(3, 'Grand croc', 'Bag3', '2', 'ffffff', '5637:0:0:0:0:0:0:-1566983165', 'Interface/Icons/INV_Misc_Bone_08', 1, 'Grand croc', NULL, NULL);
INSERT INTO `roster_items` VALUES(29, 'Marque d''honneur de l''Oeil du cyclone', 'Bank Bag4', '8', '1eff00', '29024:0:0:0:0:0:0:2005183173', 'Interface/Icons/Spell_Nature_EyeOfTheStorm', 7, 'Marque d''honneur de l''Oeil du cyclone\nLié\nUnique (100)\n\\"Médaille accordée à ceux qui ont combattu dans l’Œil du cyclone\\"', NULL, NULL);
INSERT INTO `roster_items` VALUES(29, 'Cryss de Dib''Muad', 'equip', 'MainHand', '0070dd', '31756:0:0:0:0:0:0:1402312632', 'Interface/Icons/INV_Weapon_ShortBlade_15', 1, 'Cryss de Dib''Muad\nLié\nÀ une main	Dague\nDégâts: 55 - 103	Vitesse 1.40\n(56.4 dégâts par seconde)\nPoison instantané VII (15 min)\nDurabilité 57 / 65\nÉquipé : Augmente de 19 le score de coup critique.\nÉquipé : Augmente de 18 la puissance d''attaque.', NULL, NULL);
INSERT INTO `roster_items` VALUES(29, 'Bague d''ambre du bandit', 'equip', 'Finger1', '1eff00', '25057:0:0:0:0:0:-40:1604255776', 'Interface/Icons/INV_Jewelry_Ring_04', 1, 'Bague d''ambre du bandit\nLié\nDoigt\n|cffffffff+16 Agilité|r\n|cffffffff+25 Endurance|r\n|cffffffff+33 à la puissance d''attaque|r\nNiveau 70 requis', 70, NULL);
INSERT INTO `roster_items` VALUES(20, 'Sac en tisse-néant', 'bags', 'Bank Bag2', '1eff00', '21841:0:0:0:0:0:0:1102653012', 'Interface/Icons/INV_Misc_Bag_23_Netherweave', 16, 'Sac en tisse-néant\nLié\nConteneur 16 emplacements\n|cff00ff00<Artisan : Gelnus>|r', NULL, NULL);
INSERT INTO `roster_items` VALUES(20, 'Spessarite de flamme', 'Bank Bag2', '1', '1eff00', '21929:0:0:0:0:0:0:1770068152', 'Interface/Icons/INV_Misc_Gem_FlameSpessarite_03', 7, 'Spessarite de flamme', NULL, NULL);
INSERT INTO `roster_items` VALUES(20, 'Olivine', 'Bank Bag2', '2', '1eff00', '23079:0:0:0:0:0:0:2052522563', 'Interface/Icons/INV_Misc_Gem_DeepPeridot_03', 10, 'Olivine', NULL, NULL);
INSERT INTO `roster_items` VALUES(20, 'Pierre de lune azur', 'Bank Bag2', '3', '1eff00', '23117:0:0:0:0:0:0:1534562000', 'Interface/Icons/INV_Misc_Gem_AzureDraenite_03', 9, 'Pierre de lune azur', NULL, NULL);
INSERT INTO `roster_items` VALUES(20, 'Soupe de poisson-crâne', 'Bank Bag0', '10', 'ffffff', '33825:0:0:0:0:0:0:1613298916', 'Interface/Icons/INV_Misc_Food_63', 16, 'Soupe de poisson-crâne\nNiveau 65 requis\nUtiliser : Rend 7200 points de mana en 30 sec. Vous devez rester assis pendant que vous buvez. Si vous passez au moins 10 secondes à boire, vous serez illuminé et recevrez un bonus de 20 au score de coup critique des sorts et à l''Esprit pendant 30 min.', 65, NULL);
INSERT INTO `roster_items` VALUES(20, 'Granule d''ombre', 'Bank Bag3', '2', 'ffffff', '22577:0:0:0:0:0:0:0', 'Interface/Icons/INV_Elemental_Mote_Shadow01', 5, 'Granule d''ombre\nUtiliser : Transforme dix Granules d’ombre en ombre primordiale.', NULL, NULL);
INSERT INTO `roster_items` VALUES(20, 'Ombre primordiale', 'Bank Bag3', '3', '1eff00', '22456:0:0:0:0:0:0:1354204090', 'Interface/Icons/INV_Elemental_Primal_Shadow', 11, 'Ombre primordiale', NULL, NULL);
INSERT INTO `roster_items` VALUES(20, 'Granule de vie', 'Bank Bag3', '4', 'ffffff', '22575:0:0:0:0:0:0:-1964690686', 'Interface/Icons/INV_Elemental_Mote_Life01', 7, 'Granule de vie\nUtiliser : Transforme dix granules de vie en vie primordiale.', NULL, NULL);
INSERT INTO `roster_items` VALUES(20, 'Steak dimensionnel', 'Bank Bag3', '6', 'ffffff', '27659:0:0:0:0:0:0:783926208', 'Interface/Icons/INV_Misc_Food_65', 7, 'Steak dimensionnel\nNiveau 55 requis\nUtiliser : Rend 7500 points de vie en 30 sec. Vous devez rester assis pendant que vous mangez. Si vous passez au moins 10 secondes à manger, vous serez \\"bien nourri\\" et vous bénéficierez d''un bonus de 20 à l''Agilité et à l''Esprit pendant 30 min.', 55, NULL);
INSERT INTO `roster_items` VALUES(20, 'Grenat sanguin', 'Bank Bag1', '16', '1eff00', '23077:0:0:0:0:0:0:2028716516', 'Interface/Icons/INV_Misc_Gem_BloodGem_03', 9, 'Grenat sanguin', NULL, NULL);
INSERT INTO `roster_items` VALUES(20, 'Draénite dorée', 'Bank Bag1', '15', '1eff00', '23112:0:0:0:0:0:0:-1638776920', 'Interface/Icons/INV_Misc_Gem_GoldenDraenite_03', 11, 'Draénite dorée', NULL, NULL);
INSERT INTO `roster_items` VALUES(20, 'Attracteur de poissons aquadynamique', 'Bank Bag0', '12', 'ffffff', '6533:0:0:0:0:0:0:389091800', 'Interface/Icons/INV_Misc_Food_26', 20, 'Attracteur de poissons aquadynamique\nPêche (100) requis\nUtiliser : Attaché à votre canne à pêche, il augmente votre compétence de pêche de 100 points pendant 10 minutes.', NULL, NULL);
INSERT INTO `roster_items` VALUES(20, 'Parchemin d''Intelligence V', 'Bank Bag0', '13', 'ffffff', '27499:0:0:0:0:0:0:-1347134683', 'Interface/Icons/INV_Scroll_01', 2, 'Parchemin d''Intelligence V\nNiveau 60 requis\nUtiliser : Augmente l''Intelligence de la cible de 20 pendant 30 min.', 60, NULL);
INSERT INTO `roster_items` VALUES(20, 'Parchemin d''Esprit V', 'Bank Bag0', '14', 'ffffff', '27501:0:0:0:0:0:0:1364934337', 'Interface/Icons/INV_Scroll_01', 5, 'Parchemin d''Esprit V\nNiveau 60 requis\nUtiliser : Augmente de 30 l''Esprit de la cible pendant 30 min.', 60, NULL);
INSERT INTO `roster_items` VALUES(20, 'Poisson-boue grillé', 'Bank Bag0', '15', 'ffffff', '27664:0:0:0:0:0:0:572174834', 'Interface/Icons/INV_Misc_Food_78', 10, 'Poisson-boue grillé\nNiveau 55 requis\nUtiliser : Rend 7500 points de vie en 30 sec. Vous devez rester assis pendant que vous mangez. Si vous passez au moins 10 secondes à manger, vous serez \\"bien nourri\\" et vous bénéficierez d''un bonus de 20 à l''Agilité et à l''Esprit pendant 30 min.', 55, NULL);
INSERT INTO `roster_items` VALUES(20, 'Sac de mineur', 'bags', 'Bank Bag7', '1eff00', '30746:0:0:0:0:0:0:0', 'Interface/Icons/INV_Misc_Bag_10_Blue', 20, 'Sac de mineur\nLié\nSac de mineur 20 emplacements', NULL, NULL);
INSERT INTO `roster_items` VALUES(20, 'Amulette du Coeur-fendu', 'Bank Bag2', '16', '0070dd', '31074:0:0:0:0:0:0:1969796696', 'Interface/Icons/INV_Jewelry_Necklace_17', 1, 'Amulette du Coeur-fendu\nLié\nCou\n+30 Endurance\n+24 à la résistance Feu', NULL, NULL);
INSERT INTO `roster_items` VALUES(20, 'Diamant noir', 'Bank Bag2', '15', '1eff00', '11754:0:0:0:0:0:0:1885235628', 'Interface/Icons/INV_Misc_Gem_01', 1, 'Diamant noir', NULL, NULL);
INSERT INTO `roster_items` VALUES(20, 'Pierre d''aube', 'Bank Bag2', '13', '0070dd', '23440:0:0:0:0:0:0:1613910054', 'Interface/Icons/INV_Jewelcrafting_Dawnstone_02', 4, 'Pierre d''aube', NULL, NULL);
INSERT INTO `roster_items` VALUES(20, 'Recette : Aileron-de-sang grillé', 'Bank Bag2', '14', '1eff00', '33869:0:0:0:0:0:0:1322811480', 'Interface/Icons/INV_Scroll_06', 1, 'Recette : Aileron-de-sang grillé\nLié\nCuisine (300) requis\nUtiliser : Vous apprend à préparer un Aileron-de-sang grillé.\n\nAileron-de-sang grillé\nNiveau 55 requis\nUtiliser : Rend 4320 points de vie en 30 sec. Vous devez rester assis pendant que vous mangez. Si vous passez au moins 10 secondes à manger, vous serez \\"bien nourri\\" et vous bénéficierez d''un bonus de 20 à l''Endurance et à l''Esprit pendant 30 min.\n\nRequiert Poisson-chat aileron-de-sang', 55, NULL);
INSERT INTO `roster_items` VALUES(56, 'Bâtombre de Terokk', 'equip', 'MainHand', 'a335ee', '29355:2669:0:0:0:0:0:1612863898', 'Interface/Icons/INV_Weapon_Halberd19', 1, 'Bâtombre de Terokk\nLié\nDeux mains	Bâton\nDégâts: 143 - 283	Vitesse 3.20\n(66.6 dégâts par seconde)\n+40 Endurance\n+42 Intelligence\n+40 aux dégâts des sorts\nDurabilité 120 / 120\nNiveau 70 requis\nÉquipé : Augmente de 37 le score de coup critique des sorts.\nÉquipé : Augmente les dégâts et les soins produits par les sorts et effets magiques de 168 au maximum.', 70, NULL);
INSERT INTO `roster_items` VALUES(12, 'Armes de Glissecroc', 'Bag2', '11', 'ffffff', '24368:0:0:0:0:0:0:2097236454', 'Interface/Icons/INV_Spear_06', 2, 'Armes de Glissecroc', NULL, NULL);
INSERT INTO `roster_items` VALUES(3, 'Chemise marron en lin', 'equip', 'Shirt', 'ffffff', '4344:0:0:0:0:0:0:1662857809', 'Interface/Icons/INV_Shirt_02', 1, 'Chemise marron en lin\nChemise\n|cff00ff00<Artisan : Lothyne>|r', NULL, NULL);
INSERT INTO `roster_items` VALUES(3, 'Anneau épais en argent de la chouette', 'equip', 'Finger0', '0070dd', '20826:0:0:0:0:0:763:148618508', 'Interface/Icons/INV_Jewelry_Ring_26', 1, 'Anneau épais en argent de la chouette\nLié\nUnique - Equipé\nDoigt\n|cffffffff+4 Intelligence|r\n|cffffffff+4 Esprit|r\nNiveau 22 requis\n|cff00ff00<Artisan : Lothyne>|r', 22, NULL);
INSERT INTO `roster_items` VALUES(3, 'Bâton-médecine de la baleine', 'equip', 'MainHand', '1eff00', '4575:0:0:0:0:0:1018:279797100', 'Interface/Icons/INV_Staff_31', 1, 'Bâton-médecine de la baleine\nLié\nDeux mains	Bâton\nDégâts: 25 - 38	Vitesse 2.50\n(12.6 dégâts par seconde)\n|cffffffff+4 Esprit|r\n|cffffffff+4 Endurance|r\nDurabilité 65 / 65\nNiveau 14 requis', 14, NULL);
INSERT INTO `roster_items` VALUES(20, 'Insigne de l''Alliance', 'Bag0', '4', '0070dd', '18864:0:0:0:0:0:0:0', 'Interface/Icons/INV_Jewelry_TrinketPVP_01', 1, 'Insigne de l''Alliance\nLié\nUnique\nBijou\nClasses : Paladin\nUtiliser : Dissipe tous les effets affectant le déplacement et tous les effets qui provoquent une perte du contrôle de votre personnage. (5 min de recharge)', NULL, NULL);
INSERT INTO `roster_items` VALUES(3, 'Sac en peau de gnoll', 'Bag2', '2', 'ffffff', '3233:0:0:0:0:0:0:1814304632', 'Interface/Icons/INV_Misc_Bag_01', 1, 'Sac en peau de gnoll\nUnique\nConteneur 8 emplacements', NULL, NULL);
INSERT INTO `roster_items` VALUES(3, 'Minerai de thorium', 'Bank Bag3', '10', 'ffffff', '10620:0:0:0:0:0:0:1874606618', 'Interface/Icons/INV_Ore_Thorium_02', 20, 'Minerai de thorium\nProspection possible', NULL, NULL);
INSERT INTO `roster_items` VALUES(29, 'Insigne de justice', 'Bank Bag3', '3', 'a335ee', '29434:0:0:0:0:0:0:1002998370', 'Interface/Icons/Spell_Holy_ChampionsBond', 21, 'Insigne de justice\nLié\nNiveau 70 requis', 70, NULL);
INSERT INTO `roster_items` VALUES(20, 'Minerai d''adamantite', 'Bag2', '3', 'ffffff', '23425:0:0:0:0:0:0:2097857564', 'Interface/Icons/INV_Ore_Adamantium', 5, 'Minerai d''adamantite', NULL, NULL);
INSERT INTO `roster_items` VALUES(20, 'Essence primordiale', 'Bag2', '4', '9d9d9d', '24511:0:0:0:0:0:0:1334178282', 'Interface/Icons/INV_DataCrystal07', 1, 'Essence primordiale', NULL, NULL);
INSERT INTO `roster_items` VALUES(20, 'Energie de néangon en bouteille', 'Bag4', '8', 'ffffff', '32902:0:0:0:0:0:0:-1766913028', 'Interface/Icons/INV_Potion_156', 6, 'Energie de néangon en bouteille\nNiveau 55 requis\nUtiliser : Rend 1800 à 3000 points de mana.\n\nNe fonctionne qu''à l''intérieur du Donjon de la Tempête : l''Oeil, l''Arcatraz, la Botanica, le Méchanar.\n\\"À insérer dans le réceptacle d''énergie le plus proche.\\"', 55, NULL);
INSERT INTO `roster_items` VALUES(20, 'Bâtonnets de poisson doré', 'Bag4', '10', 'ffffff', '27666:0:0:0:0:0:0:1065850817', 'Interface/Icons/INV_Misc_Fish_18', 14, 'Bâtonnets de poisson doré\nNiveau 55 requis\nUtiliser : Rend 7500 points de vie en 30 sec. Vous devez rester assis pendant que vous mangez. Si vous passez au moins 10 secondes à manger, vous serez \\"bien nourri\\". Les soins prodigués sont augmentés de 44 et l''Esprit de 20 pendant 30 min.', 55, NULL);
INSERT INTO `roster_items` VALUES(12, 'Energie de néangon en bouteille', 'Bag3', '5', 'ffffff', '32902:0:0:0:0:0:0:-2114588697', 'Interface/Icons/INV_Potion_156', 15, 'Energie de néangon en bouteille\nNiveau 55 requis\nUtiliser : Rend 1800 à 3000 points de mana.\n\nNe fonctionne qu''à l''intérieur du Donjon de la Tempête : l''Oeil, l''Arcatraz, la Botanica, le Méchanar.\n\\"À insérer dans le réceptacle d''énergie le plus proche.\\"', 55, NULL);
INSERT INTO `roster_items` VALUES(12, 'Grèves de traqueur de démons', 'Bank Bag2', '3', 'a335ee', '29083:3013:0:0:0:0:0:0', 'Interface/Icons/INV_Pants_Mail_15', 1, 'Grèves de traqueur de démons\nLié\nJambes	Mailles\nArmure : 740\n+40 Agilité\n+30 Endurance\n+30 Intelligence\n+40 Endurance et +12 Agilité\nDurabilité 105 / 105\nClasses : Chasseur\nNiveau 70 requis\nÉquipé : Augmente de 15 le score de toucher.\nÉquipé : Augmente de 82 la puissance d''attaque.\n \nArmure de traqueur de démon (3/5)\n  Gantelets de traqueur de démons\n  Grand casque de traqueur de démons\n  Grèves de traqueur de démons\n  Harnais de traqueur de démons\n  Garde-épaules de traqueur de démons\n \nComplet : Réduit la probabilité que l''on résiste à votre technique Feindre la mort de 5%.\n(4) Ensemble : Réduit de 10% le coût en mana de votre technique Flèches multiples.', 70, NULL);
INSERT INTO `roster_items` VALUES(12, 'Olivine', 'Bank Bag3', '9', '1eff00', '23079:0:0:0:0:0:0:1232384731', 'Interface/Icons/INV_Misc_Gem_DeepPeridot_03', 1, 'Olivine', NULL, NULL);
INSERT INTO `roster_items` VALUES(12, 'Insigne de surveillant', 'Bank Bag3', '10', '1eff00', '32694:0:0:0:0:0:0:555477414', 'Interface/Icons/INV_Misc_Gem_Sapphire_01', 1, 'Insigne de surveillant\nLié\nUnique - Equipé\nBijou\nRequiert Aile-du-Néant - Amicale\nUtiliser : Appelle un Allié de l''Aile-du-Néant pour qu''il combatte à vos côtés dans la vallée d''Ombrelune. (10 Min de recharge)', NULL, NULL);
INSERT INTO `roster_items` VALUES(12, 'Eau de Draenor purifiée', 'Bag0', '14', 'ffffff', '27860:0:0:0:0:0:0:0', 'Interface/Icons/INV_Drink_Waterskin_12', 10, 'Eau de Draenor purifiée\nNiveau 65 requis\nUtiliser : Rend 7200 points de mana en 30 sec. Vous devez rester assis pendant que vous buvez.', 65, NULL);
INSERT INTO `roster_items` VALUES(12, 'Clé dimensionnelle', 'Bag5', '13', 'ffffff', '30634:0:0:0:0:0:0:0', 'Interface/Icons/INV_Misc_Key_09', 1, 'Clé dimensionnelle\nLié\nUnique\nRequiert Les Sha''tar - Honorée\n\\"Déverrouille le mode héroïque pour les instances du donjon de la Tempête.\\"', NULL, NULL);
INSERT INTO `roster_items` VALUES(3, 'Olivine', 'Bank Bag0', '12', '1eff00', '23079:0:0:0:0:0:0:1829736281', 'Interface/Icons/INV_Misc_Gem_DeepPeridot_03', 10, 'Olivine', NULL, NULL);
INSERT INTO `roster_items` VALUES(3, 'Draénite ombreuse', 'Bank Bag0', '10', '1eff00', '23107:0:0:0:0:0:0:1180310998', 'Interface/Icons/INV_Misc_Gem_EbonDraenite_03', 9, 'Draénite ombreuse', NULL, NULL);
INSERT INTO `roster_items` VALUES(29, 'Couteau à dépecer', 'Bag4', '20', 'ffffff', '7005:0:0:0:0:0:0:0', 'Interface/Icons/INV_Weapon_ShortBlade_01', 1, 'Couteau à dépecer\nÀ une main\nDégâts: 1 - 3	Vitesse 1.60\n(1.3 dégâts par seconde)', NULL, NULL);
INSERT INTO `roster_items` VALUES(3, 'Fil de cuivre délicat', 'Bag4', '10', 'ffffff', '20816:0:0:0:0:0:0:1745672816', 'Interface/Icons/INV_Jewelcrafting_DelicateCopperWire', 10, 'Fil de cuivre délicat', NULL, NULL);
INSERT INTO `roster_items` VALUES(56, 'Chemise lavande en tisse-mage', 'equip', 'Shirt', 'ffffff', '10054:0:0:0:0:0:0:1052078914', 'Interface/Icons/INV_Shirt_Purple_01', 1, 'Chemise lavande en tisse-mage\nChemise\n|cff00ff00<Artisan : Jadel>|r', NULL, NULL);
INSERT INTO `roster_items` VALUES(56, 'Protège-mains studieux', 'equip', 'Hands', 'a335ee', '33586:2937:2761:2708:0:0:0:0', 'Interface/Icons/INV_Gauntlets_14', 1, 'Protège-mains studieux\nLié\nMains	Tissu\nArmure : 135\n+21 Endurance\n+22 Intelligence\n+20 aux dégâts des sorts\n|cffffffff+4 au score de critique des sorts et +5 aux dégâts des sorts|r\n|cffffffff+4 aux dégâts des sorts et +4 Endurance|r\nBonus de sertissage : +4 aux dégâts des sorts\nDurabilité 35 / 35\nNiveau 70 requis\nÉquipé : Augmente de 25 le score de coup critique des sorts.\nÉquipé : Augmente les dégâts et les soins produits par les sorts et effets magiques de 40 au maximum.\n<Maj clic-droit pour sertir>', 70, NULL);
INSERT INTO `roster_items` VALUES(29, 'Marque de Sargeras', 'Bank Bag0', '13', 'ffffff', '30809:0:0:0:0:0:0:-1919968934', 'Interface/Icons/Spell_Shadow_DemonicFortitude', 14, 'Marque de Sargeras\n\\"Peut être remise à Shattrath pour prouver que vous avez tué un suivant de la Légion ardente de rang élevé.\\"', NULL, NULL);
INSERT INTO `roster_items` VALUES(29, 'Etoffe de tisse-néant', 'Bag1', '5', 'ffffff', '21877:0:0:0:0:0:0:1787763369', 'Interface/Icons/INV_Fabric_Netherweave', 4, 'Etoffe de tisse-néant', NULL, NULL);
INSERT INTO `roster_items` VALUES(29, 'Marque de Sargeras', 'Bag1', '6', 'ffffff', '30809:0:0:0:0:0:0:1735712744', 'Interface/Icons/Spell_Shadow_DemonicFortitude', 8, 'Marque de Sargeras\n\\"Peut être remise à Shattrath pour prouver que vous avez tué un suivant de la Légion ardente de rang élevé.\\"', NULL, NULL);
INSERT INTO `roster_items` VALUES(12, 'Baume de mana cénarien', 'Bag0', '7', 'ffffff', '32903:0:0:0:0:0:0:0', 'Interface/Icons/INV_Potion_168', 8, 'Baume de mana cénarien\nLié\nNiveau 55 requis\nUtiliser : Rend 1800 à 3000 points de mana.\n\nNe fonctionne qu''à l''intérieur de Glissecroc : Sanctuaire du Serpent, Basse-tourbière, Caveau de la vapeur, Enclos aux esclaves.', 55, NULL);
INSERT INTO `roster_items` VALUES(20, 'Clé auchenaï', 'Bag5', '13', 'ffffff', '30633:0:0:0:0:0:0:0', 'Interface/Icons/INV_Misc_Key_11', 1, 'Clé auchenaï\nLié\nUnique\nRequiert Ville basse - Honoré\n\\"Ouvre l''accès au mode héroïque pour les donjons d''Auchindoun.\\"', NULL, NULL);
INSERT INTO `roster_items` VALUES(20, 'Brassards de justice', 'equip', 'Wrist', 'a335ee', '28512:2617:0:0:0:0:0:375593134', 'Interface/Icons/INV_Bracer_02', 1, 'Brassards de justice\nLié\nPoignets	Plaques\nArmure : 634\n+22 Endurance\n+22 Intelligence\n+30 aux soins et +10 aux dégâts des sorts\nDurabilité 55 / 55\nNiveau 70 requis\nÉquipé : Augmente de 16 le score de coup critique des sorts.\nÉquipé : Augmente les soins prodigués d''un maximum de 46 et les dégâts d''un maximum de 16 pour tous les sorts et effets magiques.', 70, NULL);
INSERT INTO `roster_items` VALUES(20, 'Vengeance des Illidari', 'equip', 'Trinket1', '0070dd', '28040:0:0:0:0:0:0:215458906', 'Interface/Icons/INV_DataCrystal06', 1, 'Vengeance des Illidari\nLié\nUnique\nBijou\nÉquipé : Augmente de 26 le score de coup critique des sorts.\nUtiliser : Augmente les dégâts des sorts infligés de 120 au maximum et les soins prodigués de 220 au maximum pendant 15 sec. (2 min de recharge)', NULL, NULL);
INSERT INTO `roster_items` VALUES(20, 'Diadème de justicier', 'equip', 'Head', 'a335ee', '29061:3001:2727:2832:0:0:0:0', 'Interface/Icons/INV_Helmet_15', 1, 'Diadème de justicier\nLié\nTête	Plaques\nArmure : 1227\n+32 Endurance\n+33 Intelligence\n+35 aux soins, +12 aux dégâts des sorts et 7 points de mana toutes les 5 sec.\n|cffffffff+18 aux soins et +6 aux dégâts des sorts|r\n|cffffffff+26 aux soins, +9 aux dégâts des sorts et 2% de réduction de la menace|r\n  |cffffffffNécessite plus de gemmes rouge(s) que de bleue(s)|r\nBonus de sertissage : 2 point de mana toutes les 5 sec.\nDurabilité 100 / 100\nClasses : Paladin\nNiveau 70 requis\nÉquipé : Augmente de 28 le score de coup critique des sorts.\nÉquipé : Augmente les soins prodigués d''un maximum de 75 et les dégâts d''un maximum de 25 pour tous les sorts et effets magiques.\n \nGrande tenue de justicier (3/5)\n  Plastron de justicier\n  Diadème de justicier\n  Gants de justicier\n  Jambières de justicier\n  Espauliers de justicier\n \nComplet : Augmente le nombre de points de vie rendus par votre Jugement de lumière de 20.\n(4) Ensemble : Réduit le temps de recharge de votre technique Faveur divine de 15 sec.\n<Maj clic-droit pour sertir>', 70, NULL);
INSERT INTO `roster_items` VALUES(12, 'Essence d''âme', 'Bag4', '12', 'ffffff', '21882:0:0:0:0:0:0:1780371682', 'Interface/Icons/Spell_Shadow_SoulLeech_3', 1, 'Essence d''âme', NULL, NULL);
INSERT INTO `roster_items` VALUES(12, 'Granule de mana', 'Bag4', '13', 'ffffff', '22576:0:0:0:0:0:0:-2127824214', 'Interface/Icons/INV_Elemental_Mote_Mana', 3, 'Granule de mana\nUtiliser : Transforme dix granules de mana en mana primordial.', NULL, NULL);
INSERT INTO `roster_items` VALUES(20, 'Trousseau de clés', 'bags', 'Bag5', '', '', 'Interface/Icons/UI-Button-KeyRing', 20, 'Trousseau de clés\nTrousseau de clés 20 emplacements', NULL, NULL);
INSERT INTO `roster_items` VALUES(20, 'Clé de la prison', 'Bag5', '1', 'ffffff', '11140:0:0:0:0:0:0:1391827518', 'Interface/Icons/INV_Misc_Key_10', 1, 'Clé de la prison\nLié\nUnique\n\\"Diverses runes et inscriptions recouvrent la surface de la clé.\\"', NULL, NULL);
INSERT INTO `roster_items` VALUES(3, 'Minerai de cuivre', 'Bank Bag3', '20', 'ffffff', '2770:0:0:0:0:0:0:1232181150', 'Interface/Icons/INV_Ore_Copper_01', 1, 'Minerai de cuivre\nProspection possible', NULL, NULL);
INSERT INTO `roster_items` VALUES(3, 'Bank Contents', 'bags', 'Bank Bag0', '', '', 'Interface/Icons/INV_Misc_Bag_15', 28, 'Bank Contents', NULL, NULL);
INSERT INTO `roster_items` VALUES(3, 'Rouleau d''étoffe de soie', 'Bank Bag0', '1', 'ffffff', '4305:0:0:0:0:0:0:1677835263', 'Interface/Icons/INV_Fabric_Silk_03', 10, 'Rouleau d''étoffe de soie', NULL, NULL);
INSERT INTO `roster_items` VALUES(3, 'Rouleau d''étoffe de soie', 'Bank Bag0', '2', 'ffffff', '4305:0:0:0:0:0:0:2001590069', 'Interface/Icons/INV_Fabric_Silk_03', 7, 'Rouleau d''étoffe de soie', NULL, NULL);
INSERT INTO `roster_items` VALUES(3, 'Sac de mineur', 'bags', 'Bank Bag1', '1eff00', '30746:0:0:0:0:0:0:0', 'Interface/Icons/INV_Misc_Bag_10_Blue', 20, 'Sac de mineur\nLié\nSac de mineur 20 emplacements', NULL, NULL);
INSERT INTO `roster_items` VALUES(3, 'Vitriol noir', 'Bank Bag0', '15', 'ffffff', '9262:0:0:0:0:0:0:-1858290667', 'Interface/Icons/INV_Misc_Gem_Sapphire_03', 9, 'Vitriol noir', NULL, NULL);
INSERT INTO `roster_items` VALUES(20, 'Barre de cuivre', 'Bank Bag7', '16', 'ffffff', '2840:0:0:0:0:0:0:319628660', 'Interface/Icons/INV_Ingot_02', 20, 'Barre de cuivre', NULL, NULL);
INSERT INTO `roster_items` VALUES(29, 'Plaque de Lamepoing', 'equip', 'Trinket1', '0070dd', '28041:0:0:0:0:0:0:1952462971', 'Interface/Icons/INV_DataCrystal06', 1, 'Plaque de Lamepoing\nLié\nUnique\nBijou\nÉquipé : Augmente de 26 le score de coup critique.\nUtiliser : Augmente la puissance d''attaque de 200 pendant 15 sec. (2 min de recharge)', NULL, NULL);
INSERT INTO `roster_items` VALUES(29, 'Chevalière Solfurie', 'Bag3', '9', 'ffffff', '30810:0:0:0:0:0:0:1077339334', 'Interface/Icons/INV_Jewelry_Ring_36', 16, 'Chevalière Solfurie\n\\"Peut être remise à Shattrath pour prouver que vous avez tué un suivant de Kael''thas de rang élevé.\\"', NULL, NULL);
INSERT INTO `roster_items` VALUES(29, 'Essence d''eau', 'Bag4', '18', '1eff00', '7080:0:0:0:0:0:0:1603222883', 'Interface/Icons/Spell_Nature_Acid_01', 1, 'Essence d''eau', NULL, NULL);
INSERT INTO `roster_items` VALUES(20, 'Minerai de gangrefer', 'Bank Bag6', '9', 'ffffff', '23424:0:0:0:0:0:0:735425210', 'Interface/Icons/INV_Ore_FelIron', 20, 'Minerai de gangrefer', NULL, NULL);
INSERT INTO `roster_items` VALUES(20, 'Minerai de gangrefer', 'Bank Bag6', '10', 'ffffff', '23424:0:0:0:0:0:0:852689393', 'Interface/Icons/INV_Ore_FelIron', 20, 'Minerai de gangrefer', NULL, NULL);
INSERT INTO `roster_items` VALUES(20, 'Sabot-fourchu rôti', 'Bank Bag3', '16', 'ffffff', '27658:0:0:0:0:0:0:1063611252', 'Interface/Icons/INV_Misc_Food_60', 5, 'Sabot-fourchu rôti\nNiveau 55 requis\nUtiliser : Rend 7500 points de vie en 30 sec. Vous devez rester assis pendant que vous mangez. Si vous passez au moins 10 secondes à manger, vous serez \\"bien nourri\\" et vous bénéficierez d''un bonus de 20 à la Force et à l''Esprit pendant 30 min.', 55, NULL);
INSERT INTO `roster_items` VALUES(20, 'Essence d''âme', 'Bank Bag3', '15', 'ffffff', '21882:0:0:0:0:0:0:1834151110', 'Interface/Icons/Spell_Shadow_SoulLeech_3', 20, 'Essence d''âme', NULL, NULL);
INSERT INTO `roster_items` VALUES(20, 'Essence d''âme', 'Bank Bag3', '14', 'ffffff', '21882:0:0:0:0:0:0:1067393397', 'Interface/Icons/Spell_Shadow_SoulLeech_3', 20, 'Essence d''âme', NULL, NULL);
INSERT INTO `roster_items` VALUES(20, 'Vie primordiale', 'Bank Bag3', '12', '1eff00', '21886:0:0:0:0:0:0:937099728', 'Interface/Icons/INV_Elemental_Primal_Life', 5, 'Vie primordiale', NULL, NULL);
INSERT INTO `roster_items` VALUES(20, 'Essence d''âme', 'Bank Bag3', '13', 'ffffff', '21882:0:0:0:0:0:0:942725375', 'Interface/Icons/Spell_Shadow_SoulLeech_3', 2, 'Essence d''âme', NULL, NULL);
INSERT INTO `roster_items` VALUES(20, 'Mana primordial', 'Bank Bag3', '10', '1eff00', '22457:0:0:0:0:0:0:1134898818', 'Interface/Icons/INV_Elemental_Primal_Mana', 11, 'Mana primordial', NULL, NULL);
INSERT INTO `roster_items` VALUES(12, 'Minerai de thorium', 'Bag4', '5', 'ffffff', '10620:0:0:0:0:0:0:1374885944', 'Interface/Icons/INV_Ore_Thorium_02', 20, 'Minerai de thorium', NULL, NULL);
INSERT INTO `roster_items` VALUES(12, 'Ration naaru', 'Bag4', '4', 'ffffff', '34780:0:0:0:0:0:0:0', 'Interface/Icons/INV_Misc_Food_95_Grainbread', 12, 'Ration naaru\nLié\nNiveau 65 requis\nRequiert Opération Soleil brisé - Amicale\nUtiliser : Rend 7500 points de vie et 7200 points de mana en 30 sec. Vous devez rester assis pendant que vous mangez.', 65, NULL);
INSERT INTO `roster_items` VALUES(20, 'Fragment élémentaire', 'Bag2', '7', '9d9d9d', '24508:0:0:0:0:0:0:1181801316', 'Interface/Icons/INV_DataCrystal03', 2, 'Fragment élémentaire', NULL, NULL);
INSERT INTO `roster_items` VALUES(20, 'Protège-épaules entrelacées', 'Bag2', '8', '9d9d9d', '3798:0:0:0:0:0:0:689392638', 'Interface/Icons/INV_Shoulder_09', 1, 'Protège-épaules entrelacées\nÉpaule	Tissu\nArmure : 31\nDurabilité 45 / 45\nNiveau 30 requis', 30, NULL);
INSERT INTO `roster_items` VALUES(20, 'Perles de guerre d''obsidienne', 'Bank Bag1', '9', 'ffffff', '25433:0:0:0:0:0:0:-1647083277', 'Interface/Icons/INV_Jewelry_Necklace_19', 18, 'Perles de guerre d''obsidienne\nLié', NULL, NULL);
INSERT INTO `roster_items` VALUES(20, 'Parchemin perdu dans le temps', 'Bank Bag1', '11', 'ffffff', '32620:0:0:0:0:0:0:1459358292', 'Interface/Icons/INV_Misc_Note_06', 3, 'Parchemin perdu dans le temps\n\\"Des symboles ténébreux recouvrent le parchemin, où pulse de l''énergie.\\"', NULL, NULL);
INSERT INTO `roster_items` VALUES(56, 'Echarpe de Serpentra', 'equip', 'Waist', '0070dd', '27795:0:0:0:0:0:0:-1833680310', 'Interface/Icons/INV_Belt_13', 1, 'Echarpe de Serpentra\nLié\nTaille	Tissu\nArmure : 88\n+31 Endurance\n+21 Intelligence\nDurabilité 30 / 30\nNiveau 70 requis\nÉquipé : Augmente de 17 le score de toucher des sorts.\nÉquipé : Augmente les dégâts et les soins produits par les sorts et effets magiques de 25 au maximum.', 70, NULL);
INSERT INTO `roster_items` VALUES(20, 'Silex et amadou', 'Bag2', '9', 'ffffff', '4471:0:0:0:0:0:0:0', 'Interface/Icons/INV_Stone_11', 1, 'Silex et amadou', NULL, NULL);
INSERT INTO `roster_items` VALUES(12, 'Flèche mystérieuse', 'Bag1', '17', 'a335ee', '34581:0:0:0:0:0:0:0', 'Interface/Icons/INV_Misc_Ammo_Arrow_02', 200, 'Flèche mystérieuse\nLié\nProjectile	Flèche\nAjoute 46,5 dégâts par seconde\nNiveau 70 requis\nRequiert L''Œil pourpre - Révérée', 70, NULL);
INSERT INTO `roster_items` VALUES(12, 'Flèche mystérieuse', 'Bag1', '16', 'a335ee', '34581:0:0:0:0:0:0:0', 'Interface/Icons/INV_Misc_Ammo_Arrow_02', 200, 'Flèche mystérieuse\nLié\nProjectile	Flèche\nAjoute 46,5 dégâts par seconde\nNiveau 70 requis\nRequiert L''Œil pourpre - Révérée', 70, NULL);
INSERT INTO `roster_items` VALUES(12, 'Poudre d''explosion élémentaire', 'Bank Bag0', '12', 'ffffff', '23781:0:0:0:0:0:0:-2091202676', 'Interface/Icons/Inv_Misc_ammo_Gunpowder_07', 20, 'Poudre d''explosion élémentaire', NULL, NULL);
INSERT INTO `roster_items` VALUES(12, 'Poignée de boulons en gangrefer', 'Bank Bag0', '10', 'ffffff', '23783:0:0:0:0:0:0:-718747726', 'Interface/Icons/INV_Gizmo_FelIronBolts', 10, 'Poignée de boulons en gangrefer', NULL, NULL);
INSERT INTO `roster_items` VALUES(12, 'Poignée de boulons en gangrefer', 'Bank Bag0', '11', 'ffffff', '23783:0:0:0:0:0:0:267503997', 'Interface/Icons/INV_Gizmo_FelIronBolts', 4, 'Poignée de boulons en gangrefer', NULL, NULL);
INSERT INTO `roster_items` VALUES(29, 'Tome des arcanes', 'Bag0', '13', '1eff00', '29739:0:0:0:0:0:0:2112731732', 'Interface/Icons/INV_Misc_Book_07', 1, 'Tome des arcanes\n\\"Cet objet devrait intéresser les Clairvoyants de la Bibliothèque du Voyant.\\"', NULL, NULL);
INSERT INTO `roster_items` VALUES(29, 'Clé de la prison de l''Ethereum', 'Bag5', '7', '1eff00', '29460:0:0:0:0:0:0:1923068162', 'Interface/Icons/INV_Qiraj_JewelEncased', 1, 'Clé de la prison de l''Ethereum\nUtiliser : Déverrouille les prisons de l''Ethereum.', NULL, NULL);
INSERT INTO `roster_items` VALUES(12, 'Micro-ajusteur gyromatique', 'Bag2', '20', 'ffffff', '10498:0:0:0:0:0:0:542185239', 'Interface/Icons/INV_Misc_ScrewDriver_02', 1, 'Micro-ajusteur gyromatique\n|cff00ff00<Artisan : Azeleen>|r', NULL, NULL);
INSERT INTO `roster_items` VALUES(56, 'Potion de soins majeure', 'Bag0', '4', 'ffffff', '13446:0:0:0:0:0:0:0', 'Interface/Icons/INV_Potion_54', 3, 'Potion de soins majeure\nNiveau 45 requis\nUtiliser : Rend 1050 à 1750 points de vie.', 45, NULL);
INSERT INTO `roster_items` VALUES(56, 'Energie de néangon en bouteille', 'Bag0', '5', 'ffffff', '32902:0:0:0:0:0:0:560925320', 'Interface/Icons/INV_Potion_156', 2, 'Energie de néangon en bouteille\nNiveau 55 requis\nUtiliser : Rend 1800 à 3000 points de mana.\n\nNe fonctionne qu''à l''intérieur du Donjon de la Tempête : l''Oeil, l''Arcatraz, la Botanica, le Méchanar.\n\\"À insérer dans le réceptacle d''énergie le plus proche.\\"', 55, NULL);
INSERT INTO `roster_items` VALUES(56, 'Broche du potentiel augmenté', 'equip', 'Neck', '0070dd', '28134:0:0:0:0:0:0:1942768821', 'Interface/Icons/INV_Jewelry_Necklace_27', 1, 'Broche du potentiel augmenté\nLié\nCou\n+15 Endurance\n+14 Intelligence\nNiveau 68 requis\nÉquipé : Augmente de 9 le score de toucher des sorts.\nÉquipé : Augmente de 14 le score de coup critique des sorts.\nÉquipé : Augmente les dégâts et les soins produits par les sorts et effets magiques de 22 au maximum.', 68, NULL);
INSERT INTO `roster_items` VALUES(3, 'Pierre d''aube', 'Bank Bag2', '19', '0070dd', '23440:0:0:0:0:0:0:-1611785584', 'Interface/Icons/INV_Jewelcrafting_Dawnstone_02', 2, 'Pierre d''aube', NULL, NULL);
INSERT INTO `roster_items` VALUES(3, 'Talasite', 'Bank Bag2', '18', '0070dd', '23437:0:0:0:0:0:0:912530289', 'Interface/Icons/INV_Jewelcrafting_Talasite_02', 2, 'Talasite', NULL, NULL);
INSERT INTO `roster_items` VALUES(20, 'Chevalière flamboyante', 'Bag1', '2', 'ffffff', '31751:0:0:0:0:0:0:1105810505', 'Interface/Icons/Spell_Fire_Burnout', 1, 'Chevalière flamboyante\nObjet de quête\nUnique', NULL, NULL);
INSERT INTO `roster_items` VALUES(20, 'Relique d''Oshu''gun', 'Bag1', '3', '1eff00', '25634:0:0:0:0:0:0:1344701560', 'Interface/Icons/INV_Jewelry_Talisman_06', 1, 'Relique d''Oshu''gun\nLié\nBijou\nÉquipé : Augmente les soins prodigués d''un maximum de 53 et les dégâts d''un maximum de 18 pour tous les sorts et effets magiques.\nUtiliser : Augmente les soins prodigués par les sorts et effets d’un maximum de 213 et les dégâts des sorts d''un maximum de 71 pendant 20 sec. (2 min de recharge)', NULL, NULL);
INSERT INTO `roster_items` VALUES(29, 'Eau primordiale', 'Bank Bag2', '11', '1eff00', '21885:0:0:0:0:0:0:57337440', 'Interface/Icons/INV_Elemental_Primal_Water', 2, 'Eau primordiale', NULL, NULL);
INSERT INTO `roster_items` VALUES(29, 'Echantillon de poudre de cristal d''Oshu''gun', 'Bank Bag2', '12', 'ffffff', '26043:0:0:0:0:0:0:1869136452', 'Interface/Icons/INV_Enchant_DustVision', 100, 'Echantillon de poudre de cristal d''Oshu''gun\nLié\nUnique (100)\n\\"Vous pouvez rendre 20 de ces objets au directeur de recherches Kartos à Halaa, si l''Alliance contrôle la base.\\"', NULL, NULL);
INSERT INTO `roster_items` VALUES(20, 'Clé de l''Arcatraz', 'Bag5', '15', 'ffffff', '31084:0:0:0:0:0:0:1048187040', 'Interface/Icons/INV_DataCrystal03', 1, 'Clé de l''Arcatraz\nLié\nUnique\n\\"Ouvre le satellite Arcatraz du donjon de la Tempête.\\"', NULL, NULL);
INSERT INTO `roster_items` VALUES(20, 'Clé dimensionnelle', 'Bag5', '16', 'ffffff', '30634:0:0:0:0:0:0:0', 'Interface/Icons/INV_Misc_Key_09', 1, 'Clé dimensionnelle\nLié\nUnique\nRequiert Les Sha''tar - Honoré\n\\"Déverrouille le mode héroïque pour les instances du donjon de la Tempête.\\"', NULL, NULL);
INSERT INTO `roster_items` VALUES(20, 'Clé des Salles brisées', 'Bag5', '17', 'ffffff', '28395:0:0:0:0:0:0:689516876', 'Interface/Icons/INV_Misc_Key_02', 1, 'Clé des Salles brisées\nLié\nUnique', NULL, NULL);
INSERT INTO `roster_items` VALUES(20, 'Clé du Temps', 'Bag5', '18', 'ffffff', '30635:0:0:0:0:0:0:0', 'Interface/Icons/INV_Misc_Key_04', 1, 'Clé du Temps\nLié\nUnique\nRequiert Gardiens du Temps - Honoré\n\\"Déverrouille le mode héroïque pour les instances des Grottes du temps.\\"', NULL, NULL);
INSERT INTO `roster_items` VALUES(20, 'Croc de Gezzarak', 'equip', 'Neck', '0070dd', '32531:0:0:0:0:0:0:-1818948205', 'Interface/Icons/INV_Jewelry_Necklace_09', 1, 'Croc de Gezzarak\nLié\nCou\n+15 Intelligence\nNiveau 70 requis\nÉquipé : Augmente les soins prodigués d''un maximum de 57 et les dégâts d''un maximum de 19 pour tous les sorts et effets magiques.\nÉquipé : Rend 4 points de mana toutes les 5 sec.', 70, NULL);
INSERT INTO `roster_items` VALUES(29, 'Côtelettes de raptor', 'Bag1', '2', 'ffffff', '31670:0:0:0:0:0:0:1725882070', 'Interface/Icons/INV_Misc_Food_16', 4, 'Côtelettes de raptor', NULL, NULL);
INSERT INTO `roster_items` VALUES(20, 'Elixir de sagesse draenique', 'Bag4', '11', 'ffffff', '32067:0:0:0:0:0:0:1113916156', 'Interface/Icons/INV_Potion_155', 4, 'Elixir de sagesse draenique\nNiveau 50 requis\nUtiliser : Augmente l''Intelligence et l''Esprit de 30 pendant 1 heure. Elixir du Gardien.', 50, NULL);
INSERT INTO `roster_items` VALUES(20, 'Potion de super-mana', 'Bag4', '13', 'ffffff', '22832:0:0:0:0:0:0:297260985', 'Interface/Icons/INV_Potion_137', 5, 'Potion de super-mana\nNiveau 55 requis\nUtiliser : Rend 1800 à 3000 points de mana.', 55, NULL);
INSERT INTO `roster_items` VALUES(29, 'Diamant tonneterre', 'Bag3', '10', '0070dd', '25867:0:0:0:0:0:0:1830466524', 'Interface/Icons/INV_Misc_Gem_Diamond_04', 1, 'Diamant tonneterre', NULL, NULL);
INSERT INTO `roster_items` VALUES(3, 'Barre de vrai-argent', 'Bank Bag1', '17', '1eff00', '6037:0:0:0:0:0:0:1024165811', 'Interface/Icons/INV_Ingot_08', 4, 'Barre de vrai-argent', NULL, NULL);
INSERT INTO `roster_items` VALUES(3, 'Pierre dense', 'Bank Bag1', '20', 'ffffff', '12365:0:0:0:0:0:0:1927651142', 'Interface/Icons/INV_Misc_StoneTablet_07', 11, 'Pierre dense', NULL, NULL);
INSERT INTO `roster_items` VALUES(3, 'Pierre dense', 'Bank Bag1', '8', 'ffffff', '12365:0:0:0:0:0:0:1430367002', 'Interface/Icons/INV_Misc_StoneTablet_07', 20, 'Pierre dense', NULL, NULL);
INSERT INTO `roster_items` VALUES(3, 'Barre d''or', 'Bank Bag1', '9', '1eff00', '3577:0:0:0:0:0:0:842199770', 'Interface/Icons/INV_Ingot_03', 18, 'Barre d''or', NULL, NULL);
INSERT INTO `roster_items` VALUES(20, 'Steak de talbuk', 'Bank Bag0', '19', 'ffffff', '27660:0:0:0:0:0:0:1486929126', 'Interface/Icons/INV_Misc_Food_84_RoastClefthoof', 20, 'Steak de talbuk\nNiveau 55 requis\nUtiliser : Rend 7500 points de vie en 30 sec. Vous devez rester assis pendant que vous mangez. Si vous passez au moins 10 secondes à manger, vous serez \\"bien nourri\\" et vous bénéficierez d''un bonus de 20 à l''Endurance et à l''Esprit pendant 30 min.', 55, NULL);
INSERT INTO `roster_items` VALUES(20, 'Cristal de vide', 'Bank Bag0', '18', 'a335ee', '22450:0:0:0:0:0:0:1917651202', 'Interface/Icons/INV_Enchant_VoidCrystal', 4, 'Cristal de vide', NULL, NULL);
INSERT INTO `roster_items` VALUES(3, 'Draénite dorée', 'Bank Bag0', '4', '1eff00', '23112:0:0:0:0:0:0:624231021', 'Interface/Icons/INV_Misc_Gem_GoldenDraenite_03', 1, 'Draénite dorée', NULL, NULL);
INSERT INTO `roster_items` VALUES(3, 'Minerai de thorium', 'Bank Bag3', '18', 'ffffff', '10620:0:0:0:0:0:0:1617929930', 'Interface/Icons/INV_Ore_Thorium_02', 15, 'Minerai de thorium\nProspection possible', NULL, NULL);
INSERT INTO `roster_items` VALUES(20, 'Truite épineuse', 'Bag3', '1', 'ffffff', '27422:0:0:0:0:0:0:1327365824', 'Interface/Icons/INV_Misc_Fish_37', 1, 'Truite épineuse', NULL, NULL);
INSERT INTO `roster_items` VALUES(20, 'Rouleau de tisse-néant', 'Bag3', '10', 'ffffff', '21840:0:0:0:0:0:0:1904923108', 'Interface/Icons/INV_Fabric_Netherweave_Bolt', 10, 'Rouleau de tisse-néant', NULL, NULL);
INSERT INTO `roster_items` VALUES(20, 'Rênes de drake de l''Aile-du-Néant azur', 'Bag0', '2', 'a335ee', '32858:0:0:0:0:0:0:1058899303', 'Interface/Icons/Ability_Mount_NetherdrakePurple', 1, 'Rênes de drake de l''Aile-du-Néant azur\nLié\nUnique\nNiveau 70 requis\nMonte (300) requis\nUtiliser : Invoque et renvoie un drake du Néant. C''est une monture très rapide. Elle ne peut être invoquée qu''en Outreterre.', 70, NULL);
INSERT INTO `roster_items` VALUES(20, 'Barre de vrai-argent', 'Bank Bag7', '11', '1eff00', '6037:0:0:0:0:0:0:1702771696', 'Interface/Icons/INV_Ingot_08', 2, 'Barre de vrai-argent', NULL, NULL);
INSERT INTO `roster_items` VALUES(20, 'Minerai de cuivre', 'Bank Bag7', '12', 'ffffff', '2770:0:0:0:0:0:0:-2043511877', 'Interface/Icons/INV_Ore_Copper_01', 20, 'Minerai de cuivre', NULL, NULL);
INSERT INTO `roster_items` VALUES(20, 'Minerai de vrai-argent', 'Bank Bag7', '13', '1eff00', '7911:0:0:0:0:0:0:896167490', 'Interface/Icons/INV_Ore_TrueSilver_01', 10, 'Minerai de vrai-argent', NULL, NULL);
INSERT INTO `roster_items` VALUES(20, 'Barre de cuivre', 'Bank Bag7', '14', 'ffffff', '2840:0:0:0:0:0:0:1318408189', 'Interface/Icons/INV_Ingot_02', 12, 'Barre de cuivre', NULL, NULL);
INSERT INTO `roster_items` VALUES(20, 'Barre de cuivre', 'Bank Bag7', '15', 'ffffff', '2840:0:0:0:0:0:0:585539276', 'Interface/Icons/INV_Ingot_02', 20, 'Barre de cuivre', NULL, NULL);
INSERT INTO `roster_items` VALUES(20, 'Palmes de sporielles éternelles', 'Bank Bag2', '12', '0070dd', '28111:0:0:0:0:0:0:1339479884', 'Interface/Icons/INV_Misc_Herb_11a', 1, 'Palmes de sporielles éternelles\nLié\nUtiliser : Crée 10 Cosses de sporielle comestibles. (12 heures de recharge)', NULL, NULL);
INSERT INTO `roster_items` VALUES(20, 'Poisson-chat aileron-de-sang', 'Bank Bag0', '2', 'ffffff', '33823:0:0:0:0:0:0:319855236', 'Interface/Icons/INV_Misc_Fish_29', 20, 'Poisson-chat aileron-de-sang', NULL, NULL);
INSERT INTO `roster_items` VALUES(20, 'Anguille électrique', 'Bank Bag0', '3', 'ffffff', '13757:0:0:0:0:0:0:1607923258', 'Interface/Icons/INV_Misc_Fish_12', 7, 'Anguille électrique', NULL, NULL);
INSERT INTO `roster_items` VALUES(20, 'Enorme gangre-queue tacheté', 'Bank Bag0', '4', 'ffffff', '27515:0:0:0:0:0:0:1164345267', 'Interface/Icons/INV_Misc_Fish_39', 2, 'Enorme gangre-queue tacheté\nTenu(e) en main gauche', NULL, NULL);
INSERT INTO `roster_items` VALUES(20, 'Poisson-chat aileron-de-sang', 'Bank Bag0', '5', 'ffffff', '33823:0:0:0:0:0:0:1871970058', 'Interface/Icons/INV_Misc_Fish_29', 1, 'Poisson-chat aileron-de-sang', NULL, NULL);
INSERT INTO `roster_items` VALUES(20, 'Gangre-queue tacheté', 'Bank Bag0', '6', 'ffffff', '27425:0:0:0:0:0:0:895909811', 'Interface/Icons/INV_Misc_Fish_39', 4, 'Gangre-queue tacheté', NULL, NULL);
INSERT INTO `roster_items` VALUES(20, 'Truite au beurre blanc', 'Bank Bag0', '7', 'ffffff', '33053:0:0:0:0:0:0:1816473963', 'Interface/Icons/INV_Misc_Food_76', 2, 'Truite au beurre blanc\nNiveau 65 requis\nUtiliser : Rend 7500 points de vie et 7200 points de mana en 30 sec. Vous devez rester assis pendant que vous mangez.', 65, NULL);
INSERT INTO `roster_items` VALUES(20, 'Festin du pêcheur', 'Bank Bag0', '8', 'ffffff', '33052:0:0:0:0:0:0:48659262', 'Interface/Icons/INV_Misc_Food_88_RavagerNuggets', 3, 'Festin du pêcheur\nNiveau 65 requis\nUtiliser : Rend 7500 points de vie en 30 sec. Vous devez rester assis pendant que vous mangez. Si vous passez au moins 10 secondes à manger, vous serez \\"bien nourri\\" et vous bénéficierez d''un bonus de 30 à l''Endurance et de 20 à l''Esprit pendant 30 min.', 65, NULL);
INSERT INTO `roster_items` VALUES(20, 'Enorme truite épineuse', 'Bank Bag0', '9', 'ffffff', '27516:0:0:0:0:0:0:785940568', 'Interface/Icons/INV_Misc_Fish_37', 4, 'Enorme truite épineuse\nTenu(e) en main gauche', NULL, NULL);
INSERT INTO `roster_items` VALUES(20, 'Huile de mana excellente', 'Bag0', '14', 'ffffff', '22521:0:0:0:0:0:0:2123335588', 'Interface/Icons/INV_Potion_101', 1, 'Huile de mana excellente\nNiveau 52 requis\nUtiliser : Lorsqu''elle est appliquée sur l''arme cible, elle rend 14 points de mana au lanceur de sorts toutes les 5 secondes. Dure 1 heure.\n3 charges\n|cff00ff00<Artisan : Urandhal>|r', 52, NULL);
INSERT INTO `roster_items` VALUES(20, 'Défense de troll des forêts', 'Bag0', '13', 'ffffff', '33106:0:0:0:0:0:0:1500201270', 'Interface/Icons/INV_Misc_Bone_06', 1, 'Défense de troll des forêts\nObjet de quête', NULL, NULL);
INSERT INTO `roster_items` VALUES(20, 'Etoffe de tisse-néant', 'Bag0', '10', 'ffffff', '21877:0:0:0:0:0:0:819823128', 'Interface/Icons/INV_Fabric_Netherweave', 12, 'Etoffe de tisse-néant', NULL, NULL);
INSERT INTO `roster_items` VALUES(20, 'Sac à dos', 'bags', 'Bag0', '', '', 'Interface/Icons/Button-Backpack-Up', 16, 'Sac à dos\nSac 16 emplacements', NULL, NULL);
INSERT INTO `roster_items` VALUES(20, 'Pierre de foyer', 'Bag0', '1', 'ffffff', '6948:0:0:0:0:0:0:0', 'Interface/Icons/INV_Misc_Rune_01', 1, 'Pierre de foyer\nLié\nUnique\nUtiliser : Vous renvoie à Shattrath. Parlez à l''aubergiste d''une autre ville pour changer votre foyer. (1 heure de recharge)', NULL, NULL);
INSERT INTO `roster_items` VALUES(20, 'Chevalière pourpre du grand guérisseur', 'equip', 'Finger0', 'a335ee', '29290:0:0:0:0:0:0:285052800', 'Interface/Icons/INV_Jewelry_Ring_62', 1, 'Chevalière pourpre du grand guérisseur\nLié\nUnique\nDoigt\n+24 Endurance\n+23 Intelligence\n+17 Esprit\nÉquipé : Augmente les soins prodigués d''un maximum de 55 et les dégâts d''un maximum de 19 pour tous les sorts et effets magiques.', NULL, NULL);
INSERT INTO `roster_items` VALUES(29, 'Granule d''air', 'Bag1', '3', 'ffffff', '22572:0:0:0:0:0:0:1160704024', 'Interface/Icons/INV_Elemental_Mote_Air01', 8, 'Granule d''air\nUtiliser : Transforme dix granules d’air en air primordial.', NULL, NULL);
INSERT INTO `roster_items` VALUES(29, 'Tubercule d''agilité d''Oronok', 'Bag1', '4', 'ffffff', '30358:0:0:0:0:0:0:969573405', 'Interface/Icons/INV_Misc_Food_55', 20, 'Tubercule d''agilité d''Oronok\nLié\nNiveau 65 requis\nUtiliser : Rend 7500 points de vie en 30 sec. Vous devez rester assis pendant que vous mangez. Si vous passez au moins 10 secondes à manger, vous serez \\"bien nourri\\" et vous bénéficierez d''un bonus de 20 à l''Agilité et à l''Esprit pendant 30 min.', 65, NULL);
INSERT INTO `roster_items` VALUES(20, 'Espauliers du chercheur de justice', 'Bag1', '12', 'a335ee', '28666:2979:0:0:0:0:0:1673308644', 'Interface/Icons/INV_Shoulder_35', 1, 'Espauliers du chercheur de justice\nLié\nÉpaule	Plaques\nArmure : 1087\n+23 Endurance\n+26 Intelligence\n+29 aux soins\nDurabilité 100 / 100\nNiveau 70 requis\nÉquipé : Augmente de 22 le score de coup critique des sorts.\nÉquipé : Augmente les soins prodigués d''un maximum de 57 et les dégâts d''un maximum de 19 pour tous les sorts et effets magiques.\nÉquipé : Rend 7 points de mana toutes les 5 sec.', 70, NULL);
INSERT INTO `roster_items` VALUES(20, 'Marque de Sargeras', 'Bag1', '15', 'ffffff', '30809:0:0:0:0:0:0:1262882690', 'Interface/Icons/Spell_Shadow_DemonicFortitude', 7, 'Marque de Sargeras\n\\"Peut être remise à Shattrath pour prouver que vous avez tué un suivant de la Légion ardente de rang élevé.\\"', NULL, NULL);
INSERT INTO `roster_items` VALUES(20, 'Sac à dos de voyageur', 'bags', 'Bag2', '1eff00', '4500:0:0:0:0:0:0:1640478160', 'Interface/Icons/INV_Misc_Bag_08', 16, 'Sac à dos de voyageur\nConteneur 16 emplacements', NULL, NULL);
INSERT INTO `roster_items` VALUES(29, 'Granule d''ombre', 'Bank Bag1', '10', 'ffffff', '22577:0:0:0:0:0:0:1775761176', 'Interface/Icons/INV_Elemental_Mote_Shadow01', 8, 'Granule d''ombre\nUtiliser : Transforme dix Granules d’ombre en ombre primordiale.', NULL, NULL);
INSERT INTO `roster_items` VALUES(29, 'Sac en tisse-néant', 'bags', 'Bank Bag1', '1eff00', '21841:0:0:0:0:0:0:2039733494', 'Interface/Icons/INV_Misc_Bag_23_Netherweave', 16, 'Sac en tisse-néant\nLié\nConteneur 16 emplacements', NULL, NULL);
INSERT INTO `roster_items` VALUES(29, 'Mana primordial', 'Bank Bag1', '1', '1eff00', '22457:0:0:0:0:0:0:1324708970', 'Interface/Icons/INV_Elemental_Primal_Mana', 1, 'Mana primordial', NULL, NULL);
INSERT INTO `roster_items` VALUES(29, 'Granule de feu', 'Bank Bag1', '2', 'ffffff', '22574:0:0:0:0:0:0:1978386018', 'Interface/Icons/INV_Elemental_Mote_Fire01', 5, 'Granule de feu\nUtiliser : Transforme dix granules de feu en feu primordial.', NULL, NULL);
INSERT INTO `roster_items` VALUES(29, 'Granule de vie', 'Bank Bag1', '3', 'ffffff', '22575:0:0:0:0:0:0:771429384', 'Interface/Icons/INV_Elemental_Mote_Life01', 6, 'Granule de vie\nUtiliser : Transforme dix granules de vie en vie primordiale.', NULL, NULL);
INSERT INTO `roster_items` VALUES(29, 'Granule de terre', 'Bank Bag1', '4', 'ffffff', '22573:0:0:0:0:0:0:1831658655', 'Interface/Icons/INV_Elemental_Mote_Earth01', 10, 'Granule de terre\nUtiliser : Transforme dix granules de terre en terre primordiale.', NULL, NULL);
INSERT INTO `roster_items` VALUES(29, 'Chevalière Aile-de-feu', 'Bank Bag1', '5', 'ffffff', '29426:0:0:0:0:0:0:1459677380', 'Interface/Icons/INV_Jewelry_Ring_23', 7, 'Chevalière Aile-de-feu\n\\"Peut être remise à Shattrath pour prouver que vous avez tué un suivant de Kael''thas de rang inférieur.\\"', NULL, NULL);
INSERT INTO `roster_items` VALUES(29, 'Granule de terre', 'Bank Bag1', '6', 'ffffff', '22573:0:0:0:0:0:0:2059488874', 'Interface/Icons/INV_Elemental_Mote_Earth01', 2, 'Granule de terre\nUtiliser : Transforme dix granules de terre en terre primordiale.', NULL, NULL);
INSERT INTO `roster_items` VALUES(29, 'Draénite ombreuse', 'Bank Bag1', '7', '1eff00', '23107:0:0:0:0:0:0:991886282', 'Interface/Icons/INV_Misc_Gem_EbonDraenite_03', 1, 'Draénite ombreuse', NULL, NULL);
INSERT INTO `roster_items` VALUES(29, 'Granule d''air', 'Bank Bag1', '8', 'ffffff', '22572:0:0:0:0:0:0:922801294', 'Interface/Icons/INV_Elemental_Mote_Air01', 3, 'Granule d''air\nUtiliser : Transforme dix granules d’air en air primordial.', NULL, NULL);
INSERT INTO `roster_items` VALUES(29, 'Marque de Kil''jaeden', 'Bank Bag1', '9', 'ffffff', '29425:0:0:0:0:0:0:570665743', 'Interface/Icons/Spell_Shadow_DemonicFortitude', 40, 'Marque de Kil''jaeden\n\\"Peut être remise à Shattrath pour prouver que vous avez tué un suivant de la Légion ardente de rang inférieur.\\"', NULL, NULL);
INSERT INTO `roster_items` VALUES(29, 'Energie de néangon en bouteille', 'Bank Bag0', '11', 'ffffff', '32902:0:0:0:0:0:0:1496033488', 'Interface/Icons/INV_Potion_156', 3, 'Energie de néangon en bouteille\nNiveau 55 requis\nUtiliser : Rend 1800 à 3000 points de mana.\n\nNe fonctionne qu''à l''intérieur du Donjon de la Tempête : l''Oeil, l''Arcatraz, la Botanica, le Méchanar.\n\\"À insérer dans le réceptacle d''énergie le plus proche.\\"', 55, NULL);
INSERT INTO `roster_items` VALUES(29, 'Coffret-fort', 'Bank Bag0', '10', 'ffffff', '29569:0:0:0:0:0:0:287817352', 'Interface/Icons/INV_Box_02', 1, 'Coffret-fort\n<Clic droit pour ouvrir>', NULL, NULL);
INSERT INTO `roster_items` VALUES(29, 'Chevalière Solfurie', 'Bank Bag0', '9', 'ffffff', '30810:0:0:0:0:0:0:1429108517', 'Interface/Icons/INV_Jewelry_Ring_36', 36, 'Chevalière Solfurie\n\\"Peut être remise à Shattrath pour prouver que vous avez tué un suivant de Kael''thas de rang élevé.\\"', NULL, NULL);
INSERT INTO `roster_items` VALUES(29, 'Casse-tête affamé en os', 'Bank Bag0', '8', '0070dd', '25773:0:0:0:0:0:0:316830790', 'Interface/Icons/INV_Mace_09', 1, 'Casse-tête affamé en os\nLié\nÀ une main	Masse\nDégâts: 67 - 126	Vitesse 1.60\n(60.3 dégâts par seconde)\n+12 Agilité\n+18 Endurance\nDurabilité 90 / 90\nÉquipé : Augmente de 26 la puissance d''attaque.', NULL, NULL);
INSERT INTO `roster_items` VALUES(56, 'Grenat sanguin', 'Bank Bag6', '5', '1eff00', '23077:0:0:0:0:0:0:1198313256', 'Interface/Icons/INV_Misc_Gem_BloodGem_03', 20, 'Grenat sanguin', NULL, NULL);
INSERT INTO `roster_items` VALUES(12, 'Poudre noire solide', 'Bag2', '5', 'ffffff', '10505:0:0:0:0:0:0:1382812082', 'Interface/Icons/INV_Misc_Powder_Black', 11, 'Poudre noire solide', NULL, NULL);
INSERT INTO `roster_items` VALUES(12, 'Pendentif de la fin des ombres', 'Bag2', '6', '0070dd', '24097:0:0:0:0:0:0:189517972', 'Interface/Icons/INV_Jewelry_Necklace_33', 1, 'Pendentif de la fin des ombres\nLié\nCou\n+18 Endurance\n+30 à la résistance Ombre\nNiveau 70 requis\nUtiliser : Absorbe 900 à 2700 points de dégâts d''Ombre sur tous les membres du groupe à proximité. Dure 5 min. (1 h de recharge)\n8 charges\n|cff00ff00<Artisan : Caradriel>|r', 70, NULL);
INSERT INTO `roster_items` VALUES(20, 'Marque d''honneur de l''Oeil du cyclone', 'Bank Bag1', '2', '1eff00', '29024:0:0:0:0:0:0:1319101789', 'Interface/Icons/Spell_Nature_EyeOfTheStorm', 2, 'Marque d''honneur de l''Oeil du cyclone\nLié\nUnique (100)\n\\"Médaille accordée à ceux qui ont combattu dans l’Œil du cyclone\\"', NULL, NULL);
INSERT INTO `roster_items` VALUES(20, 'Marque d''honneur du goulet des Chanteguerres', 'Bank Bag1', '1', '1eff00', '20558:0:0:0:0:0:0:1737915113', 'Interface/Icons/INV_Misc_Rune_07', 35, 'Marque d''honneur du goulet des Chanteguerres\nLié\nUnique (100)\n\\"Une médaille accordée aux combattants du goulet des Chanteguerres\\"', NULL, NULL);
INSERT INTO `roster_items` VALUES(20, 'Sac rapiécé en étoffe maléficiée', 'bags', 'Bag3', '0070dd', '34067:0:0:0:0:0:0:1556127627', 'Interface/Icons/INV_Misc_Bag_12', 20, 'Sac rapiécé en étoffe maléficiée\nLié\nConteneur 20 emplacements\n\\"Fait de morceaux de tissus récupérés dans les profondeurs de Zul''Aman.\\"', NULL, NULL);
INSERT INTO `roster_items` VALUES(12, 'Hibiscus sanguin', 'Bank Bag0', '19', 'ffffff', '24246:0:0:0:0:0:0:591630844', 'Interface/Icons/INV_Misc_Herb_19', 22, 'Hibiscus sanguin\n\\"Il a certainement une fragrance « passionnée ».\\"', NULL, NULL);
INSERT INTO `roster_items` VALUES(29, 'Convertisseur de puissance', 'Bag1', '16', 'ffffff', '30690:0:0:0:0:0:0:616437024', 'Interface/Icons/INV_Battery_02', 1, 'Convertisseur de puissance\nLié\nUtiliser : Détruit des assemblages technologiques terrifiants. (5 min de recharge)\n\\"La meilleure alternative à un cursus académique.\\"', NULL, NULL);
INSERT INTO `roster_items` VALUES(29, 'Bottes en tissu dépenaillé', 'Bag1', '15', '9d9d9d', '25342:0:0:0:0:0:0:748202340', 'Interface/Icons/INV_Boots_09', 1, 'Bottes en tissu dépenaillé\nPieds	Tissu\nArmure : 57\nDurabilité 35 / 35\nNiveau 67 requis', 67, NULL);
INSERT INTO `roster_items` VALUES(29, 'Clé de la prison du Voile Skith', 'Bag5', '4', 'ffffff', '31655:0:0:0:0:0:0:1196701865', 'Interface/Icons/INV_Misc_Key_08', 1, 'Clé de la prison du Voile Skith\nObjet de quête\nUtiliser : Déverrouille les cages du Voile Skith.', NULL, NULL);
INSERT INTO `roster_items` VALUES(29, 'Clé de la faille de Norsevent', 'Bag5', '5', 'ffffff', '25509:0:0:0:0:0:0:-2077897594', 'Interface/Icons/INV_Misc_Key_11', 1, 'Clé de la faille de Norsevent\nObjet de quête\nUnique\nUtiliser : Déverrouille la prison de Corki.', NULL, NULL);
INSERT INTO `roster_items` VALUES(29, 'Clé du camp Colère', 'Bag5', '6', 'ffffff', '31536:0:0:0:0:0:0:1088976752', 'Interface/Icons/INV_Misc_Key_11', 3, 'Clé du camp Colère\nObjet de quête\nUnique (5)', NULL, NULL);
INSERT INTO `roster_items` VALUES(3, 'Dessin : Collier de bataille épais doré', 'Bank Bag0', '5', 'ffffff', '20856:0:0:0:0:0:0:0', 'Interface/Icons/INV_Scroll_03', 1, 'Dessin : Collier de bataille épais doré\nJoaillerie (150) requis\nDéjà connu\nUtiliser : Vous apprend à façonner un Collier de bataille épais doré.\n\nCollier de bataille épais doré\nLié quand équipé\nCou\n+5 Force\n+5 Endurance\nNiveau 30 requis\nUtiliser : Augmente de 10 la Force des membres du groupe proches pendant 30 min.\n10 charges\n\nRequiert Barre d''or, Agate mousse (2), Elixir de force d''ogre', 30, NULL);
INSERT INTO `roster_items` VALUES(29, 'Sel de Fonderoc', 'Bag4', '17', 'ffffff', '8150:0:0:0:0:0:0:1055531517', 'Interface/Icons/INV_Misc_Dust_02', 17, 'Sel de Fonderoc', NULL, NULL);
INSERT INTO `roster_items` VALUES(29, 'Gangrepeau', 'Bag4', '13', 'ffffff', '25707:0:0:0:0:0:0:1961222957', 'Interface/Icons/INV_Misc_LeatherScrap_13', 10, 'Gangrepeau', NULL, NULL);
INSERT INTO `roster_items` VALUES(29, 'Néant primordial', 'Bag4', '14', '0070dd', '23572:0:0:0:0:0:0:-1396556412', 'Interface/Icons/INV_Elemental_Primal_Nether', 1, 'Néant primordial\nLié', NULL, NULL);
INSERT INTO `roster_items` VALUES(29, 'Ecailles de dragon du Néant', 'Bag4', '15', 'ffffff', '29548:0:0:0:0:0:0:1318875179', 'Interface/Icons/INV_Misc_MonsterScales_10', 6, 'Ecailles de dragon du Néant', NULL, NULL);
INSERT INTO `roster_items` VALUES(29, 'Lanières de cuir granuleux', 'Bag4', '16', 'ffffff', '25649:0:0:0:0:0:0:617719684', 'Interface/Icons/INV_Misc_LeatherScrap_09', 6, 'Lanières de cuir granuleux', NULL, NULL);
INSERT INTO `roster_items` VALUES(3, 'Amulette de la lune', 'Bank Bag0', '27', '1eff00', '20830:0:0:0:0:0:0:1393251648', 'Interface/Icons/INV_Jewelry_Necklace_11', 1, 'Amulette de la lune\nLié quand équipé\nCou\n+4 Intelligence\n+4 Esprit\nNiveau 25 requis\nUtiliser : Augmente de 10 l''Esprit des membres du groupe proches pendant 30 min.\n10 charges\n|cff00ff00<Artisan : Lothyne>|r', 25, NULL);
INSERT INTO `roster_items` VALUES(29, 'Chair de serpent', 'Bank Bag3', '10', 'ffffff', '31671:0:0:0:0:0:0:621851601', 'Interface/Icons/INV_Misc_Food_98_Talbuk', 4, 'Chair de serpent', NULL, NULL);
INSERT INTO `roster_items` VALUES(29, 'Poussière de rêve', 'Bank Bag3', '9', 'ffffff', '11176:0:0:0:0:0:0:-1305034758', 'Interface/Icons/INV_Enchant_DustDream', 1, 'Poussière de rêve', NULL, NULL);
INSERT INTO `roster_items` VALUES(29, 'Bandage épais en tisse-néant', 'Bag0', '12', 'ffffff', '21991:0:0:0:0:0:0:1989629198', 'Interface/Icons/INV_Misc_Bandage_Netherweave_Heavy', 20, 'Bandage épais en tisse-néant\nPremiers soins (325) requis\nUtiliser : Rend 3400 points de vie en 8 sec.', NULL, NULL);
INSERT INTO `roster_items` VALUES(20, 'Bouclier de foi du détenteur de Lumière', 'equip', 'SecondaryHand', 'a335ee', '29267:2654:0:0:0:0:0:0', 'Interface/Icons/INV_Shield_33', 1, 'Bouclier de foi du détenteur de Lumière\nLié\nMain gauche	Bouclier\nArmure : 4668\nBloquer : 115\n+21 Endurance\n+22 Intelligence\n+12 Intelligence\nDurabilité 120 / 120\nNiveau 70 requis\nÉquipé : Augmente les soins prodigués d''un maximum de 55 et les dégâts d''un maximum de 19 pour tous les sorts et effets magiques.', 70, NULL);
INSERT INTO `roster_items` VALUES(3, 'Etoffe de laine', 'Bag0', '11', 'ffffff', '2592:0:0:0:0:0:0:2068852991', 'Interface/Icons/INV_Fabric_Wool_01', 5, 'Etoffe de laine', NULL, NULL);
INSERT INTO `roster_items` VALUES(56, 'Chaperon frappe-sort', 'equip', 'Head', 'a335ee', '24266:3002:2708:2760:2760:0:0:498399396', 'Interface/Icons/INV_Helmet_27', 1, 'Chaperon frappe-sort\nLié\nTête	Tissu\nArmure : 145\n+16 Endurance\n+12 Intelligence\n+22 à la puissance des sorts et +14 au score de toucher des sorts\n|cffffffff+4 aux dégâts des sorts et +4 Endurance|r\n|cffffffff+3 au score de critique des sorts et +4 aux dégâts des sorts|r\n|cffffffff+3 au score de critique des sorts et +4 aux dégâts des sorts|r\nBonus de sertissage : +6 Endurance\nDurabilité 60 / 60\nNiveau 70 requis\nÉquipé : Augmente de 16 le score de toucher des sorts.\nÉquipé : Augmente de 24 le score de coup critique des sorts.\nÉquipé : Augmente les dégâts et les soins produits par les sorts et effets magiques de 46 au maximum.\n \nInfusion frappe-sort (2/2)\nCouture (350) requis\n  Chaperon frappe-sort\n  Pantalon frappe-sort\n \n(2) Ensemble : Quand vos sorts offensifs atteignent une cible, donne une chance d''augmenter les points de dégâts infligés par vos sorts et effets de 92 pendant 10 sec.\n|cff00ff00<Artisan : Dalendir>|r\n<Maj clic-droit pour sertir>', 70, NULL);
INSERT INTO `roster_items` VALUES(12, 'Clé plate', 'Bag2', '15', 'ffffff', '6219:0:0:0:0:0:0:658829089', 'Interface/Icons/INV_Misc_Wrench_01', 1, 'Clé plate\nMain droite\nDégâts : 7 - 14	Vitesse 2,40\n(4,4 dégâts par seconde)\nIngénierie (50) requis\n|cff00ff00<Artisan : Azeleen>|r', NULL, NULL);
INSERT INTO `roster_items` VALUES(12, 'Marteau de forgeron', 'Bag2', '14', 'ffffff', '5956:0:0:0:0:0:0:0', 'Interface/Icons/INV_Hammer_20', 1, 'Marteau de forgeron\nMain droite\nDégâts : 1 - 2	Vitesse 2,00\n(0,8 dégâts par seconde)', NULL, NULL);
INSERT INTO `roster_items` VALUES(12, 'Pioche de mineur', 'Bag2', '13', 'ffffff', '2901:0:0:0:0:0:0:0', 'Interface/Icons/INV_Pick_02', 1, 'Pioche de mineur\nMain droite\nDégâts : 2 - 4	Vitesse 2,00\n(1,5 dégâts par seconde)\n\\"Les mineurs ont besoin d''une pioche pour creuser.\\"', NULL, NULL);
INSERT INTO `roster_items` VALUES(12, 'Feu élémentaire', 'Bag2', '9', 'ffffff', '7068:0:0:0:0:0:0:-1955818002', 'Interface/Icons/Spell_Fire_Fire', 2, 'Feu élémentaire', NULL, NULL);
INSERT INTO `roster_items` VALUES(12, 'Flasque d''huile', 'Bag2', '10', 'ffffff', '814:0:0:0:0:0:0:583878254', 'Interface/Icons/INV_Drink_07', 18, 'Flasque d''huile', NULL, NULL);
INSERT INTO `roster_items` VALUES(12, 'Clé du Bond-o-tron 4000', 'Bag5', '5', '1eff00', '27808:0:0:0:0:0:0:292046013', 'Interface/Icons/INV_Misc_Key_02', 1, 'Clé du Bond-o-tron 4000\nLié\nUnique\nUtiliser : Met le Bond-o-tron 4000 sous tension.\n\\"Inscrit sur le côté : Koissa ne saurait être tenu responsable de tout accident survenu suite à l''utilisation du Bond-o-tron 4000.\\"', NULL, NULL);
INSERT INTO `roster_items` VALUES(20, 'Minerai de gangrefer', 'Bank Bag6', '3', 'ffffff', '23424:0:0:0:0:0:0:-2115258819', 'Interface/Icons/INV_Ore_FelIron', 20, 'Minerai de gangrefer', NULL, NULL);
INSERT INTO `roster_items` VALUES(20, 'Minerai de gangrefer', 'Bank Bag6', '4', 'ffffff', '23424:0:0:0:0:0:0:482481105', 'Interface/Icons/INV_Ore_FelIron', 20, 'Minerai de gangrefer', NULL, NULL);
INSERT INTO `roster_items` VALUES(20, 'Minerai de gangrefer', 'Bank Bag6', '5', 'ffffff', '23424:0:0:0:0:0:0:1977317611', 'Interface/Icons/INV_Ore_FelIron', 20, 'Minerai de gangrefer', NULL, NULL);
INSERT INTO `roster_items` VALUES(20, 'Minerai de gangrefer', 'Bank Bag6', '6', 'ffffff', '23424:0:0:0:0:0:0:1053001295', 'Interface/Icons/INV_Ore_FelIron', 20, 'Minerai de gangrefer', NULL, NULL);
INSERT INTO `roster_items` VALUES(20, 'Minerai de gangrefer', 'Bank Bag6', '7', 'ffffff', '23424:0:0:0:0:0:0:931247270', 'Interface/Icons/INV_Ore_FelIron', 20, 'Minerai de gangrefer', NULL, NULL);
INSERT INTO `roster_items` VALUES(20, 'Minerai de gangrefer', 'Bank Bag6', '8', 'ffffff', '23424:0:0:0:0:0:0:1209882211', 'Interface/Icons/INV_Ore_FelIron', 20, 'Minerai de gangrefer', NULL, NULL);
INSERT INTO `roster_items` VALUES(3, 'Barre de vrai-argent', 'Bag2', '11', '1eff00', '6037:0:0:0:0:0:0:190346210', 'Interface/Icons/INV_Ingot_08', 19, 'Barre de vrai-argent', NULL, NULL);
INSERT INTO `roster_items` VALUES(46, 'Arc court en frêne', 'equip', 'Ranged', '1eff00', '3039:0:0:0:0:0:0:1317942944', 'Interface/Icons/INV_Weapon_Bow_03', 1, 'Arc court en frêne\nLié\nÀ distance	Arc\nDégâts: 16 - 31	Vitesse 1,90\n(12,4 dégâts par seconde)\nDurabilité 55 / 55\nNiveau 18 requis', 18, NULL);
INSERT INTO `roster_items` VALUES(46, 'Dague à manche de perles', 'equip', 'SecondaryHand', '1eff00', '5540:0:0:0:0:0:0:1585567312', 'Interface/Icons/INV_Weapon_ShortBlade_05', 1, 'Dague à manche de perles\nLié\nÀ une main	Dague\nDégâts: 13 - 26	Vitesse 1,70\n(11,5 dégâts par seconde)\n+2 Agilité\n+2 Endurance\nDurabilité 45 / 45\nNiveau 18 requis\n|cff00ff00<Artisan : Palaindus>|r', 18, NULL);
INSERT INTO `roster_items` VALUES(46, 'Cape de soie venimeuse', 'equip', 'Back', '1eff00', '26017:0:0:0:0:0:0:76199138', 'Interface/Icons/INV_Misc_Cape_04', 1, 'Cape de soie venimeuse\nLié\nDos\nArmure : 16\n+3 Endurance', NULL, NULL);
INSERT INTO `roster_items` VALUES(46, 'Chemise de détrousseur', 'equip', 'Shirt', 'ffffff', '49:0:0:0:0:0:0:0', 'Interface/Icons/INV_Shirt_05', 1, 'Chemise de détrousseur\nChemise', NULL, NULL);
INSERT INTO `roster_items` VALUES(46, 'Gants de chercheur', 'equip', 'Hands', '1eff00', '26022:15:0:0:0:0:0:1606882840', 'Interface/Icons/INV_Gauntlets_05', 1, 'Gants de chercheur\nLié\nMains	Cuir\nArmure : 41\n+1 Endurance\n+1 Intelligence\nRenforcé (+8 Armure)\nDurabilité 20 / 20', NULL, NULL);
INSERT INTO `roster_items` VALUES(46, 'Poignard mortel en bronze', 'equip', 'MainHand', '1eff00', '3490:0:0:0:0:0:0:1178435672', 'Interface/Icons/INV_Weapon_ShortBlade_05', 1, 'Poignard mortel en bronze\nLié\nÀ une main	Dague\nDégâts: 16 - 30	Vitesse 1,80\n(12,8 dégâts par seconde)\n+4 Agilité\nDurabilité 45 / 45\nNiveau 20 requis\n|cff00ff00<Artisan : Palaindus>|r', 20, NULL);
INSERT INTO `roster_items` VALUES(46, 'Ceinture richement ornée', 'equip', 'Waist', '1eff00', '26026:0:0:0:0:0:0:161892580', 'Interface/Icons/INV_Belt_25', 1, 'Ceinture richement ornée\nLié\nTaille	Cuir\nArmure : 44\n+3 Endurance\nDurabilité 25 / 25\nÉquipé : Augmente de 8 la puissance d''attaque.', NULL, NULL);
INSERT INTO `roster_items` VALUES(46, 'Guêtres de redresseur de torts en cuir', 'equip', 'Legs', '1eff00', '26021:15:0:0:0:0:0:1037950960', 'Interface/Icons/INV_Pants_02', 1, 'Guêtres de redresseur de torts en cuir\nLié\nJambes	Cuir\nArmure : 64\n+4 Agilité\n+3 Endurance\nRenforcé (+8 Armure)\nDurabilité 50 / 50', NULL, NULL);
INSERT INTO `roster_items` VALUES(46, 'Flèche pointue', 'equip', 'Ammo', 'ffffff', '2515:0:0:0:0:0:0:0', 'Interface/Icons/INV_Ammo_Arrow_02', 1741, 'Flèche pointue\nProjectile	Flèche\nAjoute 3,5 dégâts par seconde\nNiveau 10 requis', 10, NULL);
INSERT INTO `roster_items` VALUES(46, 'Mocassins de redresseur de torts en cuir', 'equip', 'Feet', '1eff00', '26024:15:0:0:0:0:0:924693262', 'Interface/Icons/INV_Boots_Fabric_01', 1, 'Mocassins de redresseur de torts en cuir\nLié\nPieds	Cuir\nArmure : 47\n+1 Agilité\n+1 Endurance\nRenforcé (+8 Armure)\nDurabilité 30 / 30', NULL, NULL);
INSERT INTO `roster_items` VALUES(46, 'Gilet du tueur de dragons', 'equip', 'Chest', '1eff00', '24347:15:0:0:0:0:0:233674698', 'Interface/Icons/INV_Chest_Leather_07', 1, 'Gilet du tueur de dragons\nLié\nTorse	Cuir\nArmure : 74\n+3 Agilité\n+3 Endurance\nRenforcé (+8 Armure)\nDurabilité 65 / 65\nÉquipé : Augmente de 2 le score de toucher.', NULL, NULL);
INSERT INTO `roster_items` VALUES(46, 'Carquois moyen', 'bags', 'Bag4', 'ffffff', '11362:0:0:0:0:0:0:0', 'Interface/Icons/INV_Misc_Quiver_10', 10, 'Carquois moyen\nCarquois 10 emplacements\nNiveau 10 requis\nÉquipé : Augmente la vitesse des attaques à distance de 10%.', 10, NULL);
INSERT INTO `roster_items` VALUES(46, 'Flèche pointue', 'Bag4', '2', 'ffffff', '2515:0:0:0:0:0:0:0', 'Interface/Icons/INV_Ammo_Arrow_02', 141, 'Flèche pointue\nProjectile	Flèche\nAjoute 3,5 dégâts par seconde\nNiveau 10 requis', 10, NULL);
INSERT INTO `roster_items` VALUES(46, 'Flèche pointue', 'Bag4', '3', 'ffffff', '2515:0:0:0:0:0:0:0', 'Interface/Icons/INV_Ammo_Arrow_02', 200, 'Flèche pointue\nProjectile	Flèche\nAjoute 3,5 dégâts par seconde\nNiveau 10 requis', 10, NULL);
INSERT INTO `roster_items` VALUES(46, 'Flèche pointue', 'Bag4', '4', 'ffffff', '2515:0:0:0:0:0:0:0', 'Interface/Icons/INV_Ammo_Arrow_02', 200, 'Flèche pointue\nProjectile	Flèche\nAjoute 3,5 dégâts par seconde\nNiveau 10 requis', 10, NULL);
INSERT INTO `roster_items` VALUES(46, 'Flèche pointue', 'Bag4', '5', 'ffffff', '2515:0:0:0:0:0:0:0', 'Interface/Icons/INV_Ammo_Arrow_02', 200, 'Flèche pointue\nProjectile	Flèche\nAjoute 3,5 dégâts par seconde\nNiveau 10 requis', 10, NULL);
INSERT INTO `roster_items` VALUES(46, 'Flèche pointue', 'Bag4', '6', 'ffffff', '2515:0:0:0:0:0:0:0', 'Interface/Icons/INV_Ammo_Arrow_02', 200, 'Flèche pointue\nProjectile	Flèche\nAjoute 3,5 dégâts par seconde\nNiveau 10 requis', 10, NULL);
INSERT INTO `roster_items` VALUES(46, 'Flèche pointue', 'Bag4', '7', 'ffffff', '2515:0:0:0:0:0:0:0', 'Interface/Icons/INV_Ammo_Arrow_02', 200, 'Flèche pointue\nProjectile	Flèche\nAjoute 3,5 dégâts par seconde\nNiveau 10 requis', 10, NULL);
INSERT INTO `roster_items` VALUES(46, 'Flèche pointue', 'Bag4', '8', 'ffffff', '2515:0:0:0:0:0:0:0', 'Interface/Icons/INV_Ammo_Arrow_02', 200, 'Flèche pointue\nProjectile	Flèche\nAjoute 3,5 dégâts par seconde\nNiveau 10 requis', 10, NULL);
INSERT INTO `roster_items` VALUES(46, 'Flèche pointue', 'Bag4', '9', 'ffffff', '2515:0:0:0:0:0:0:0', 'Interface/Icons/INV_Ammo_Arrow_02', 200, 'Flèche pointue\nProjectile	Flèche\nAjoute 3,5 dégâts par seconde\nNiveau 10 requis', 10, NULL);
INSERT INTO `roster_items` VALUES(46, 'Flèche pointue', 'Bag4', '10', 'ffffff', '2515:0:0:0:0:0:0:0', 'Interface/Icons/INV_Ammo_Arrow_02', 200, 'Flèche pointue\nProjectile	Flèche\nAjoute 3,5 dégâts par seconde\nNiveau 10 requis', 10, NULL);
INSERT INTO `roster_items` VALUES(46, 'Sac à dos', 'bags', 'Bag0', '', '', 'Interface/Icons/Button-Backpack-Up', 16, 'Sac à dos\nSac 16 emplacements', NULL, NULL);
INSERT INTO `roster_items` VALUES(46, 'Sac en tisse-néant', 'bags', 'Bag1', '1eff00', '21841:0:0:0:0:0:0:166276938', 'Interface/Icons/INV_Misc_Bag_23_Netherweave', 16, 'Sac en tisse-néant\nLié\nConteneur 16 emplacements', NULL, NULL);
INSERT INTO `roster_items` VALUES(46, 'Sac en tisse-néant', 'bags', 'Bag2', '1eff00', '21841:0:0:0:0:0:0:695825805', 'Interface/Icons/INV_Misc_Bag_23_Netherweave', 16, 'Sac en tisse-néant\nLié\nConteneur 16 emplacements', NULL, NULL);
INSERT INTO `roster_items` VALUES(46, 'Bois simple', 'Bag2', '1', 'ffffff', '4470:0:0:0:0:0:0:0', 'Interface/Icons/INV_TradeskillItem_01', 10, 'Bois simple', NULL, NULL);
INSERT INTO `roster_items` VALUES(46, 'Silex et amadou', 'Bag2', '2', 'ffffff', '4471:0:0:0:0:0:0:0', 'Interface/Icons/INV_Stone_11', 1, 'Silex et amadou', NULL, NULL);
INSERT INTO `roster_items` VALUES(46, 'Etoffe de laine', 'Bag2', '3', 'ffffff', '2592:0:0:0:0:0:0:1260829354', 'Interface/Icons/INV_Fabric_Wool_01', 20, 'Etoffe de laine', NULL, NULL);
INSERT INTO `roster_items` VALUES(46, 'Côtelette de mouton', 'Bag2', '5', 'ffffff', '3770:0:0:0:0:0:0:0', 'Interface/Icons/INV_Misc_Food_14', 20, 'Côtelette de mouton\nNiveau 15 requis\nUtiliser : Rend 552 points de vie en 24 sec. Vous devez rester assis pendant que vous mangez.', 15, NULL);
INSERT INTO `roster_items` VALUES(46, 'Côtelette de mouton', 'Bag2', '6', 'ffffff', '3770:0:0:0:0:0:0:0', 'Interface/Icons/INV_Misc_Food_14', 20, 'Côtelette de mouton\nNiveau 15 requis\nUtiliser : Rend 552 points de vie en 24 sec. Vous devez rester assis pendant que vous mangez.', 15, NULL);
INSERT INTO `roster_items` VALUES(46, 'Côtelette de mouton', 'Bag2', '7', 'ffffff', '3770:0:0:0:0:0:0:0', 'Interface/Icons/INV_Misc_Food_14', 14, 'Côtelette de mouton\nNiveau 15 requis\nUtiliser : Rend 552 points de vie en 24 sec. Vous devez rester assis pendant que vous mangez.', 15, NULL);
INSERT INTO `roster_items` VALUES(46, 'Lanières de cuir déchirées', 'Bag2', '9', 'ffffff', '2934:0:0:0:0:0:0:1688304839', 'Interface/Icons/INV_Misc_Pelt_Bear_Ruin_05', 1, 'Lanières de cuir déchirées', NULL, NULL);
INSERT INTO `roster_items` VALUES(46, 'Cuir léger', 'Bag2', '13', 'ffffff', '2318:0:0:0:0:0:0:1813312884', 'Interface/Icons/INV_Misc_LeatherScrap_03', 2, 'Cuir léger', NULL, NULL);
INSERT INTO `roster_items` VALUES(46, 'Cuir moyen', 'Bag2', '15', 'ffffff', '2319:0:0:0:0:0:0:327127562', 'Interface/Icons/INV_Misc_LeatherScrap_05', 14, 'Cuir moyen', NULL, NULL);
INSERT INTO `roster_items` VALUES(46, 'Peau légère', 'Bag2', '14', 'ffffff', '783:0:0:0:0:0:0:392788742', 'Interface/Icons/INV_Misc_Pelt_Wolf_Ruin_02', 2, 'Peau légère', NULL, NULL);
INSERT INTO `roster_items` VALUES(46, 'Sac en tisse-néant', 'bags', 'Bag3', '1eff00', '21841:0:0:0:0:0:0:1801870883', 'Interface/Icons/INV_Misc_Bag_23_Netherweave', 16, 'Sac en tisse-néant\nLié\nConteneur 16 emplacements\n|cff00ff00<Artisan : Dorlane>|r', NULL, NULL);
INSERT INTO `roster_items` VALUES(46, 'Pierre de foyer', 'Bag3', '1', 'ffffff', '6948:0:0:0:0:0:0:0', 'Interface/Icons/INV_Misc_Rune_01', 1, 'Pierre de foyer\nLié\nUnique\nUtiliser : Vous renvoie à L''Exodar. Parlez à l''aubergiste d''une autre ville pour changer votre foyer. (1 heure de recharge)', NULL, NULL);
INSERT INTO `roster_items` VALUES(46, 'Couteau à dépecer', 'Bag3', '2', 'ffffff', '7005:0:0:0:0:0:0:0', 'Interface/Icons/INV_Weapon_ShortBlade_01', 1, 'Couteau à dépecer\nÀ une main\nDégâts: 1 - 3	Vitesse 1,60\n(1,3 dégâts par seconde)', NULL, NULL);
INSERT INTO `roster_items` VALUES(46, 'Canne à pêche', 'Bag3', '3', 'ffffff', '6256:0:0:0:0:0:0:1163532146', 'Interface/Icons/INV_Fishingpole_02', 1, 'Canne à pêche\nDeux mains	Canne à pêche\nDégâts: 2 - 4	Vitesse 3,00\n(1,0 dégâts par seconde)\nDurabilité 16 / 16', NULL, NULL);
INSERT INTO `roster_items` VALUES(46, 'Verroterie brillante', 'Bag3', '4', 'ffffff', '6529:0:0:0:0:0:0:1210745100', 'Interface/Icons/INV_Misc_Orb_03', 1, 'Verroterie brillante\nUtiliser : Attachée à votre canne à pêche, elle augmente votre compétence de pêche de 25 points pendant 10 minutes.', NULL, NULL);
INSERT INTO `roster_items` VALUES(46, 'Bandage épais en lin', 'Bag3', '5', 'ffffff', '2581:0:0:0:0:0:0:489233844', 'Interface/Icons/INV_Misc_Bandage_18', 15, 'Bandage épais en lin\nPremiers soins (20) requis\nUtiliser : Rend 114 points de vie en 6 sec.', NULL, NULL);
INSERT INTO `roster_items` VALUES(46, 'Potion de soins inférieure', 'Bag3', '6', 'ffffff', '858:0:0:0:0:0:0:1791015572', 'Interface/Icons/INV_Potion_50', 2, 'Potion de soins inférieure\nNiveau 3 requis\nUtiliser : Rend 140 à 180 points de vie.', 3, NULL);
INSERT INTO `roster_items` VALUES(46, 'Potion de soins', 'Bag3', '7', 'ffffff', '929:0:0:0:0:0:0:686354626', 'Interface/Icons/INV_Potion_51', 5, 'Potion de soins\nNiveau 12 requis\nUtiliser : Rend 280 à 360 points de vie.', 12, NULL);
INSERT INTO `roster_items` VALUES(46, 'Potion de soins', 'Bag3', '8', 'ffffff', '929:0:0:0:0:0:0:1778613278', 'Interface/Icons/INV_Potion_51', 5, 'Potion de soins\nNiveau 12 requis\nUtiliser : Rend 280 à 360 points de vie.', 12, NULL);
INSERT INTO `roster_items` VALUES(46, 'Cristal de vitalité', 'Bag3', '9', 'ffffff', '23985:0:0:0:0:0:0:1930546316', 'Interface/Icons/INV_DataCrystal03', 1, 'Cristal de vitalité\nLié\nUnique (10)\nUtiliser : Augmente l''Endurance de 5. Dure 30 min.', NULL, NULL);
INSERT INTO `roster_items` VALUES(46, 'Cristal de férocité', 'Bag3', '10', 'ffffff', '23989:0:0:0:0:0:0:3748802', 'Interface/Icons/INV_DataCrystal12', 7, 'Cristal de férocité\nLié\nUnique (10)\nUtiliser : Augmente la puissance d''attaque de 10. Dure 30 min.', NULL, NULL);
INSERT INTO `roster_items` VALUES(46, 'Parchemin d''Agilité', 'Bag3', '11', 'ffffff', '3012:0:0:0:0:0:0:378094408', 'Interface/Icons/INV_Scroll_02', 1, 'Parchemin d''Agilité\nNiveau 10 requis\nUtiliser : Augmente de 5 l’Agilité de la cible pendant 30 min.', 10, NULL);
INSERT INTO `roster_items` VALUES(46, 'Arbalète de veneur', 'Bag3', '12', '1eff00', '27402:0:0:0:0:0:0:1361651082', 'Interface/Icons/INV_Weapon_Crossbow_04', 1, 'Arbalète de veneur\nLié\nÀ distance	Arbalète\nDégâts: 21 - 32	Vitesse 2,80\n(9,5 dégâts par seconde)\n+1 Agilité\nDurabilité 45 / 45', NULL, NULL);
INSERT INTO `roster_items` VALUES(46, 'Eclat de cristal irradié', 'Bag3', '13', 'ffffff', '23984:0:0:0:0:0:0:931289080', 'Interface/Icons/INV_Misc_Gem_BloodGem_02', 48, 'Eclat de cristal irradié', NULL, NULL);
INSERT INTO `roster_items` VALUES(46, 'Potion de soins', 'Bag3', '14', 'ffffff', '929:0:0:0:0:0:0:1820429893', 'Interface/Icons/INV_Potion_51', 1, 'Potion de soins\nNiveau 12 requis\nUtiliser : Rend 280 à 360 points de vie.', 12, NULL);
INSERT INTO `roster_items` VALUES(56, 'Clé du labyrinthe des ombres', 'Bag5', '8', 'ffffff', '27991:0:0:0:0:0:0:1452742768', 'Interface/Icons/INV_Misc_Key_02', 1, 'Clé du labyrinthe des ombres\nLié\nUnique', NULL, NULL);
INSERT INTO `roster_items` VALUES(56, 'Clé de Cho''war', 'Bag5', '7', 'ffffff', '25648:0:0:0:0:0:0:1955503306', 'Interface/Icons/INV_Misc_Key_11', 1, 'Clé de Cho''war\nObjet de quête\nUnique\nUtiliser : Déverrouille la prison de Corki.', NULL, NULL);
INSERT INTO `roster_items` VALUES(46, 'Bank Contents', 'bags', 'Bank Bag0', '', '', 'Interface/Icons/INV_Misc_Bag_15', 28, 'Bank Contents', NULL, NULL);
INSERT INTO `roster_items` VALUES(56, 'Balle en cuir lourd', 'Bag1', '10', 'ffffff', '18662:0:0:0:0:0:0:1679518554', 'Interface/Icons/INV_Misc_ThrowingBall_01', 1, 'Balle en cuir lourd\nUtiliser : Lancez la balle à un joueur allié. S''il a une place de libre dans un de ses sacs, il l''attrapera !', NULL, NULL);
INSERT INTO `roster_items` VALUES(56, 'Sac à dos', 'bags', 'Bag0', '', '', 'Interface/Icons/Button-Backpack-Up', 16, 'Sac à dos\nSac 16 emplacements', NULL, NULL);
INSERT INTO `roster_items` VALUES(56, 'Bon de la foire de Sombrelune', 'Bag4', '8', 'ffffff', '19182:0:0:0:0:0:0:258155826', 'Interface/Icons/INV_Misc_Ticket_Darkmoon_01', 20, 'Bon de la foire de Sombrelune\nLié', NULL, NULL);
INSERT INTO `roster_items` VALUES(12, 'Biscuit de manne invoqué', 'Bag3', '18', 'ffffff', '34062:0:0:0:0:0:0:1042619393', 'Interface/Icons/INV_Misc_Food_100', 20, 'Biscuit de manne invoqué\nObjet invoqué\nUnique (80)\nNiveau 65 requis\nUtiliser : Rend 7500 points de vie et 7200 points de mana en 30 sec. Vous devez rester assis pendant que vous mangez.', 65, NULL);
INSERT INTO `roster_items` VALUES(12, 'Parchemin d''Agilité V', 'Bag3', '17', 'ffffff', '27498:0:0:0:0:0:0:2096789021', 'Interface/Icons/INV_Scroll_02', 2, 'Parchemin d''Agilité V\nNiveau 60 requis\nUtiliser : Augmente de 20 l’Agilité de la cible pendant 30 min.', 60, NULL);
INSERT INTO `roster_items` VALUES(12, 'Minerai de mithril', 'Bag3', '16', 'ffffff', '3858:0:0:0:0:0:0:1700999680', 'Interface/Icons/INV_Ore_Mithril_02', 5, 'Minerai de mithril', NULL, NULL);
INSERT INTO `roster_items` VALUES(29, 'Griffon neigeux', 'Bag0', '3', '0070dd', '25472:0:0:0:0:0:0:0', 'Interface/Icons/Ability_Mount_Gryphon_01', 1, 'Griffon neigeux\nLié\nUnique\nNiveau 70 requis\nMonte (225) requis\nUtiliser : Invoque et renvoie un griffon. Cette monture ne peut être invoquée qu''en Outreterre.', 70, NULL);
INSERT INTO `roster_items` VALUES(20, 'Pouvoir primordial', 'Bag2', '5', '0070dd', '23571:0:0:0:0:0:0:1421771490', 'Interface/Icons/Spell_Nature_LightningOverload', 1, 'Pouvoir primordial', NULL, NULL);
INSERT INTO `roster_items` VALUES(20, 'Clé en flammes forgées', 'Bag5', '14', 'ffffff', '30622:0:0:0:0:0:0:0', 'Interface/Icons/INV_Misc_Key_13', 1, 'Clé en flammes forgées\nLié\nUnique\nRequiert Bastion de l''Honneur - Honoré\n\\"Déverrouille le mode héroïque pour les instances de la citadelle des Flammes infernales.\\"', NULL, NULL);
INSERT INTO `roster_items` VALUES(12, 'Pierre solide', 'Bag0', '15', 'ffffff', '7912:0:0:0:0:0:0:1152893952', 'Interface/Icons/INV_Stone_10', 1, 'Pierre solide', NULL, NULL);
INSERT INTO `roster_items` VALUES(29, 'Armes de Glissecroc', 'Bag1', '7', 'ffffff', '24368:0:0:0:0:0:0:1747750600', 'Interface/Icons/INV_Spear_06', 3, 'Armes de Glissecroc', NULL, NULL);
INSERT INTO `roster_items` VALUES(29, 'Bâton de Parshah', 'Bag0', '10', 'ffffff', '31386:0:0:0:0:0:0:208888832', 'Interface/Icons/INV_Staff_Goldfeathered_01', 1, 'Bâton de Parshah\nObjet de quête\nUnique\nUtiliser : Interrompt le rituel d''invocation des ritualistes du sombre Conclave. Vous devez l''utiliser debout près du site de rituel.', NULL, NULL);
INSERT INTO `roster_items` VALUES(20, 'Draénite ombreuse', 'Bank Bag2', '4', '1eff00', '23107:0:0:0:0:0:0:-2069997702', 'Interface/Icons/INV_Misc_Gem_EbonDraenite_03', 7, 'Draénite ombreuse', NULL, NULL);
INSERT INTO `roster_items` VALUES(20, 'Rubis vivant', 'Bank Bag2', '5', '0070dd', '23436:0:0:0:0:0:0:1491743650', 'Interface/Icons/INV_Jewelcrafting_LivingRuby_02', 2, 'Rubis vivant', NULL, NULL);
INSERT INTO `roster_items` VALUES(20, 'Potion de super-mana', 'Bank Bag2', '8', 'ffffff', '22832:0:0:0:0:0:0:1142584966', 'Interface/Icons/INV_Potion_137', 5, 'Potion de super-mana\nNiveau 55 requis\nUtiliser : Rend 1800 à 3000 points de mana.', 55, NULL);
INSERT INTO `roster_items` VALUES(20, 'Steak de talbuk', 'Bank Bag2', '9', 'ffffff', '27660:0:0:0:0:0:0:728679883', 'Interface/Icons/INV_Misc_Food_84_RoastClefthoof', 13, 'Steak de talbuk\nNiveau 55 requis\nUtiliser : Rend 7500 points de vie en 30 sec. Vous devez rester assis pendant que vous mangez. Si vous passez au moins 10 secondes à manger, vous serez \\"bien nourri\\" et vous bénéficierez d''un bonus de 20 à l''Endurance et à l''Esprit pendant 30 min.', 55, NULL);
INSERT INTO `roster_items` VALUES(20, 'Sac en tisse-néant', 'Bank Bag2', '10', '1eff00', '21841:0:0:0:0:0:0:447876931', 'Interface/Icons/INV_Misc_Bag_23_Netherweave', 1, 'Sac en tisse-néant\nLié\nConteneur 16 emplacements\n|cff00ff00<Artisan : Pikaglace>|r', NULL, NULL);
INSERT INTO `roster_items` VALUES(20, 'Eau primordiale', 'Bank Bag2', '11', '1eff00', '21885:0:0:0:0:0:0:1852640400', 'Interface/Icons/INV_Elemental_Primal_Water', 4, 'Eau primordiale', NULL, NULL);
INSERT INTO `roster_items` VALUES(20, 'Symbole de divinité', 'Bag0', '8', 'ffffff', '17033:0:0:0:0:0:0:0', 'Interface/Icons/INV_Stone_WeightStone_05', 4, 'Symbole de divinité', NULL, NULL);
INSERT INTO `roster_items` VALUES(20, 'Chevalière terrestre', 'Bag0', '9', 'ffffff', '31750:0:0:0:0:0:0:2001943146', 'Interface/Icons/INV_Ore_Thorium_01', 1, 'Chevalière terrestre\nObjet de quête\nUnique', NULL, NULL);
INSERT INTO `roster_items` VALUES(20, 'Pierre de pouvoir sacrée', 'Bag0', '7', 'ffffff', '20620:0:0:0:0:0:0:1610212764', 'Interface/Icons/INV_Stone_15', 1, 'Pierre de pouvoir sacrée\nLié\nUtiliser : Brise la Pierre de pouvoir sacrée, ce qui augmente de 300 votre puissance d''attaque et de 400 au maximum les dégâts du Sacré que vous infligez avec des sorts et effets lorsque vous combattez des morts-vivants. Dure 10 min.', NULL, NULL);
INSERT INTO `roster_items` VALUES(12, 'Cuirasse de marcheur du nexus de protection contre l''Ombre', 'Bank Bag0', '21', '1eff00', '24832:0:0:0:0:0:-35:1729560617', 'Interface/Icons/INV_Chest_Chain_12', 1, 'Cuirasse de marcheur du nexus de protection contre l''Ombre\nLié\nTorse	Mailles\nArmure : 470\n|cffffffff+41 Endurance|r\n|cffffffff+27 à la résistance à l''Ombre|r\nDurabilité 100 / 100\nNiveau 60 requis', 60, NULL);
INSERT INTO `roster_items` VALUES(12, 'Marque d''honneur du bassin d''Arathi', 'Bank Bag0', '22', '1eff00', '20559:0:0:0:0:0:0:1437890706', 'Interface/Icons/INV_Jewelry_Amulet_07', 55, 'Marque d''honneur du bassin d''Arathi\nLié\nUnique (100)\n\\"Une médaille accordée aux combattants du bassin d''Arathi\\"', NULL, NULL);
INSERT INTO `roster_items` VALUES(12, 'Tome des arcanes', 'Bank Bag0', '23', '1eff00', '29739:0:0:0:0:0:0:-1716329388', 'Interface/Icons/INV_Misc_Book_07', 14, 'Tome des arcanes\n\\"Cet objet devrait intéresser les Clairvoyants de la Bibliothèque du Voyant.\\"', NULL, NULL);
INSERT INTO `roster_items` VALUES(12, 'Insigne de justice', 'Bank Bag0', '24', 'a335ee', '29434:0:0:0:0:0:0:1169996994', 'Interface/Icons/Spell_Holy_ChampionsBond', 23, 'Insigne de justice\nLié\nNiveau 70 requis', 70, NULL);
INSERT INTO `roster_items` VALUES(12, 'Chevalière Solfurie', 'Bank Bag0', '25', 'ffffff', '30810:0:0:0:0:0:0:2072221876', 'Interface/Icons/INV_Jewelry_Ring_36', 50, 'Chevalière Solfurie\n\\"Présentez-la aux Clairvoyants, à Shattrath, pour prouver que vous avez tué un suivant de Kael''thas de rang élevé.\\"', NULL, NULL);
INSERT INTO `roster_items` VALUES(12, 'Chevalière pourpre du maître assassin', 'Bank Bag0', '26', 'a335ee', '29283:0:0:0:0:0:0:1011962653', 'Interface/Icons/INV_Jewelry_Ring_62', 1, 'Chevalière pourpre du maître assassin\nLié\nUnique\nDoigt\n+28 Endurance\nÉquipé : Augmente de 25 le score de toucher.\nÉquipé : Augmente de 56 la puissance d''attaque.', NULL, NULL);
INSERT INTO `roster_items` VALUES(12, 'Urne noircie', 'Bank Bag0', '27', 'ffffff', '24140:0:0:0:0:0:0:1161058595', 'Interface/Icons/INV_Misc_Urn_01', 1, 'Urne noircie\nLié\nUtiliser : Invoque Plaie-de-nuit à l''extrémité sud de la Terrasse du maître. (30 sec de recharge)', NULL, NULL);
INSERT INTO `roster_items` VALUES(56, 'Don d''Ashyen', 'equip', 'Finger0', 'a335ee', '29172:0:0:0:0:0:0:0', 'Interface/Icons/INV_Jewelry_Ring_51Naxxramas', 1, 'Don d''Ashyen\nLié\nUnique\nDoigt\n+30 Endurance\nNiveau 70 requis\nRequiert Expédition cénarienne - Exaltée\nÉquipé : Augmente de 21 le score de toucher des sorts.\nÉquipé : Augmente les dégâts et les soins produits par les sorts et effets magiques de 23 au maximum.', 70, NULL);
INSERT INTO `roster_items` VALUES(12, 'Clé en flammes forgées', 'Bag5', '15', 'ffffff', '30622:0:0:0:0:0:0:0', 'Interface/Icons/INV_Misc_Key_13', 1, 'Clé en flammes forgées\nLié\nUnique\nRequiert Bastion de l''Honneur - Honorée\n\\"Déverrouille le mode héroïque pour les instances de la citadelle des Flammes infernales.\\"', NULL, NULL);
INSERT INTO `roster_items` VALUES(12, 'Clé de Zuluhed', 'Bag5', '14', 'ffffff', '31664:0:0:0:0:0:0:1735500760', 'Interface/Icons/INV_Misc_Key_13', 1, 'Clé de Zuluhed\nObjet de quête\nUnique\nUtiliser : Déverrouille les chaînes de Zuluhed.', NULL, NULL);
INSERT INTO `roster_items` VALUES(20, 'Minerai de gangrefer', 'Bank Bag6', '15', 'ffffff', '23424:0:0:0:0:0:0:631753316', 'Interface/Icons/INV_Ore_FelIron', 20, 'Minerai de gangrefer', NULL, NULL);
INSERT INTO `roster_items` VALUES(20, 'Minerai de gangrefer', 'Bank Bag6', '16', 'ffffff', '23424:0:0:0:0:0:0:586403600', 'Interface/Icons/INV_Ore_FelIron', 20, 'Minerai de gangrefer', NULL, NULL);
INSERT INTO `roster_items` VALUES(20, 'Minerai de gangrefer', 'Bank Bag6', '14', 'ffffff', '23424:0:0:0:0:0:0:1304841472', 'Interface/Icons/INV_Ore_FelIron', 20, 'Minerai de gangrefer', NULL, NULL);
INSERT INTO `roster_items` VALUES(20, 'Minerai de gangrefer', 'Bank Bag6', '12', 'ffffff', '23424:0:0:0:0:0:0:1996283219', 'Interface/Icons/INV_Ore_FelIron', 20, 'Minerai de gangrefer', NULL, NULL);
INSERT INTO `roster_items` VALUES(20, 'Minerai de gangrefer', 'Bank Bag6', '13', 'ffffff', '23424:0:0:0:0:0:0:525584639', 'Interface/Icons/INV_Ore_FelIron', 20, 'Minerai de gangrefer', NULL, NULL);
INSERT INTO `roster_items` VALUES(20, 'Minerai de gangrefer', 'Bank Bag6', '11', 'ffffff', '23424:0:0:0:0:0:0:2134149810', 'Interface/Icons/INV_Ore_FelIron', 20, 'Minerai de gangrefer', NULL, NULL);
INSERT INTO `roster_items` VALUES(12, 'Elixir d''agilité majeure', 'Bag3', '3', 'ffffff', '22831:0:0:0:0:0:0:1766770882', 'Interface/Icons/INV_Potion_127', 8, 'Elixir d''agilité majeure\nNiveau 55 requis\nUtiliser : Augmente votre Agilité de 35 et votre score de coup critique de 20 pendant 1 heure. Elixir de bataille.', 55, NULL);
INSERT INTO `roster_items` VALUES(12, 'Barre de vrai-argent', 'Bag4', '10', '1eff00', '6037:0:0:0:0:0:0:579713101', 'Interface/Icons/INV_Ingot_08', 15, 'Barre de vrai-argent', NULL, NULL);
INSERT INTO `roster_items` VALUES(12, 'Fragment élémentaire', 'Bag4', '11', '9d9d9d', '24508:0:0:0:0:0:0:317343264', 'Interface/Icons/INV_DataCrystal03', 7, 'Fragment élémentaire', NULL, NULL);
INSERT INTO `roster_items` VALUES(12, 'Minerai de gangrefer', 'Bank Bag1', '14', 'ffffff', '23424:0:0:0:0:0:0:631753316', 'Interface/Icons/INV_Ore_FelIron', 20, 'Minerai de gangrefer', NULL, NULL);
INSERT INTO `roster_items` VALUES(12, 'Minerai de gangrefer', 'Bank Bag1', '9', 'ffffff', '23424:0:0:0:0:0:0:1643312630', 'Interface/Icons/INV_Ore_FelIron', 20, 'Minerai de gangrefer', NULL, NULL);
INSERT INTO `roster_items` VALUES(12, 'Barre de gangrefer', 'Bank Bag1', '11', 'ffffff', '23445:0:0:0:0:0:0:1513060552', 'Interface/Icons/INV_Ingot_FelIron', 16, 'Barre de gangrefer', NULL, NULL);
INSERT INTO `roster_items` VALUES(12, 'Minerai de gangrefer', 'Bank Bag1', '13', 'ffffff', '23424:0:0:0:0:0:0:-2128023866', 'Interface/Icons/INV_Ore_FelIron', 20, 'Minerai de gangrefer', NULL, NULL);
INSERT INTO `roster_items` VALUES(12, 'Mana primordial', 'Bank Bag1', '15', '1eff00', '22457:0:0:0:0:0:0:964711284', 'Interface/Icons/INV_Elemental_Primal_Mana', 2, 'Mana primordial', NULL, NULL);
INSERT INTO `roster_items` VALUES(12, 'Sac en tisse-néant', 'bags', 'Bank Bag2', '1eff00', '21841:0:0:0:0:0:0:1878819986', 'Interface/Icons/INV_Misc_Bag_23_Netherweave', 16, 'Sac en tisse-néant\nLié\nConteneur 16 emplacements', NULL, NULL);
INSERT INTO `roster_items` VALUES(12, 'Sac en tisse-néant imprégné', 'bags', 'Bank Bag4', '1eff00', '21843:0:0:0:0:0:0:1388022492', 'Interface/Icons/INV_Misc_Bag_24_Netherweave_Imbued', 18, 'Sac en tisse-néant imprégné\nLié\nConteneur 18 emplacements\n|cff00ff00<Artisan : Lunablack>|r', NULL, NULL);
INSERT INTO `roster_items` VALUES(12, 'Brevet de l''Aube d''argent', 'Bank Bag4', '1', 'ffffff', '12846:0:0:0:0:0:0:1421628012', 'Interface/Icons/INV_Jewelry_Talisman_07', 1, 'Brevet de l''Aube d''argent\nLié\nUnique\nBijou\n\\"Le porteur de cet insigne est au service de l''Aube d''argent.\\"', NULL, NULL);
INSERT INTO `roster_items` VALUES(12, 'Anneau des plaisirs macabres', 'Bank Bag4', '2', 'a335ee', '34075:0:0:0:0:0:0:-1667534794', 'Interface/Icons/INV_Misc_Bag_28_Halloween', 1, 'Anneau des plaisirs macabres\nLié\nUnique\nDoigt\n+31 Endurance\nNiveau 70 requis\nÉquipé : Augmente de 60 la puissance d''attaque.', 70, NULL);
INSERT INTO `roster_items` VALUES(12, 'Insigne pourpre', 'Bank Bag4', '3', 'a335ee', '31113:0:0:0:0:0:0:2095150018', 'Interface/Icons/Spell_Holy_MindSooth', 1, 'Insigne pourpre\nLié\nBijou\n+36 Endurance\n+45 à la résistance Arcanes', NULL, NULL);
INSERT INTO `roster_items` VALUES(12, 'Schéma : Réflectoglace gyrogivre', 'Bank Bag4', '4', 'ffffff', '18652:0:0:0:0:0:0:0', 'Interface/Icons/INV_Scroll_03', 1, 'Schéma : Réflectoglace gyrogivre\nIngénierie (260) requis\nUtiliser : Vous apprend à fabriquer un Réflectoglace gyrogivre.\n\nRéflectoglace gyrogivre\nLié quand équipé\nBijou\n+15 à la résistance Givre\nNiveau 47 requis\nIngénierie (260) requis\nUtiliser : Renvoie les sorts de Givre vers leur lanceur pendant 5 sec. Il y a un risque qu''on résiste à l''effet de l''appareil quand il est utilisé par les joueurs de niveau supérieur à 60. (5 Min de recharge)\n\nRequiert Rouage en thorium (6), Altérateur de vrai-argent (2), Saphir bleu (2), Essence de feu (4), Huile glaciale (2), Calot de glace (4)', 47, NULL);
INSERT INTO `roster_items` VALUES(29, 'Soie d''araignée toile-néant', 'Bank Bag6', '5', 'ffffff', '21881:0:0:0:0:0:0:1463216270', 'Interface/Icons/Spell_Nature_Web', 2, 'Soie d''araignée toile-néant', NULL, NULL);
INSERT INTO `roster_items` VALUES(12, 'Flèche mystérieuse', 'Bag1', '10', 'a335ee', '34581:0:0:0:0:0:0:0', 'Interface/Icons/INV_Misc_Ammo_Arrow_02', 137, 'Flèche mystérieuse\nLié\nProjectile	Flèche\nAjoute 46,5 dégâts par seconde\nNiveau 70 requis\nRequiert L''Œil pourpre - Révérée', 70, NULL);
INSERT INTO `roster_items` VALUES(12, 'Biscuit de manne invoqué', 'Bag4', '8', 'ffffff', '34062:0:0:0:0:0:0:1193067505', 'Interface/Icons/INV_Misc_Food_100', 20, 'Biscuit de manne invoqué\nObjet invoqué\nUnique (80)\nNiveau 65 requis\nUtiliser : Rend 7500 points de vie et 7200 points de mana en 30 sec. Vous devez rester assis pendant que vous mangez.', 65, NULL);
INSERT INTO `roster_items` VALUES(12, 'Clé auchenaï', 'Bag5', '16', 'ffffff', '30633:0:0:0:0:0:0:0', 'Interface/Icons/INV_Misc_Key_11', 1, 'Clé auchenaï\nLié\nUnique\nRequiert Ville basse - Honorée\n\\"Ouvre l''accès au mode héroïque pour les donjons d''Auchindoun.\\"', NULL, NULL);
INSERT INTO `roster_items` VALUES(12, 'Clé du Temps', 'Bag5', '17', 'ffffff', '30635:0:0:0:0:0:0:0', 'Interface/Icons/INV_Misc_Key_04', 1, 'Clé du Temps\nLié\nUnique\nRequiert Gardiens du Temps - Honorée\n\\"Déverrouille le mode héroïque pour les instances des Grottes du temps.\\"', NULL, NULL);
INSERT INTO `roster_items` VALUES(12, 'Clé de la prison de l''Ethereum', 'Bag5', '18', '1eff00', '29460:0:0:0:0:0:0:1822628710', 'Interface/Icons/INV_Qiraj_JewelEncased', 4, 'Clé de la prison de l''Ethereum\nUtiliser : Déverrouille les prisons de l''Ethereum.', NULL, NULL);
INSERT INTO `roster_items` VALUES(12, 'Schéma : Carabine ornée en khorium', 'Bank Bag4', '7', '0070dd', '23802:0:0:0:0:0:0:910664896', 'Interface/Icons/INV_Scroll_05', 1, 'Schéma : Carabine ornée en khorium\nIngénierie (375) requis\nUtiliser : Vous apprend à fabriquer une Carabine ornée en khorium.\n\nCarabine ornée en khorium\nLié quand équipé\nÀ distance	Arme à feu\nDégâts : 144 - 268	Vitesse 3,10\n(66,5 dégâts par seconde)\n+14 Agilité\nNiveau 70 requis\nÉquipé : Augmente de 13 le score de toucher.\n\nRequiert Tube en adamantite trempé (2), Barre de khorium (12), Poignée de boulons en gangrefer (4), Topaze noble (2)', 70, NULL);
INSERT INTO `roster_items` VALUES(12, 'Pantalon de camouflage changeant', 'Bank Bag4', '12', 'a335ee', '33527:3013:0:0:0:0:0:0', 'Interface/Icons/INV_Pants_Leather_23', 1, 'Pantalon de camouflage changeant\nLié\nJambes	Mailles\nArmure : 787\n+34 Agilité\n+45 Endurance\n+30 Intelligence\n+40 Endurance et +12 Agilité\nDurabilité 105 / 105\nNiveau 70 requis\nÉquipé : Augmente de 90 la puissance d''attaque.\nÉquipé : Vos attaques ignorent 175 points de l''armure de votre adversaire.', 70, NULL);
INSERT INTO `roster_items` VALUES(12, 'Boucle à plumes de guerre', 'equip', 'Waist', 'a335ee', '33280:0:0:0:0:0:0:0', 'Interface/Icons/INV_Belt_22', 1, 'Boucle à plumes de guerre\nLié\nTaille	Mailles\nArmure : 506\n+29 Agilité\n+36 Endurance\n+28 Intelligence\nDurabilité 50 / 50\nNiveau 70 requis\nÉquipé : Augmente de 56 la puissance d''attaque.\nÉquipé : Vos attaques ignorent 70 points de l''armure de votre adversaire.', 70, NULL);
